{"id":736275,"date":"2025-08-27T23:04:43","date_gmt":"2025-08-27T20:04:43","guid":{"rendered":"https:\/\/roveyayinevi.com.tr\/index.php\/urun\/aynanin-icinden\/"},"modified":"2026-04-16T02:44:56","modified_gmt":"2026-04-15T23:44:56","slug":"aynanin-icinden","status":"publish","type":"product","link":"https:\/\/roveyayinevi.com.tr\/index.php\/urun\/aynanin-icinden\/","title":{"rendered":"Aynan\u0131n \u0130\u00e7inden"},"content":{"rendered":"<p>Lewis Carroll 1865 y\u0131l\u0131nda kahraman\u0131 Alice\u2019i tav\u015fan deli\u011finden a\u015fa\u011f\u0131 g\u00f6nderdi\u011finde, y\u00fcz elli y\u0131l\u0131 a\u015fk\u0131n bir s\u00fcre boyunca her ya\u015ftan okuru etkisi alt\u0131na alacak, \u00fczerine tezler kaleme al\u0131nacak ve pek \u00e7ok esere ilham verecek bir maceran\u0131n da ilk ad\u0131m\u0131n\u0131 atm\u0131\u015f oldu. Harikalar Diyar\u0131\u2019ndaki yolculu\u011funda e\u015flik etti\u011fimiz Alice, 1871 y\u0131l\u0131nda yay\u0131mlanan Aynan\u0131n \u0130\u00e7inden kitab\u0131yla birlikte bu sefer bizi aynadan ge\u00e7erek ula\u015ft\u0131\u011f\u0131 diyara g\u00f6t\u00fcr\u00fcyor. Bu diyarda her \u015fey bir ayna yans\u0131mas\u0131 misali, tersten ya\u015fanmaktad\u0131r ve Alice kendini devasa bir satran\u00e7 oyununun tam ortas\u0131nda bulur. Piyonluktan krali\u00e7eli\u011fe uzanan yolculu\u011funda ona birbirinden farkl\u0131 ve gizemli karakterler e\u015flik edecek, bilmecelerle dolu \u015fiirler yolunu renklendirecektir. <\/p>\n","protected":false},"excerpt":{"rendered":"<p>Lewis Carroll 1865 y\u0131l\u0131nda kahraman\u0131 Alice\u2019i tav\u015fan deli\u011finden a\u015fa\u011f\u0131 g\u00f6nderdi\u011finde, y\u00fcz elli y\u0131l\u0131 a\u015fk\u0131n bir s\u00fcre boyunca her ya\u015ftan okuru etkisi alt\u0131na alacak, \u00fczerine tezler kaleme<span class=\"excerpt-hellip\"> [\u2026]<\/span><\/p>\n","protected":false},"featured_media":0,"template":"","meta":{"_monsterinsights_skip_tracking":false,"_monsterinsights_sitenote_active":false,"_monsterinsights_sitenote_note":"","_monsterinsights_sitenote_category":0},"product_brand":[],"product_cat":[12291,26797],"product_tag":[],"class_list":{"0":"post-736275","1":"product","2":"type-product","3":"status-publish","5":"product_cat-edebiyat","6":"product_cat-modern-klasikler","7":"pa_cilt-ciltsiz","8":"pa_tur-kitap","9":"pa_yayinevi-is-bankasi-kultur-yayinlari","10":"pa_yazar-lewis-caroll","12":"first","13":"instock","14":"sale","15":"shipping-taxable","16":"purchasable","17":"product-type-simple"},"_links":{"self":[{"href":"https:\/\/roveyayinevi.com.tr\/index.php\/wp-json\/wp\/v2\/product\/736275","targetHints":{"allow":["GET"]}}],"collection":[{"href":"https:\/\/roveyayinevi.com.tr\/index.php\/wp-json\/wp\/v2\/product"}],"about":[{"href":"https:\/\/roveyayinevi.com.tr\/index.php\/wp-json\/wp\/v2\/types\/product"}],"wp:attachment":[{"href":"https:\/\/roveyayinevi.com.tr\/index.php\/wp-json\/wp\/v2\/media?parent=736275"}],"wp:term":[{"taxonomy":"product_brand","embeddable":true,"href":"https:\/\/roveyayinevi.com.tr\/index.php\/wp-json\/wp\/v2\/product_brand?post=736275"},{"taxonomy":"product_cat","embeddable":true,"href":"https:\/\/roveyayinevi.com.tr\/index.php\/wp-json\/wp\/v2\/product_cat?post=736275"},{"taxonomy":"product_tag","embeddable":true,"href":"https:\/\/roveyayinevi.com.tr\/index.php\/wp-json\/wp\/v2\/product_tag?post=736275"}],"curies":[{"name":"wp","href":"https:\/\/api.w.org\/{rel}","templated":true}]}}