{"id":736248,"date":"2025-08-27T23:04:13","date_gmt":"2025-08-27T20:04:13","guid":{"rendered":"https:\/\/roveyayinevi.com.tr\/index.php\/urun\/ikimiz\/"},"modified":"2026-04-16T02:44:55","modified_gmt":"2026-04-15T23:44:55","slug":"ikimiz","status":"publish","type":"product","link":"https:\/\/roveyayinevi.com.tr\/index.php\/urun\/ikimiz\/","title":{"rendered":"\u0130kimiz"},"content":{"rendered":"<p>NEW YORK TIMES \u00e7oksatan listesinin bir numaras\u0131, Sen\u2019leba\u015flayan serinin merakla beklenen yeni kitab\u0131 \u0130kimiz\u2019de, muhte\u015fem Joe Goldberg soluk solu\u011fa bir a\u015fkla kar\u015f\u0131n\u0131zda! Joe Goldberg&#8217;in art\u0131k \u015fehirlerle i\u015fi bitti. \u015eimdi \u015firin bir adada do\u011faya ve basit bir hayata merhaba demek istiyor. Adan\u0131n k\u00fct\u00fcphanesinde bir i\u015f buluyor ve onunla i\u015fte burada tan\u0131\u015f\u0131yor: Mary Kay DiMarco. K\u00fct\u00fcphaneci.Joe, bu kez ona kancay\u0131 falan takmayacak. Mary Kay\u2019in kalbini t\u0131pk\u0131 eski a\u015fklarda oldu\u011fu gibi kazanacak. Bekleyecek, \u00fcmide kap\u0131lacak, bekleyecek, hayal k\u0131r\u0131kl\u0131\u011f\u0131na u\u011frayacak, bekleyecek ve sonunda&#8230;Joe hep oralarda bir yerde olacak. Joe ve Mary Kay zamanla birbirlerinin yaralar\u0131n\u0131 saracak, iyile\u015fecekler; birbirlerini \u00e7ok sevecek, sonsuza dek mutlu ya\u015fayacaklar. Sonsuza dek mi? Joe a\u015fka hep inand\u0131, inan\u0131yor ve inanacak. \u00c7\u00fcnk\u00fc biliyor ki ger\u00e7ek a\u015fk sadece onu ger\u00e7ekten ya\u015famak isteyenleri bulur. Joe ger\u00e7ek a\u015fka haz\u0131r. Peki ya Mary Kay? Muhte\u015fem Joe Goldberg\u2019in akl\u0131ndan ge\u00e7enleri okumak herzamankinden daha zevkli olacak&#8230; \u201c\u015eeytani, \u00e7ok h\u0131zl\u0131 ve \u00e7ok komik.\u201d\u2014Paula Hawkins, \u00e7oksatan Trendeki K\u0131z\u2019\u0131n yazar\u0131 &#8220;Y\u0131l\u0131n en \u00e7ok beklenen kitaplar\u0131ndan biri.&#8221;\u2014Cosmopolitan, PopSugar, Literary Hub \u201cGarip bir zevk&#8230; Serinin hayranlar\u0131 \u0130kimiz\u2019i bir solukta bitirecek.\u201d\u2014Publishers Weekly<\/p>\n","protected":false},"excerpt":{"rendered":"<p>NEW YORK TIMES \u00e7oksatan listesinin bir numaras\u0131, Sen\u2019leba\u015flayan serinin merakla beklenen yeni kitab\u0131 \u0130kimiz\u2019de, muhte\u015fem Joe Goldberg soluk solu\u011fa bir a\u015fkla kar\u015f\u0131n\u0131zda! Joe Goldberg&#8217;in art\u0131k \u015fehirlerle<span class=\"excerpt-hellip\"> [\u2026]<\/span><\/p>\n","protected":false},"featured_media":0,"template":"","meta":{"_monsterinsights_skip_tracking":false,"_monsterinsights_sitenote_active":false,"_monsterinsights_sitenote_note":"","_monsterinsights_sitenote_category":0},"product_brand":[],"product_cat":[12291,12711],"product_tag":[],"class_list":{"0":"post-736248","1":"product","2":"type-product","3":"status-publish","5":"product_cat-edebiyat","6":"product_cat-roman-oyku","7":"pa_cilt-ciltsiz","8":"pa_tur-kitap","9":"pa_yayinevi-epsilon-yayinlari","10":"pa_yazar-caroline-kepnes","12":"first","13":"instock","14":"sale","15":"shipping-taxable","16":"purchasable","17":"product-type-simple"},"_links":{"self":[{"href":"https:\/\/roveyayinevi.com.tr\/index.php\/wp-json\/wp\/v2\/product\/736248","targetHints":{"allow":["GET"]}}],"collection":[{"href":"https:\/\/roveyayinevi.com.tr\/index.php\/wp-json\/wp\/v2\/product"}],"about":[{"href":"https:\/\/roveyayinevi.com.tr\/index.php\/wp-json\/wp\/v2\/types\/product"}],"wp:attachment":[{"href":"https:\/\/roveyayinevi.com.tr\/index.php\/wp-json\/wp\/v2\/media?parent=736248"}],"wp:term":[{"taxonomy":"product_brand","embeddable":true,"href":"https:\/\/roveyayinevi.com.tr\/index.php\/wp-json\/wp\/v2\/product_brand?post=736248"},{"taxonomy":"product_cat","embeddable":true,"href":"https:\/\/roveyayinevi.com.tr\/index.php\/wp-json\/wp\/v2\/product_cat?post=736248"},{"taxonomy":"product_tag","embeddable":true,"href":"https:\/\/roveyayinevi.com.tr\/index.php\/wp-json\/wp\/v2\/product_tag?post=736248"}],"curies":[{"name":"wp","href":"https:\/\/api.w.org\/{rel}","templated":true}]}}