{"id":736241,"date":"2025-08-27T23:04:06","date_gmt":"2025-08-27T20:04:06","guid":{"rendered":"https:\/\/roveyayinevi.com.tr\/index.php\/urun\/double-cream-silivri-turkeys-yogurts-ciltli\/"},"modified":"2026-04-16T02:44:54","modified_gmt":"2026-04-15T23:44:54","slug":"double-cream-silivri-turkeys-yogurts-ciltli","status":"publish","type":"product","link":"https:\/\/roveyayinevi.com.tr\/index.php\/urun\/double-cream-silivri-turkeys-yogurts-ciltli\/","title":{"rendered":"Double Cream Silivri! Turkey&#8217;s Yogurts (Ciltli)"},"content":{"rendered":"<p>Silivri fire yogurt, Kanl\u0131ca yogurt, Trabzon k\u00fclek yogurt, Bolu ke\u015f, Kilis Y\u00f6r\u00fck yogurt, Tatar pine cone yogurt, Denizli scorched yogurt, Burdur sack yogurt, Be\u015fikd\u00fcz\u00fc yo\u011furt kesmesi, Sivas pesk\u00fctan, Kars creamy kurut, Hatay salt yogurt, Gesi dorak yogurt, Mu\u011fla k\u0131rktokmak&#8230;   Double Cream Silivri! \u2013 Turkey\u2019s Yogurts charts the journey and evolution of Turkey\u2019s national food from antiquity through to modern times: yo\u011furt is made and consumed the length and breadth of the land from Edirne to Batman, Eski\u015fehir and Gaziantep; at times an accompaniment enhancing a dish, at others, a medication curing illnesses, a soup filling stomachs or a cool, refreshing drink.   Artun \u00dcnsal and photographer Cemal Emden have travelled across Turkey to observe and photograph how these yogurts are made in many cities, towns and villages. Couple Emden\u2019s wonderful photographs with \u00dcnsal\u2019s distinctive, cordial account of facts, stories and quoted memories, the result of a vast research into hundreds of sources, and Double Cream Silivri! \u2013 Turkey\u2019s Yogurts greets us as a book deserving the pride of place in any bibliophile\u2019s bookcase, and not only those of yogurt lovers, food enthusiasts or cultural historians. <\/p>\n","protected":false},"excerpt":{"rendered":"<p>Silivri fire yogurt, Kanl\u0131ca yogurt, Trabzon k\u00fclek yogurt, Bolu ke\u015f, Kilis Y\u00f6r\u00fck yogurt, Tatar pine cone yogurt, Denizli scorched yogurt, Burdur sack yogurt, Be\u015fikd\u00fcz\u00fc yo\u011furt kesmesi,<span class=\"excerpt-hellip\"> [\u2026]<\/span><\/p>\n","protected":false},"featured_media":0,"template":"","meta":{"_monsterinsights_skip_tracking":false,"_monsterinsights_sitenote_active":false,"_monsterinsights_sitenote_note":"","_monsterinsights_sitenote_category":0},"product_brand":[],"product_cat":[12472],"product_tag":[],"class_list":{"0":"post-736241","1":"product","2":"type-product","3":"status-publish","5":"product_cat-yabanci-dilde-kitaplar","6":"pa_cilt-ciltli","7":"pa_tur-kitap","8":"pa_yayinevi-yapi-kredi-yayinlari-sanat","9":"pa_yazar-artun-unsal","11":"first","12":"instock","13":"sale","14":"shipping-taxable","15":"purchasable","16":"product-type-simple"},"_links":{"self":[{"href":"https:\/\/roveyayinevi.com.tr\/index.php\/wp-json\/wp\/v2\/product\/736241","targetHints":{"allow":["GET"]}}],"collection":[{"href":"https:\/\/roveyayinevi.com.tr\/index.php\/wp-json\/wp\/v2\/product"}],"about":[{"href":"https:\/\/roveyayinevi.com.tr\/index.php\/wp-json\/wp\/v2\/types\/product"}],"wp:attachment":[{"href":"https:\/\/roveyayinevi.com.tr\/index.php\/wp-json\/wp\/v2\/media?parent=736241"}],"wp:term":[{"taxonomy":"product_brand","embeddable":true,"href":"https:\/\/roveyayinevi.com.tr\/index.php\/wp-json\/wp\/v2\/product_brand?post=736241"},{"taxonomy":"product_cat","embeddable":true,"href":"https:\/\/roveyayinevi.com.tr\/index.php\/wp-json\/wp\/v2\/product_cat?post=736241"},{"taxonomy":"product_tag","embeddable":true,"href":"https:\/\/roveyayinevi.com.tr\/index.php\/wp-json\/wp\/v2\/product_tag?post=736241"}],"curies":[{"name":"wp","href":"https:\/\/api.w.org\/{rel}","templated":true}]}}