{"id":736235,"date":"2025-08-27T23:03:59","date_gmt":"2025-08-27T20:03:59","guid":{"rendered":"https:\/\/roveyayinevi.com.tr\/index.php\/urun\/deniz-feneri-bez-cilt\/"},"modified":"2026-04-16T02:44:54","modified_gmt":"2026-04-15T23:44:54","slug":"deniz-feneri-bez-cilt","status":"publish","type":"product","link":"https:\/\/roveyayinevi.com.tr\/index.php\/urun\/deniz-feneri-bez-cilt\/","title":{"rendered":"Deniz Feneri (Bez Cilt)"},"content":{"rendered":"<p>Sessiz sakin bir hayat s\u00fcren Ramsay ailesi, sekiz \u00e7ocuklar\u0131 ve dostlar\u0131 ile Skye adas\u0131ndaki yazl\u0131k evlerine giderler. Evin k\u00fc\u00e7\u00fck o\u011flu James ve Bayan Ramsay\u2019nin arzusu \u00fczerine kar\u015f\u0131 adadaki deniz fenerine bir gezi planlan\u0131r ancak bu ziyaret tam on y\u0131l sonra ger\u00e7ekle\u015fecektir.   Modernist ak\u0131m\u0131n en \u00f6nemli temsilcilerinden Virginia Woolf\u2019un 1927\u2019de bilin\u00e7 ak\u0131\u015f\u0131 tekni\u011fiyle yazd\u0131\u011f\u0131 ve birbirine yabanc\u0131la\u015f\u0131p yaln\u0131zla\u015fan insanlar aras\u0131ndaki ileti\u015fim sorununu kendi \u00e7ocuklu\u011fundaki ac\u0131lar ve hayal k\u0131r\u0131kl\u0131klar\u0131yla yo\u011furarak ele ald\u0131\u011f\u0131, insan bilincinin en karma\u015f\u0131k, en derin ve en keskin noktalar\u0131na dokunan bu eseri Alev Bulut\u2019un \u00f6zenli \u00e7evirisiyle sunuyoruz. <\/p>\n","protected":false},"excerpt":{"rendered":"<p>Sessiz sakin bir hayat s\u00fcren Ramsay ailesi, sekiz \u00e7ocuklar\u0131 ve dostlar\u0131 ile Skye adas\u0131ndaki yazl\u0131k evlerine giderler. Evin k\u00fc\u00e7\u00fck o\u011flu James ve Bayan Ramsay\u2019nin arzusu \u00fczerine<span class=\"excerpt-hellip\"> [\u2026]<\/span><\/p>\n","protected":false},"featured_media":0,"template":"","meta":{"_monsterinsights_skip_tracking":false,"_monsterinsights_sitenote_active":false,"_monsterinsights_sitenote_note":"","_monsterinsights_sitenote_category":0},"product_brand":[],"product_cat":[12291,13872],"product_tag":[],"class_list":{"0":"post-736235","1":"product","2":"type-product","3":"status-publish","5":"product_cat-edebiyat","6":"product_cat-klasikler","7":"pa_cilt-ciltli","8":"pa_tur-kitap","9":"pa_yayinevi-koridor-yayincilik","10":"pa_yazar-virgina-woolf","12":"first","13":"instock","14":"sale","15":"shipping-taxable","16":"purchasable","17":"product-type-simple"},"_links":{"self":[{"href":"https:\/\/roveyayinevi.com.tr\/index.php\/wp-json\/wp\/v2\/product\/736235","targetHints":{"allow":["GET"]}}],"collection":[{"href":"https:\/\/roveyayinevi.com.tr\/index.php\/wp-json\/wp\/v2\/product"}],"about":[{"href":"https:\/\/roveyayinevi.com.tr\/index.php\/wp-json\/wp\/v2\/types\/product"}],"wp:attachment":[{"href":"https:\/\/roveyayinevi.com.tr\/index.php\/wp-json\/wp\/v2\/media?parent=736235"}],"wp:term":[{"taxonomy":"product_brand","embeddable":true,"href":"https:\/\/roveyayinevi.com.tr\/index.php\/wp-json\/wp\/v2\/product_brand?post=736235"},{"taxonomy":"product_cat","embeddable":true,"href":"https:\/\/roveyayinevi.com.tr\/index.php\/wp-json\/wp\/v2\/product_cat?post=736235"},{"taxonomy":"product_tag","embeddable":true,"href":"https:\/\/roveyayinevi.com.tr\/index.php\/wp-json\/wp\/v2\/product_tag?post=736235"}],"curies":[{"name":"wp","href":"https:\/\/api.w.org\/{rel}","templated":true}]}}