{"id":736231,"date":"2025-08-27T23:03:53","date_gmt":"2025-08-27T20:03:53","guid":{"rendered":"https:\/\/roveyayinevi.com.tr\/index.php\/urun\/aforizmalarim\/"},"modified":"2026-04-16T02:44:54","modified_gmt":"2026-04-15T23:44:54","slug":"aforizmalarim","status":"publish","type":"product","link":"https:\/\/roveyayinevi.com.tr\/index.php\/urun\/aforizmalarim\/","title":{"rendered":"Aforizmalar\u0131m"},"content":{"rendered":"<p>Bir okuyup bin d\u00fc\u015f\u00fcnmek\u2026 G\u00fcn\u00fcm\u00fczde bu duyu\u015f ve duru\u015fa, bu anlay\u0131\u015f ve kavray\u0131\u015fa ne kadar da muhtac\u0131z. \u00c7ok okuyor, \u00e7ok yaz\u0131yor ama yok denecek kadar az d\u00fc\u015f\u00fcn\u00fcyoruz. \u00c7\u00fcnk\u00fc bizi d\u00fc\u015f\u00fcnmeye sevk edecek hikmet ve marifetten mahrum b\u0131rak\u0131ld\u0131k. Bizi bundan al\u0131koyan bin bir s\u00fcrat g\u00f6r\u00fcnt\u00fc medeniyetiyle kar\u015f\u0131 kar\u015f\u0131yay\u0131z. Ben aforizmay\u0131 yani \u00f6zl\u00fc s\u00f6z\u00fc, \u201cHayat, art\u0131 hikmet, art\u0131 olgunluk; e\u015fittir insan&#8230;\u201d olarak ele al\u0131yorum. \u201cHayat\u201d, \u201chikmet\u201d ve \u201colgunluk\u201d kavramlar\u0131n\u0131n ba\u015f harfleri kimyadaki H2O\u2019yu, insan\u0131n \u00f6z\u00fc olan ve bedeninin d\u00f6rtte \u00fc\u00e7\u00fcn\u00fc olu\u015fturan suyu temsil ediyor. Su, insan\u0131n madd\u00ee varl\u0131\u011f\u0131 i\u00e7in ne kadar hayat\u00ee bir \u00f6nem ta\u015f\u0131yorsa, hikmet ve marifet de manev\u00ee varl\u0131\u011f\u0131 i\u00e7in o kadar \u00f6nem arz ediyor. <\/p>\n","protected":false},"excerpt":{"rendered":"<p>Bir okuyup bin d\u00fc\u015f\u00fcnmek\u2026 G\u00fcn\u00fcm\u00fczde bu duyu\u015f ve duru\u015fa, bu anlay\u0131\u015f ve kavray\u0131\u015fa ne kadar da muhtac\u0131z. \u00c7ok okuyor, \u00e7ok yaz\u0131yor ama yok denecek kadar az<span class=\"excerpt-hellip\"> [\u2026]<\/span><\/p>\n","protected":false},"featured_media":0,"template":"","meta":{"_monsterinsights_skip_tracking":false,"_monsterinsights_sitenote_active":false,"_monsterinsights_sitenote_note":"","_monsterinsights_sitenote_category":0},"product_brand":[],"product_cat":[12777,12291],"product_tag":[],"class_list":{"0":"post-736231","1":"product","2":"type-product","3":"status-publish","5":"product_cat-deneme","6":"product_cat-edebiyat","7":"pa_cilt-ciltsiz","8":"pa_tur-kitap","9":"pa_yayinevi-cinaralti-yayinlari","10":"pa_yazar-abdulkerim-eviz","12":"first","13":"instock","14":"sale","15":"shipping-taxable","16":"purchasable","17":"product-type-simple"},"_links":{"self":[{"href":"https:\/\/roveyayinevi.com.tr\/index.php\/wp-json\/wp\/v2\/product\/736231","targetHints":{"allow":["GET"]}}],"collection":[{"href":"https:\/\/roveyayinevi.com.tr\/index.php\/wp-json\/wp\/v2\/product"}],"about":[{"href":"https:\/\/roveyayinevi.com.tr\/index.php\/wp-json\/wp\/v2\/types\/product"}],"wp:attachment":[{"href":"https:\/\/roveyayinevi.com.tr\/index.php\/wp-json\/wp\/v2\/media?parent=736231"}],"wp:term":[{"taxonomy":"product_brand","embeddable":true,"href":"https:\/\/roveyayinevi.com.tr\/index.php\/wp-json\/wp\/v2\/product_brand?post=736231"},{"taxonomy":"product_cat","embeddable":true,"href":"https:\/\/roveyayinevi.com.tr\/index.php\/wp-json\/wp\/v2\/product_cat?post=736231"},{"taxonomy":"product_tag","embeddable":true,"href":"https:\/\/roveyayinevi.com.tr\/index.php\/wp-json\/wp\/v2\/product_tag?post=736231"}],"curies":[{"name":"wp","href":"https:\/\/api.w.org\/{rel}","templated":true}]}}