{"id":736229,"date":"2025-08-27T23:03:01","date_gmt":"2025-08-27T20:03:01","guid":{"rendered":"https:\/\/roveyayinevi.com.tr\/index.php\/urun\/kumru\/"},"modified":"2026-04-16T02:44:54","modified_gmt":"2026-04-15T23:44:54","slug":"kumru","status":"publish","type":"product","link":"https:\/\/roveyayinevi.com.tr\/index.php\/urun\/kumru\/","title":{"rendered":"Kumru"},"content":{"rendered":"<p>Seni ben o g\u00fcn sevdim Bana bakt\u0131n sanki her \u015feyi anlatt\u0131n \u00c7\u0131rp\u0131n\u0131\u015f\u0131n bir kumru ku\u015fu gibi Etraf\u0131mda sen u\u00e7an ku\u015fun mutlulu\u011fu gibi Ben seni o g\u00fcn sevdim A\u011flarken g\u00f6zya\u015flar\u0131m\u0131 silen \u0130ncitmeden bana y\u00fcre\u011fini veren Kumru ku\u015fu \u00f6l\u00fcms\u00fcz sevdas\u0131 gibi Ben seni o g\u00fcn sevdim O g\u00fcn ya\u011fmur hi\u00e7 ya\u011fmad\u0131 G\u00f6ky\u00fcz\u00fc hi\u00e7 kararmad\u0131 Bana g\u00fclerken ku\u015f sesleri sen diyordu Ben seni o g\u00fcn sevdim   Bir kumru ku\u015fu gibi sev beni Be sevda Benim yan\u0131mdan ayr\u0131lma Be sevda Beni \u00f6l\u00fcms\u00fcz sev Be sevda Beni sen sev Sev be sevda <\/p>\n","protected":false},"excerpt":{"rendered":"<p>Seni ben o g\u00fcn sevdim Bana bakt\u0131n sanki her \u015feyi anlatt\u0131n \u00c7\u0131rp\u0131n\u0131\u015f\u0131n bir kumru ku\u015fu gibi Etraf\u0131mda sen u\u00e7an ku\u015fun mutlulu\u011fu gibi Ben seni o g\u00fcn<span class=\"excerpt-hellip\"> [\u2026]<\/span><\/p>\n","protected":false},"featured_media":0,"template":"","meta":{"_monsterinsights_skip_tracking":false,"_monsterinsights_sitenote_active":false,"_monsterinsights_sitenote_note":"","_monsterinsights_sitenote_category":0},"product_brand":[],"product_cat":[12291,12509],"product_tag":[],"class_list":{"0":"post-736229","1":"product","2":"type-product","3":"status-publish","5":"product_cat-edebiyat","6":"product_cat-siir","7":"pa_cilt-ciltsiz","8":"pa_tur-kitap","9":"pa_yayinevi-cinaralti-yayinlari","10":"pa_yazar-hatun-avsar","12":"first","13":"instock","14":"sale","15":"shipping-taxable","16":"purchasable","17":"product-type-simple"},"_links":{"self":[{"href":"https:\/\/roveyayinevi.com.tr\/index.php\/wp-json\/wp\/v2\/product\/736229","targetHints":{"allow":["GET"]}}],"collection":[{"href":"https:\/\/roveyayinevi.com.tr\/index.php\/wp-json\/wp\/v2\/product"}],"about":[{"href":"https:\/\/roveyayinevi.com.tr\/index.php\/wp-json\/wp\/v2\/types\/product"}],"wp:attachment":[{"href":"https:\/\/roveyayinevi.com.tr\/index.php\/wp-json\/wp\/v2\/media?parent=736229"}],"wp:term":[{"taxonomy":"product_brand","embeddable":true,"href":"https:\/\/roveyayinevi.com.tr\/index.php\/wp-json\/wp\/v2\/product_brand?post=736229"},{"taxonomy":"product_cat","embeddable":true,"href":"https:\/\/roveyayinevi.com.tr\/index.php\/wp-json\/wp\/v2\/product_cat?post=736229"},{"taxonomy":"product_tag","embeddable":true,"href":"https:\/\/roveyayinevi.com.tr\/index.php\/wp-json\/wp\/v2\/product_tag?post=736229"}],"curies":[{"name":"wp","href":"https:\/\/api.w.org\/{rel}","templated":true}]}}