{"id":736218,"date":"2025-08-27T23:02:47","date_gmt":"2025-08-27T20:02:47","guid":{"rendered":"https:\/\/roveyayinevi.com.tr\/index.php\/urun\/cozulme\/"},"modified":"2026-04-03T02:51:23","modified_gmt":"2026-04-02T23:51:23","slug":"cozulme","status":"publish","type":"product","link":"https:\/\/roveyayinevi.com.tr\/index.php\/urun\/cozulme\/","title":{"rendered":"\u00c7\u00f6z\u00fclme"},"content":{"rendered":"<p>\u201cEN KUSURSUZ C\u0130NAYET \u00c7ARES\u0130Z B\u0130R\u0130NE SIRT \u00c7EV\u0130RMEKLE \u0130\u015eLEN\u0130R.\u201d Halktan gelen t\u00fcm itirazlara ra\u011fmen \u00fclkenin en g\u00fczel arazileri du\u0308nyan\u0131n en h\u0131zl\u0131 bu\u0308yu\u0308yen \u015firketlerinden biri olan KRAYON\u0130K\u2019e sat\u0131lm\u0131\u015ft\u0131. Ne kendisini a\u011fa\u00e7lara zincirleyen aktivistler ne de ruhunu hen\u00fcz \u015feytana satmam\u0131\u015f siyaset\u00e7iler 10 futbol sahas\u0131 bu\u0308yu\u0308klu\u0308\u011fu\u0308nde du\u0308nyan\u0131n en bu\u0308yu\u0308k yeralt\u0131 deposunun kurulmas\u0131n\u0131 engelleyebildi. Yerin u\u0308stu\u0308nde, \u0130stanbul\u2019un en bu\u0308yu\u0308k g\u00f6kdelenine sahip olan KRAYON\u0130K, art\u0131k yerin alt\u0131na da h\u00e2kim olmak istiyordu. KRAYON\u0130K, zaman\u0131 durdurup kendini gelece\u011fe aktarmak isteyen \u201czengin zu\u0308ppelerin\u201d hayallerini ger\u00e7ekle\u015ftirme arac\u0131 oldu\u011fu kadar, dermans\u0131z hastal\u0131klarla bo\u011fu\u015fan insanlar\u0131n da son s\u0131\u011f\u0131na\u011f\u0131yd\u0131. En az\u0131ndan paras\u0131 yetenlerin&#8230; Fakat umudu zaman\u0131n s\u0131rt\u0131na y\u00fckleyenler, y\u0131llar sonra hi\u00e7 beklemedikleri bir sonla kar\u015f\u0131 kar\u015f\u0131ya kalacaklar\u0131ndan bihaberdi: Belki de zaman her \u015feyin ilac\u0131 de\u011fildi. <\/p>\n","protected":false},"excerpt":{"rendered":"<p>\u201cEN KUSURSUZ C\u0130NAYET \u00c7ARES\u0130Z B\u0130R\u0130NE SIRT \u00c7EV\u0130RMEKLE \u0130\u015eLEN\u0130R.\u201d Halktan gelen t\u00fcm itirazlara ra\u011fmen \u00fclkenin en g\u00fczel arazileri du\u0308nyan\u0131n en h\u0131zl\u0131 bu\u0308yu\u0308yen \u015firketlerinden biri olan KRAYON\u0130K\u2019e sat\u0131lm\u0131\u015ft\u0131.<span class=\"excerpt-hellip\"> [\u2026]<\/span><\/p>\n","protected":false},"featured_media":0,"template":"","meta":{"_monsterinsights_skip_tracking":false,"_monsterinsights_sitenote_active":false,"_monsterinsights_sitenote_note":"","_monsterinsights_sitenote_category":0},"product_brand":[],"product_cat":[12291,12711],"product_tag":[],"class_list":{"0":"post-736218","1":"product","2":"type-product","3":"status-publish","5":"product_cat-edebiyat","6":"product_cat-roman-oyku","7":"pa_cilt-ciltsiz","8":"pa_tur-kitap","9":"pa_yayinevi-destek-yayinlari","10":"pa_yazar-tevfik-uyar","12":"first","13":"instock","14":"sale","15":"shipping-taxable","16":"purchasable","17":"product-type-simple"},"_links":{"self":[{"href":"https:\/\/roveyayinevi.com.tr\/index.php\/wp-json\/wp\/v2\/product\/736218","targetHints":{"allow":["GET"]}}],"collection":[{"href":"https:\/\/roveyayinevi.com.tr\/index.php\/wp-json\/wp\/v2\/product"}],"about":[{"href":"https:\/\/roveyayinevi.com.tr\/index.php\/wp-json\/wp\/v2\/types\/product"}],"wp:attachment":[{"href":"https:\/\/roveyayinevi.com.tr\/index.php\/wp-json\/wp\/v2\/media?parent=736218"}],"wp:term":[{"taxonomy":"product_brand","embeddable":true,"href":"https:\/\/roveyayinevi.com.tr\/index.php\/wp-json\/wp\/v2\/product_brand?post=736218"},{"taxonomy":"product_cat","embeddable":true,"href":"https:\/\/roveyayinevi.com.tr\/index.php\/wp-json\/wp\/v2\/product_cat?post=736218"},{"taxonomy":"product_tag","embeddable":true,"href":"https:\/\/roveyayinevi.com.tr\/index.php\/wp-json\/wp\/v2\/product_tag?post=736218"}],"curies":[{"name":"wp","href":"https:\/\/api.w.org\/{rel}","templated":true}]}}