{"id":736217,"date":"2025-08-27T23:02:47","date_gmt":"2025-08-27T20:02:47","guid":{"rendered":"https:\/\/roveyayinevi.com.tr\/index.php\/urun\/her-insan-bir-bestedir\/"},"modified":"2026-04-16T02:44:53","modified_gmt":"2026-04-15T23:44:53","slug":"her-insan-bir-bestedir","status":"publish","type":"product","link":"https:\/\/roveyayinevi.com.tr\/index.php\/urun\/her-insan-bir-bestedir\/","title":{"rendered":"Her \u0130nsan Bir Bestedir"},"content":{"rendered":"<p>DO\u011eANIN NEFES\u0130 SEST\u0130R&#8230;   Etraf\u0131m\u0131zda her \u015fey her an titre\u015fiyor. Sesi duyup duymamaktan ba\u011f\u0131ms\u0131z olarak s\u00fcreklilik g\u00f6steren bir SES var hayat\u0131m\u0131zda. Bu SES daimidir ve evreni de olu\u015fturand\u0131r. Do\u011fan\u0131n nefesi sestir. \u0130\u00e7imizdeki atomlar da sesle titre\u015fir. Ses, yap\u0131c\u0131 da olabilir y\u0131k\u0131c\u0131 da&#8230;   \u2022 E\u015fyalar\u0131n sesi var m\u0131d\u0131r? \u2022 Dost e\u015fyalar ve d\u00fc\u015fman e\u015fyalar olabilir mi? \u2022 B\u00fcy\u00fck kaya par\u00e7alar\u0131 ses vas\u0131tas\u0131yla havaya kald\u0131r\u0131labilir mi? \u2022 \u0130bn-i Sina sese neden \u00f6nem veriyordu? \u2022 Kelimelerin g\u00fcc\u00fc nedir? \u2022 Suyun haf\u0131zas\u0131 nas\u0131l \u00e7al\u0131\u015f\u0131r?   T\u00fcm bu konular birbiriyle organik bir ba\u011f olu\u015fturur. Kitab\u0131 okuduktan sonra etraf\u0131n\u0131zdaki seslere daha fazla dikkat ediyor olacaks\u0131n\u0131z. Size olumlu veya olumsuz etki eden sesleri ay\u0131rt ederek se\u00e7iminizi huzurlu ve dingin olma y\u00f6n\u00fcnde yapabileceksiniz. Sa\u011fl\u0131kl\u0131 bir beden i\u00e7in sa\u011fl\u0131kl\u0131 bir ruha sahip olmak gerekir. Hayat\u0131 dinlemenin, her insan\u0131n olu\u015fturdu\u011fu besteyi dinlemenin ve kendimizi dinlemenin zaman\u0131 geldi. <\/p>\n","protected":false},"excerpt":{"rendered":"<p>DO\u011eANIN NEFES\u0130 SEST\u0130R&#8230; Etraf\u0131m\u0131zda her \u015fey her an titre\u015fiyor. Sesi duyup duymamaktan ba\u011f\u0131ms\u0131z olarak s\u00fcreklilik g\u00f6steren bir SES var hayat\u0131m\u0131zda. Bu SES daimidir ve evreni de<span class=\"excerpt-hellip\"> [\u2026]<\/span><\/p>\n","protected":false},"featured_media":0,"template":"","meta":{"_monsterinsights_skip_tracking":false,"_monsterinsights_sitenote_active":false,"_monsterinsights_sitenote_note":"","_monsterinsights_sitenote_category":0},"product_brand":[],"product_cat":[14787,13488],"product_tag":[],"class_list":{"0":"post-736217","1":"product","2":"type-product","3":"status-publish","5":"product_cat-diger-toplum-ve-insan","6":"product_cat-toplum-ve-insan","7":"pa_cilt-ciltsiz","8":"pa_tur-kitap","9":"pa_yayinevi-destek-yayinlari","10":"pa_yazar-anjelika-akbar","12":"first","13":"instock","14":"sale","15":"shipping-taxable","16":"purchasable","17":"product-type-simple"},"_links":{"self":[{"href":"https:\/\/roveyayinevi.com.tr\/index.php\/wp-json\/wp\/v2\/product\/736217","targetHints":{"allow":["GET"]}}],"collection":[{"href":"https:\/\/roveyayinevi.com.tr\/index.php\/wp-json\/wp\/v2\/product"}],"about":[{"href":"https:\/\/roveyayinevi.com.tr\/index.php\/wp-json\/wp\/v2\/types\/product"}],"wp:attachment":[{"href":"https:\/\/roveyayinevi.com.tr\/index.php\/wp-json\/wp\/v2\/media?parent=736217"}],"wp:term":[{"taxonomy":"product_brand","embeddable":true,"href":"https:\/\/roveyayinevi.com.tr\/index.php\/wp-json\/wp\/v2\/product_brand?post=736217"},{"taxonomy":"product_cat","embeddable":true,"href":"https:\/\/roveyayinevi.com.tr\/index.php\/wp-json\/wp\/v2\/product_cat?post=736217"},{"taxonomy":"product_tag","embeddable":true,"href":"https:\/\/roveyayinevi.com.tr\/index.php\/wp-json\/wp\/v2\/product_tag?post=736217"}],"curies":[{"name":"wp","href":"https:\/\/api.w.org\/{rel}","templated":true}]}}