{"id":736212,"date":"2025-08-27T23:02:41","date_gmt":"2025-08-27T20:02:41","guid":{"rendered":"https:\/\/roveyayinevi.com.tr\/index.php\/urun\/anneannemin-kirmizi-saati\/"},"modified":"2026-04-16T02:44:53","modified_gmt":"2026-04-15T23:44:53","slug":"anneannemin-kirmizi-saati","status":"publish","type":"product","link":"https:\/\/roveyayinevi.com.tr\/index.php\/urun\/anneannemin-kirmizi-saati\/","title":{"rendered":"Anneannemin K\u0131rm\u0131z\u0131 Saati"},"content":{"rendered":"<p>Badem en \u00e7ok cumartesi g\u00fcnlerini severdi. \u00c7\u00fcnk\u00fc o g\u00fcnleri tamamen anneannesiyle birlikte \u201chazine odas\u0131\u201d ad\u0131n\u0131 verdi\u011fi tavan aras\u0131nda ge\u00e7irirdi. Badem, anneannesine ait eski e\u015fyalarla dolu bu odada, onun tatl\u0131 sesinden an\u0131lar\u0131n\u0131 dinlemeye bay\u0131l\u0131rd\u0131. Bir g\u00fcn a\u00e7t\u0131\u011f\u0131 bir kutunun i\u00e7inde k\u0131rm\u0131z\u0131, parlak bir saat dikkatini \u00e7ekti. O saatin anneannesinin \u00e7ocuklu\u011fundan kald\u0131\u011f\u0131n\u0131 \u00f6\u011frenince ise b\u00fcy\u00fck \u015fa\u015fk\u0131nl\u0131k ya\u015fad\u0131. Nas\u0131l yani, anneanneler de mi bir zamanlar \u00e7ocuktu? Acaba eskiden \u00e7ocuk olmak nas\u0131l bir \u015feydi? Sevilen yazar\u0131m\u0131z Dicle Keskino\u011flu\u2019nun yazd\u0131\u011f\u0131, \u015eebnem Ayd\u0131n\u2019\u0131n \u015fahane \u00e7izimleriyle hayat verdi\u011fi Badem ve anneannesinin bu tatl\u0131 hik\u00e2yesi, farkl\u0131 nesillerde \u00e7ocuk olmu\u015f kalpleri birbirine yak\u0131nla\u015ft\u0131racak\u2026 <\/p>\n","protected":false},"excerpt":{"rendered":"<p>Badem en \u00e7ok cumartesi g\u00fcnlerini severdi. \u00c7\u00fcnk\u00fc o g\u00fcnleri tamamen anneannesiyle birlikte \u201chazine odas\u0131\u201d ad\u0131n\u0131 verdi\u011fi tavan aras\u0131nda ge\u00e7irirdi. Badem, anneannesine ait eski e\u015fyalarla dolu bu<span class=\"excerpt-hellip\"> [\u2026]<\/span><\/p>\n","protected":false},"featured_media":0,"template":"","meta":{"_monsterinsights_skip_tracking":false,"_monsterinsights_sitenote_active":false,"_monsterinsights_sitenote_note":"","_monsterinsights_sitenote_category":0},"product_brand":[],"product_cat":[12274,12284],"product_tag":[],"class_list":{"0":"post-736212","1":"product","2":"type-product","3":"status-publish","5":"product_cat-cocuk-ve-genclik-kitaplari","6":"product_cat-hikayeler","7":"pa_cilt-ciltsiz","8":"pa_tur-kitap","9":"pa_yayinevi-ithaki-yayinlari","10":"pa_yazar-dicle-keskinoglu","12":"first","13":"instock","14":"sale","15":"shipping-taxable","16":"purchasable","17":"product-type-simple"},"_links":{"self":[{"href":"https:\/\/roveyayinevi.com.tr\/index.php\/wp-json\/wp\/v2\/product\/736212","targetHints":{"allow":["GET"]}}],"collection":[{"href":"https:\/\/roveyayinevi.com.tr\/index.php\/wp-json\/wp\/v2\/product"}],"about":[{"href":"https:\/\/roveyayinevi.com.tr\/index.php\/wp-json\/wp\/v2\/types\/product"}],"wp:attachment":[{"href":"https:\/\/roveyayinevi.com.tr\/index.php\/wp-json\/wp\/v2\/media?parent=736212"}],"wp:term":[{"taxonomy":"product_brand","embeddable":true,"href":"https:\/\/roveyayinevi.com.tr\/index.php\/wp-json\/wp\/v2\/product_brand?post=736212"},{"taxonomy":"product_cat","embeddable":true,"href":"https:\/\/roveyayinevi.com.tr\/index.php\/wp-json\/wp\/v2\/product_cat?post=736212"},{"taxonomy":"product_tag","embeddable":true,"href":"https:\/\/roveyayinevi.com.tr\/index.php\/wp-json\/wp\/v2\/product_tag?post=736212"}],"curies":[{"name":"wp","href":"https:\/\/api.w.org\/{rel}","templated":true}]}}