{"id":736199,"date":"2025-08-27T23:02:28","date_gmt":"2025-08-27T20:02:28","guid":{"rendered":"https:\/\/roveyayinevi.com.tr\/index.php\/urun\/gorklu-kelimeler-ormani\/"},"modified":"2026-04-16T02:44:52","modified_gmt":"2026-04-15T23:44:52","slug":"gorklu-kelimeler-ormani","status":"publish","type":"product","link":"https:\/\/roveyayinevi.com.tr\/index.php\/urun\/gorklu-kelimeler-ormani\/","title":{"rendered":"G\u00f6rkl\u00fc Kelimeler Orman\u0131"},"content":{"rendered":"<p>Ormana kuru odun par\u00e7alar\u0131 toplamaya giden Yunus, kendi aralar\u0131nda konu\u0219an hayvanlar ve a\u011fa\u00e7lardan duydu\u011fu kelimelerin pe\u0219ine d\u00fc\u0219t\u00fc. \u00c7\u00fcnk\u00fc \u00e7ok e\u011flenceliydi. \u00d6nce g\u00f6rk kelimesinin anlam\u0131n\u0131 \u00f6\u011frendi. Ard\u0131ndan \u0131\u0219k,  dem, u\u00e7mak&#8230;   Ceylanlar, atlar, a\u011fa\u00e7lar&#8230; Her biri, bir kelime \u00f6\u011fretti.Yunus, hepsini g\u00f6n\u00fcl heybesine doldurup annesiyle payla\u0219t\u0131. Bu kitapta yer alan Yunus Emre&#8217;nin  yolculu\u011fu i\u00e7inizi \u0131s\u0131tacak ve kula\u011f\u0131n\u0131za g\u00f6rkl\u00fc kelimeler f\u0131s\u0131ldayacak.<\/p>\n","protected":false},"excerpt":{"rendered":"<p>Ormana kuru odun par\u00e7alar\u0131 toplamaya giden Yunus, kendi aralar\u0131nda konu\u0219an hayvanlar ve a\u011fa\u00e7lardan duydu\u011fu kelimelerin pe\u0219ine d\u00fc\u0219t\u00fc. \u00c7\u00fcnk\u00fc \u00e7ok e\u011flenceliydi. \u00d6nce g\u00f6rk kelimesinin anlam\u0131n\u0131 \u00f6\u011frendi. Ard\u0131ndan<span class=\"excerpt-hellip\"> [\u2026]<\/span><\/p>\n","protected":false},"featured_media":0,"template":"","meta":{"_monsterinsights_skip_tracking":false,"_monsterinsights_sitenote_active":false,"_monsterinsights_sitenote_note":"","_monsterinsights_sitenote_category":0},"product_brand":[],"product_cat":[12275,12274],"product_tag":[],"class_list":{"0":"post-736199","1":"product","2":"type-product","3":"status-publish","5":"product_cat-6-12-yas-kitaplari","6":"product_cat-cocuk-ve-genclik-kitaplari","7":"pa_cilt-ciltsiz","8":"pa_tur-kitap","9":"pa_yayinevi-otuken-nesriyat","10":"pa_yazar-halil-ibrahim-izgi","12":"first","13":"instock","14":"sale","15":"shipping-taxable","16":"purchasable","17":"product-type-simple"},"_links":{"self":[{"href":"https:\/\/roveyayinevi.com.tr\/index.php\/wp-json\/wp\/v2\/product\/736199","targetHints":{"allow":["GET"]}}],"collection":[{"href":"https:\/\/roveyayinevi.com.tr\/index.php\/wp-json\/wp\/v2\/product"}],"about":[{"href":"https:\/\/roveyayinevi.com.tr\/index.php\/wp-json\/wp\/v2\/types\/product"}],"wp:attachment":[{"href":"https:\/\/roveyayinevi.com.tr\/index.php\/wp-json\/wp\/v2\/media?parent=736199"}],"wp:term":[{"taxonomy":"product_brand","embeddable":true,"href":"https:\/\/roveyayinevi.com.tr\/index.php\/wp-json\/wp\/v2\/product_brand?post=736199"},{"taxonomy":"product_cat","embeddable":true,"href":"https:\/\/roveyayinevi.com.tr\/index.php\/wp-json\/wp\/v2\/product_cat?post=736199"},{"taxonomy":"product_tag","embeddable":true,"href":"https:\/\/roveyayinevi.com.tr\/index.php\/wp-json\/wp\/v2\/product_tag?post=736199"}],"curies":[{"name":"wp","href":"https:\/\/api.w.org\/{rel}","templated":true}]}}