{"id":736196,"date":"2025-08-27T23:02:26","date_gmt":"2025-08-27T20:02:26","guid":{"rendered":"https:\/\/roveyayinevi.com.tr\/index.php\/urun\/renklerin-aski\/"},"modified":"2026-04-16T02:44:52","modified_gmt":"2026-04-15T23:44:52","slug":"renklerin-aski","status":"publish","type":"product","link":"https:\/\/roveyayinevi.com.tr\/index.php\/urun\/renklerin-aski\/","title":{"rendered":"Renklerin A\u015fk\u0131"},"content":{"rendered":"<p>Renklerin iyile\u015ftirici etkisi oldu\u011funu bilmeyen yoktur. Hele bu renkler kullanmay\u0131 en sevdiklerinizse&#8230; Yediden yetmi\u015fe her ya\u015f i\u00e7in uygun olan boyama kitab\u0131m\u0131z sevdi\u011finiz renkleri kullanman\u0131z i\u00e7in size f\u0131rsat sunuyor. Kitab\u0131 a\u00e7t\u0131\u011f\u0131n\u0131zda karma\u015f\u0131k desenler, birbirine ge\u00e7mi\u015f modellerle kar\u015f\u0131la\u015facaks\u0131n\u0131z. Sak\u0131n korkmay\u0131n! G\u00fcnl\u00fck hayattaki karma\u015fadan uzakla\u015fman\u0131z\u0131 sa\u011flayacak olan bu kitapla i\u00e7inizdeki ressam ortaya \u00e7\u0131kacak. Kesinlikle m\u00fcptelas\u0131 olaca\u011f\u0131n\u0131z bu boyama kitab\u0131 sizleri d\u00fcnyadan soyutlayacak. Bir an \u00f6nce i\u015flerimi bitireyim de ba\u015f\u0131na oturay\u0131m diye vakit kollayacaks\u0131n\u0131z. Kural yok, s\u0131n\u0131rland\u0131rma yok tamam\u0131yla \u00f6zg\u00fcr olaca\u011f\u0131n\u0131z bu kitaplar\u0131 istedi\u011finiz yere de ta\u015f\u0131yabilirsiniz. Bu y\u00fczden \u00e7ok pratik bir hobi. \u0130htiyac\u0131n\u0131z olan \u015feyler boya kalemleri ve \u201cRenklerin A\u015fk\u0131&#8221; Duydu\u011fumuza g\u00f6re insanlar hangi deseni hangi renk ile boyasam diye r\u00fcyalar g\u00f6r\u00fcyormu\u015f. Sak\u0131n ha kendinizi fazla kapt\u0131rmay\u0131n. Ba\u015flay\u0131nca b\u0131rakmak zor oluyor.\u0130yi e\u011flenceler, iyi boyamalar.<\/p>\n","protected":false},"excerpt":{"rendered":"<p>Renklerin iyile\u015ftirici etkisi oldu\u011funu bilmeyen yoktur. Hele bu renkler kullanmay\u0131 en sevdiklerinizse&#8230; Yediden yetmi\u015fe her ya\u015f i\u00e7in uygun olan boyama kitab\u0131m\u0131z sevdi\u011finiz renkleri kullanman\u0131z i\u00e7in size<span class=\"excerpt-hellip\"> [\u2026]<\/span><\/p>\n","protected":false},"featured_media":0,"template":"","meta":{"_monsterinsights_skip_tracking":false,"_monsterinsights_sitenote_active":false,"_monsterinsights_sitenote_note":"","_monsterinsights_sitenote_category":0},"product_brand":[],"product_cat":[38511,15563],"product_tag":[],"class_list":{"0":"post-736196","1":"product","2":"type-product","3":"status-publish","5":"product_cat-buyukler-icin-boyama-mandala","6":"product_cat-hobi","7":"pa_cilt-ciltsiz","8":"pa_tur-kitap","9":"pa_yayinevi-ema-kitap","10":"pa_yazar-ema-kitap-kolektif","12":"first","13":"instock","14":"sale","15":"shipping-taxable","16":"purchasable","17":"product-type-simple"},"_links":{"self":[{"href":"https:\/\/roveyayinevi.com.tr\/index.php\/wp-json\/wp\/v2\/product\/736196","targetHints":{"allow":["GET"]}}],"collection":[{"href":"https:\/\/roveyayinevi.com.tr\/index.php\/wp-json\/wp\/v2\/product"}],"about":[{"href":"https:\/\/roveyayinevi.com.tr\/index.php\/wp-json\/wp\/v2\/types\/product"}],"wp:attachment":[{"href":"https:\/\/roveyayinevi.com.tr\/index.php\/wp-json\/wp\/v2\/media?parent=736196"}],"wp:term":[{"taxonomy":"product_brand","embeddable":true,"href":"https:\/\/roveyayinevi.com.tr\/index.php\/wp-json\/wp\/v2\/product_brand?post=736196"},{"taxonomy":"product_cat","embeddable":true,"href":"https:\/\/roveyayinevi.com.tr\/index.php\/wp-json\/wp\/v2\/product_cat?post=736196"},{"taxonomy":"product_tag","embeddable":true,"href":"https:\/\/roveyayinevi.com.tr\/index.php\/wp-json\/wp\/v2\/product_tag?post=736196"}],"curies":[{"name":"wp","href":"https:\/\/api.w.org\/{rel}","templated":true}]}}