{"id":736181,"date":"2025-08-27T23:02:11","date_gmt":"2025-08-27T20:02:11","guid":{"rendered":"https:\/\/roveyayinevi.com.tr\/index.php\/urun\/muhasebe-alaninda-yasanan-gelismelere-bilimsel-yaklasimlar\/"},"modified":"2026-04-16T02:44:52","modified_gmt":"2026-04-15T23:44:52","slug":"muhasebe-alaninda-yasanan-gelismelere-bilimsel-yaklasimlar","status":"publish","type":"product","link":"https:\/\/roveyayinevi.com.tr\/index.php\/urun\/muhasebe-alaninda-yasanan-gelismelere-bilimsel-yaklasimlar\/","title":{"rendered":"Muhasebe Alan\u0131nda Ya\u015fanan Geli\u015fmelere Bilimsel Yakla\u015f\u0131mlar"},"content":{"rendered":"<p>1.      B\u00d6L\u00dcM \u2013 T\u00fcrkiye\u2019de Riskin Erken Saptanmas\u0131 Komitesinin Etkinli\u011fi: B\u0130ST Kurumsal Y\u00f6netim \u015eirketleri \u00dczerine Nitel Bir Ara\u015ft\u0131rma 2.      B\u00d6L\u00dcM \u2013 Muhasebe Manip\u00fclasyonlar\u0131n\u0131n Logit Model ile Tespit Edilmesi: B\u0130ST\u2019te \u0130\u015flem G\u00f6ren \u0130malat Sekt\u00f6r\u00fc \u0130\u015fletmeleri \u00dczerinde Bir Uygulama 3.      B\u00d6L\u00dcM \u2013 Sermaye \u015eirketlerinde Borca Bat\u0131kl\u0131k, Borca Bat\u0131kl\u0131k Nedeniyle Konkordato \u0130lan Edilmesi: Borca Bat\u0131kl\u0131k Durumunun Konkordato Kurumuna Etkileri ve Sonu\u00e7lar\u0131 \u00dczerine Bir Uygulama 4.      B\u00d6L\u00dcM \u2013 \u0130\u015fletmelerde Hile ve Yolsuzluklar\u0131n Engellenmesinde Kurumsal Y\u00f6netimin Rol\u00fc: Bir Ara\u015ft\u0131rma 5.      B\u00d6L\u00dcM \u2013 Ba\u011f\u0131ms\u0131z Denetim Raporunda Kilit Denetim Konular\u0131: Kimya \u0130la\u00e7 Petrol Lastik ve Plastik \u00dcr\u00fcnler Sekt\u00f6r\u00fc \u00dczerine Bir Ara\u015ft\u0131rma . 6.      B\u00d6L\u00dcM \u2013 Veri Zarflama Analizinin M\u00fc\u015fteri K\u00e2rl\u0131l\u0131klar\u0131n\u0131n Belirlenmesinde Kullan\u0131lmas\u0131: Bir \u00dcretim \u0130\u015fletmesi \u00d6rne\u011fi 7.      B\u00d6L\u00dcM \u2013 Otel \u0130\u015fletmelerinde \u0130\u00e7 Kontrol Sistemi Nas\u0131l Olmal\u0131? Karadeniz B\u00f6lgesinde Be\u015f Y\u0131ld\u0131zl\u0131 Bir Otel \u00d6rne\u011fi 8.      B\u00d6L\u00dcM \u2013 \u00c7a\u011fda\u015f Maliyet Y\u00f6ntemlerinden Zamana Dayal\u0131 Faaliyet Tabanl\u0131 Maliyetleme 9.      B\u00d6L\u00dcM \u2013 Muhasebede B\u00fcy\u00fck Veri, Veri Analiz Uygulamalar\u0131 ve Veri G\u00f6rselle\u015ftirme 10.  B\u00d6L\u00dcM \u2013 Mevcut D\u00fczenlemeler \u00c7er\u00e7evesinde Kripto Varl\u0131klar\u0131n Finansal Raporlama Sorunlar 11.  B\u00d6L\u00dcM \u2013 End\u00fcstri 4.0 D\u00f6neminde \u0130\u015fletme Varl\u0131klar\u0131n\u0131n Uluslararas\u0131 Finansal Raporlama Standartlar\u0131na G\u00f6re De\u011ferlemesi 12.   B\u00d6L\u00dcM \u2013 Dijitalle\u015fme S\u00fcrecinde Muhasebe Mesle\u011finin D\u00f6n\u00fc\u015f\u00fcm\u00fcnde Yapay Zek\u00e2, Blockchain, XBRL ve Bulut Bili\u015fim Teknolojilerinin Etkisi 13.  B\u00d6L\u00dcM \u2013 BDS 701 Kapsam\u0131nda Ba\u011f\u0131ms\u0131z Denetim Raporlar\u0131nda Yer Alan Kilit Denetim Konular\u0131n\u0131n Tespiti ve Analizi: Finans Sekt\u00f6r\u00fcnde Bir Ara\u015ft\u0131rma 14.  B\u00d6L\u00dcM \u2013 MSUGT\/VUK, TMS\/TFRS, BOB\u0130 FRS VE K\u00dcM\u0130 FRS Tasla\u011f\u0131 Kapsam\u0131nda Maddi Duran Varl\u0131klar\u0131n \u0130ncelenmesi 15.  B\u00d6L\u00dcM \u2013 TFRS-15 Kapsam\u0131nda Fikri-S\u0131nai M\u00fclkiyetin Lisanslamas\u0131 ve \u00d6rnek Vaka \u0130ncelemeler <\/p>\n","protected":false},"excerpt":{"rendered":"<p>1. B\u00d6L\u00dcM \u2013 T\u00fcrkiye\u2019de Riskin Erken Saptanmas\u0131 Komitesinin Etkinli\u011fi: B\u0130ST Kurumsal Y\u00f6netim \u015eirketleri \u00dczerine Nitel Bir Ara\u015ft\u0131rma 2. B\u00d6L\u00dcM \u2013 Muhasebe Manip\u00fclasyonlar\u0131n\u0131n Logit Model ile Tespit<span class=\"excerpt-hellip\"> [\u2026]<\/span><\/p>\n","protected":false},"featured_media":0,"template":"","meta":{"_monsterinsights_skip_tracking":false,"_monsterinsights_sitenote_active":false,"_monsterinsights_sitenote_note":"","_monsterinsights_sitenote_category":0},"product_brand":[],"product_cat":[13043,14381],"product_tag":[],"class_list":{"0":"post-736181","1":"product","2":"type-product","3":"status-publish","5":"product_cat-ekonomi","6":"product_cat-isletme-muhasebe-maliye","7":"pa_cilt-ciltsiz","8":"pa_tur-kitap","9":"pa_yayinevi-gazi-kitabevi","10":"pa_yazar-sahin-karabulut","12":"first","13":"instock","14":"sale","15":"shipping-taxable","16":"purchasable","17":"product-type-simple"},"_links":{"self":[{"href":"https:\/\/roveyayinevi.com.tr\/index.php\/wp-json\/wp\/v2\/product\/736181","targetHints":{"allow":["GET"]}}],"collection":[{"href":"https:\/\/roveyayinevi.com.tr\/index.php\/wp-json\/wp\/v2\/product"}],"about":[{"href":"https:\/\/roveyayinevi.com.tr\/index.php\/wp-json\/wp\/v2\/types\/product"}],"wp:attachment":[{"href":"https:\/\/roveyayinevi.com.tr\/index.php\/wp-json\/wp\/v2\/media?parent=736181"}],"wp:term":[{"taxonomy":"product_brand","embeddable":true,"href":"https:\/\/roveyayinevi.com.tr\/index.php\/wp-json\/wp\/v2\/product_brand?post=736181"},{"taxonomy":"product_cat","embeddable":true,"href":"https:\/\/roveyayinevi.com.tr\/index.php\/wp-json\/wp\/v2\/product_cat?post=736181"},{"taxonomy":"product_tag","embeddable":true,"href":"https:\/\/roveyayinevi.com.tr\/index.php\/wp-json\/wp\/v2\/product_tag?post=736181"}],"curies":[{"name":"wp","href":"https:\/\/api.w.org\/{rel}","templated":true}]}}