{"id":736133,"date":"2025-08-27T23:01:25","date_gmt":"2025-08-27T20:01:25","guid":{"rendered":"https:\/\/roveyayinevi.com.tr\/index.php\/urun\/orion-ciltli\/"},"modified":"2026-04-16T02:44:49","modified_gmt":"2026-04-15T23:44:49","slug":"orion-ciltli","status":"publish","type":"product","link":"https:\/\/roveyayinevi.com.tr\/index.php\/urun\/orion-ciltli\/","title":{"rendered":"Orion (Ciltli)"},"content":{"rendered":"<p>Ya sava\u015flar\u0131, a\u00e7l\u0131\u011f\u0131, isyanlar\u0131 ve cinayetleri durdurman\u0131n bir yolu olsayd\u0131? D\u00fc\u015f\u00fcnsene, ya insan \u0131rk\u0131n\u0131 t\u00fcketen insan\u0131n kendisi de\u011fil de ya\u015fad\u0131\u011f\u0131 gezegense?Bir, iki, \u00fc\u00e7\u2026Korku salmay\u0131 biz se\u00e7medik. Hat\u0131rla unutuldu\u011fumuzu.Do\u011frusu \u00e7irkin, simsiyah, gaddar v\u00fccutlar\u0131m\u0131zdankorkman da bizim su\u00e7umuz de\u011fil.S\u00f6ylesene, hanginiz bizi buraya hapsetti?Yoksa sesimizi duymamak m\u0131 seni bu denli \u00fcrk\u00fcten?Kar\u015f\u0131m\u0131zda ellerin titreyecek, g\u00f6zlerin ya\u011fmurla dolacak gibi oluyor.D\u00f6rt, be\u015f, alt\u0131\u2026 Ka\u00e7 bizden, ko\u015f!Ac\u0131yla b\u00fckt\u00fc\u011f\u00fcn dudaklar\u0131n\u0131 g\u00f6rmemize izin verme.\u00d6n\u00fcnde \u00e7ar\u015faf gibi serilmi\u015f o denize git.Deniz senin evin olacak.Gir i\u00e7ine, ok\u015fas\u0131n ipek sa\u00e7lar\u0131n\u0131.Nefessiz kal; yutsun sular s\u0131rlar\u0131n\u0131.Tek g\u00f6rebildi\u011fin karanl\u0131k.Soruyorum sana:Kayan y\u0131ld\u0131zlarla dolu bir karanl\u0131kta g\u00f6ky\u00fcz\u00fcndeya\u015famay\u0131 s\u00fcrd\u00fcrebilir misin?Denizinde bo\u011fulmak i\u00e7in yarat\u0131lm\u0131\u015fsan sularakar\u015f\u0131 koymaya de\u011fer mi?Yedi, sekiz, dokuz\u2026Birilerini unutacaks\u0131n; ne kadar ko\u015farsan ko\u015f ka\u00e7amazs\u0131n.I\u015f\u0131klar\u0131 yakt\u0131\u011f\u0131nda karanl\u0131\u011f\u0131n yok olaca\u011f\u0131n\u0131 varsayamazs\u0131n.Gezegenini korumak m\u0131 istiyorsun?Sen kurtulamayacaks\u0131n.On.Zaman\u0131n doldu.Ne yap et, sak\u0131n unutulma.Yoksa bana kavu\u015facaks\u0131n.<\/p>\n","protected":false},"excerpt":{"rendered":"<p>Ya sava\u015flar\u0131, a\u00e7l\u0131\u011f\u0131, isyanlar\u0131 ve cinayetleri durdurman\u0131n bir yolu olsayd\u0131? D\u00fc\u015f\u00fcnsene, ya insan \u0131rk\u0131n\u0131 t\u00fcketen insan\u0131n kendisi de\u011fil de ya\u015fad\u0131\u011f\u0131 gezegense?Bir, iki, \u00fc\u00e7\u2026Korku salmay\u0131 biz se\u00e7medik.<span class=\"excerpt-hellip\"> [\u2026]<\/span><\/p>\n","protected":false},"featured_media":0,"template":"","meta":{"_monsterinsights_skip_tracking":false,"_monsterinsights_sitenote_active":false,"_monsterinsights_sitenote_note":"","_monsterinsights_sitenote_category":0},"product_brand":[],"product_cat":[12540,12291],"product_tag":[],"class_list":{"0":"post-736133","1":"product","2":"type-product","3":"status-publish","5":"product_cat-bilim-kurgu","6":"product_cat-edebiyat","7":"pa_cilt-ciltli","8":"pa_tur-kitap","9":"pa_yayinevi-marti-yayinlari","10":"pa_yazar-almina-taner","12":"first","13":"instock","14":"sale","15":"shipping-taxable","16":"purchasable","17":"product-type-simple"},"_links":{"self":[{"href":"https:\/\/roveyayinevi.com.tr\/index.php\/wp-json\/wp\/v2\/product\/736133","targetHints":{"allow":["GET"]}}],"collection":[{"href":"https:\/\/roveyayinevi.com.tr\/index.php\/wp-json\/wp\/v2\/product"}],"about":[{"href":"https:\/\/roveyayinevi.com.tr\/index.php\/wp-json\/wp\/v2\/types\/product"}],"wp:attachment":[{"href":"https:\/\/roveyayinevi.com.tr\/index.php\/wp-json\/wp\/v2\/media?parent=736133"}],"wp:term":[{"taxonomy":"product_brand","embeddable":true,"href":"https:\/\/roveyayinevi.com.tr\/index.php\/wp-json\/wp\/v2\/product_brand?post=736133"},{"taxonomy":"product_cat","embeddable":true,"href":"https:\/\/roveyayinevi.com.tr\/index.php\/wp-json\/wp\/v2\/product_cat?post=736133"},{"taxonomy":"product_tag","embeddable":true,"href":"https:\/\/roveyayinevi.com.tr\/index.php\/wp-json\/wp\/v2\/product_tag?post=736133"}],"curies":[{"name":"wp","href":"https:\/\/api.w.org\/{rel}","templated":true}]}}