{"id":736111,"date":"2025-08-27T23:01:04","date_gmt":"2025-08-27T20:01:04","guid":{"rendered":"https:\/\/roveyayinevi.com.tr\/index.php\/urun\/muallime\/"},"modified":"2026-04-16T02:44:48","modified_gmt":"2026-04-15T23:44:48","slug":"muallime","status":"publish","type":"product","link":"https:\/\/roveyayinevi.com.tr\/index.php\/urun\/muallime\/","title":{"rendered":"Muallime"},"content":{"rendered":"<p>\u201cG\u00fclmek, hatta a\u011flamak bile Behbude\u2019ye yara\u015f\u0131yordu. Behbude g\u00fclerken solgun ve mahzun simas\u0131 bahar g\u00fclleri gibi kesb-i let\u00e2fet ediyor; a\u011flarken g\u00fczel kirpiklerine as\u0131lan katar\u00e2t-\u0131 elem-n\u00fcm\u00fbn [elem g\u00f6steren damlalar] hazin hazin damlar, renksiz yanaklar\u0131n\u0131 istila eden bir pembelik, h\u00fcsn\u00fcn\u00fcn nek\u0101isinden [g\u00fczelli\u011finin eksikliklerinden] birini ikm\u00e2l etti\u011fi i\u00e7in sima g\u00fczellenir, ara s\u0131ra atfetti\u011fi nig\u00e2hlar [bak\u0131\u015flar], kar\u015f\u0131s\u0131ndakileri ga\u015fyedecek [mest edecek] derecede letafetnis\u00e2r [g\u00fczellik sa\u00e7\u0131c\u0131] oldu\u011fundan art\u0131k ve\u00e7hinde \u00e7irkinlikten eser kalmay\u0131p g\u00fczel, hem de pek g\u00fczel say\u0131l\u0131rd\u0131\u2026\u201d\u00dcnl\u00fc tarih\u00e7i Ahmet Cevdet Pa\u015fa\u2019n\u0131n k\u0131z\u0131 olan Emine Semiye Han\u0131m (1864-1944), ablas\u0131 Fatma Aliye gibi, 21. y\u00fczy\u0131lda yeniden ke\u015ffediliyor ve y\u00fcz y\u0131l\u0131 a\u015fk\u0131n bir unutulu\u015fun ard\u0131ndan edebiyat ve tarih sahnesinde hak etti\u011fi yeri edinmeye ba\u015fl\u0131yor. Vak\u0131fBank K\u00fclt\u00fcr Yay\u0131nlar\u0131\u2019n\u0131n Emine Semiye K\u00fclliyat\u0131\u2019na yazar\u0131n 1899-1901 y\u0131llar\u0131 aras\u0131nda Han\u0131mlara Mahsus Gazete\u2019de tefrika edilmeye ba\u015flay\u0131p, ard\u0131ndan ayn\u0131 gazetenin Han\u0131m K\u0131zlara Mahsus ekinde tefrikas\u0131na devam edilen roman\u0131 Muallime\u2019yle ikinci kitab\u0131 ekliyoruz. D\u00f6nemin \u00e7alkant\u0131l\u0131 siyasal ve toplumsal atmosferini karma\u015f\u0131k olay \u00f6rg\u00fcs\u00fc, sarmal zaman kullan\u0131m\u0131 ve kalabal\u0131k karakter kadrosuyla okura anlatan roman, e\u011fitim ve kad\u0131n haklar\u0131 ili\u015fkisini, g\u00fc\u00e7l\u00fc bir kad\u0131n karakter olan Behbude (Muallime) \u00fczerinden aktar\u0131yor. A\u015fk ve evlilik \u00fczerine reformistten \u00f6te devrimci denebilecek bak\u0131\u015f a\u00e7\u0131s\u0131n\u0131n yan\u0131 s\u0131ra son Osmanl\u0131\u2019n\u0131n y\u0131k\u0131lan konak hayat\u0131n\u0131n da ustal\u0131kla i\u015flendi\u011fi Muallime, sadece edebiyat okurlar\u0131n\u0131n de\u011fil, Osmanl\u0131 Ayd\u0131nlanmas\u0131n\u0131n toplumsal ve siyasal y\u00f6nlerini kad\u0131n hareketi \u00fczerinden anlamak isteyen b\u00fct\u00fcn ara\u015ft\u0131rmac\u0131lar ve tarihseverlerin ilgisini bekliyor. <\/p>\n","protected":false},"excerpt":{"rendered":"<p>\u201cG\u00fclmek, hatta a\u011flamak bile Behbude\u2019ye yara\u015f\u0131yordu. Behbude g\u00fclerken solgun ve mahzun simas\u0131 bahar g\u00fclleri gibi kesb-i let\u00e2fet ediyor; a\u011flarken g\u00fczel kirpiklerine as\u0131lan katar\u00e2t-\u0131 elem-n\u00fcm\u00fbn [elem g\u00f6steren<span class=\"excerpt-hellip\"> [\u2026]<\/span><\/p>\n","protected":false},"featured_media":0,"template":"","meta":{"_monsterinsights_skip_tracking":false,"_monsterinsights_sitenote_active":false,"_monsterinsights_sitenote_note":"","_monsterinsights_sitenote_category":0},"product_brand":[],"product_cat":[12291,12711],"product_tag":[],"class_list":{"0":"post-736111","1":"product","2":"type-product","3":"status-publish","5":"product_cat-edebiyat","6":"product_cat-roman-oyku","7":"pa_cilt-ciltsiz","8":"pa_tur-kitap","9":"pa_yayinevi-vakifbank-kultur-yayinlari","10":"pa_yazar-emine-semiye-hanim","12":"first","13":"instock","14":"sale","15":"shipping-taxable","16":"purchasable","17":"product-type-simple"},"_links":{"self":[{"href":"https:\/\/roveyayinevi.com.tr\/index.php\/wp-json\/wp\/v2\/product\/736111","targetHints":{"allow":["GET"]}}],"collection":[{"href":"https:\/\/roveyayinevi.com.tr\/index.php\/wp-json\/wp\/v2\/product"}],"about":[{"href":"https:\/\/roveyayinevi.com.tr\/index.php\/wp-json\/wp\/v2\/types\/product"}],"wp:attachment":[{"href":"https:\/\/roveyayinevi.com.tr\/index.php\/wp-json\/wp\/v2\/media?parent=736111"}],"wp:term":[{"taxonomy":"product_brand","embeddable":true,"href":"https:\/\/roveyayinevi.com.tr\/index.php\/wp-json\/wp\/v2\/product_brand?post=736111"},{"taxonomy":"product_cat","embeddable":true,"href":"https:\/\/roveyayinevi.com.tr\/index.php\/wp-json\/wp\/v2\/product_cat?post=736111"},{"taxonomy":"product_tag","embeddable":true,"href":"https:\/\/roveyayinevi.com.tr\/index.php\/wp-json\/wp\/v2\/product_tag?post=736111"}],"curies":[{"name":"wp","href":"https:\/\/api.w.org\/{rel}","templated":true}]}}