{"id":736102,"date":"2025-08-27T23:00:54","date_gmt":"2025-08-27T20:00:54","guid":{"rendered":"https:\/\/roveyayinevi.com.tr\/index.php\/urun\/bir-yol-bulunur\/"},"modified":"2025-11-21T07:27:15","modified_gmt":"2025-11-21T04:27:15","slug":"bir-yol-bulunur","status":"publish","type":"product","link":"https:\/\/roveyayinevi.com.tr\/index.php\/urun\/bir-yol-bulunur\/","title":{"rendered":"Bir Yol Bulunur"},"content":{"rendered":"<p>Her d\u00f6nem s\u00f6ylenir ama g\u00fcn\u00fcm\u00fczde \u00e7ok daha h\u0131zl\u0131 bir \u015fekilde insani \u00f6zelliklerimiz azalmaktad\u0131r. Yazar, belki de asker olmas\u0131 nedeniyle daha fazla etkilenmi\u015ftir bu durumdan. \u0130nsani \u00f6zelliklerimizin kaybolmamas\u0131 ad\u0131na \u00e7orbada kendi tuzunun da olmas\u0131 i\u00e7in bu s\u0131cac\u0131k kitab\u0131 bizlere sunmu\u015ftur.Dostluk, adalet, merhamet gibi bir\u00e7ok konuda anlat\u0131m\u0131n\u0131, atas\u00f6zleri, k\u0131ssadan hisse \u00f6yk\u00fcler ve deyimlerle s\u00fcsleyerek ruhumuza baz\u0131 \u015feyleri hat\u0131rlatacak s\u0131cac\u0131k bir kitaba imza atm\u0131\u015ft\u0131r yazar\u0131m\u0131z.Kitab\u0131n t\u00fcm gelirini SMA \u00e7ocuklar\u0131na destek i\u00e7in kullanmaktad\u0131r.<\/p>\n","protected":false},"excerpt":{"rendered":"<p>Her d\u00f6nem s\u00f6ylenir ama g\u00fcn\u00fcm\u00fczde \u00e7ok daha h\u0131zl\u0131 bir \u015fekilde insani \u00f6zelliklerimiz azalmaktad\u0131r. Yazar, belki de asker olmas\u0131 nedeniyle daha fazla etkilenmi\u015ftir bu durumdan. \u0130nsani \u00f6zelliklerimizin<span class=\"excerpt-hellip\"> [\u2026]<\/span><\/p>\n","protected":false},"featured_media":0,"template":"","meta":{"_monsterinsights_skip_tracking":false,"_monsterinsights_sitenote_active":false,"_monsterinsights_sitenote_note":"","_monsterinsights_sitenote_category":0},"product_brand":[],"product_cat":[27157,12291],"product_tag":[],"class_list":{"0":"post-736102","1":"product","2":"type-product","3":"status-publish","5":"product_cat-derleme","6":"product_cat-edebiyat","7":"pa_cilt-ciltsiz","8":"pa_tur-kitap","9":"pa_yayinevi-fa-yayinlari","10":"pa_yazar-m-n-c","12":"first","13":"instock","14":"sale","15":"shipping-taxable","16":"purchasable","17":"product-type-simple"},"_links":{"self":[{"href":"https:\/\/roveyayinevi.com.tr\/index.php\/wp-json\/wp\/v2\/product\/736102","targetHints":{"allow":["GET"]}}],"collection":[{"href":"https:\/\/roveyayinevi.com.tr\/index.php\/wp-json\/wp\/v2\/product"}],"about":[{"href":"https:\/\/roveyayinevi.com.tr\/index.php\/wp-json\/wp\/v2\/types\/product"}],"wp:attachment":[{"href":"https:\/\/roveyayinevi.com.tr\/index.php\/wp-json\/wp\/v2\/media?parent=736102"}],"wp:term":[{"taxonomy":"product_brand","embeddable":true,"href":"https:\/\/roveyayinevi.com.tr\/index.php\/wp-json\/wp\/v2\/product_brand?post=736102"},{"taxonomy":"product_cat","embeddable":true,"href":"https:\/\/roveyayinevi.com.tr\/index.php\/wp-json\/wp\/v2\/product_cat?post=736102"},{"taxonomy":"product_tag","embeddable":true,"href":"https:\/\/roveyayinevi.com.tr\/index.php\/wp-json\/wp\/v2\/product_tag?post=736102"}],"curies":[{"name":"wp","href":"https:\/\/api.w.org\/{rel}","templated":true}]}}