{"id":736099,"date":"2025-08-27T23:00:50","date_gmt":"2025-08-27T20:00:50","guid":{"rendered":"https:\/\/roveyayinevi.com.tr\/index.php\/urun\/yakin-sahitlik\/"},"modified":"2026-04-16T02:44:48","modified_gmt":"2026-04-15T23:44:48","slug":"yakin-sahitlik","status":"publish","type":"product","link":"https:\/\/roveyayinevi.com.tr\/index.php\/urun\/yakin-sahitlik\/","title":{"rendered":"Yak\u0131n \u015eahitlik"},"content":{"rendered":"<p>\u015eair \u0130brahim Tenekeci\u2019nin deneme yaz\u0131lar\u0131ndan olu\u015fan Yak\u0131n \u015eahitlik Muhit Kitap\u2019ta okuyucuyu selaml\u0131yor.Sade bir anlat\u0131m\u0131n derinlikle bulu\u015ftu\u011fu Yak\u0131n \u015eahitlik, ya\u015fam\u0131n ola\u011fan h\u0131z\u0131nda \u2018k\u00fc\u00e7\u00fck bir ayr\u0131nt\u0131\u2019 olarak kar\u015f\u0131m\u0131za \u00e7\u0131k\u0131yor.D\u00fcnyan\u0131n eksi\u011fi, insan\u0131n iste\u011fi bitmez. \u0130htiya\u00e7 ile ihtiras aras\u0131ndaki mesafe uzun gibi g\u00f6r\u00fcnse de bir anda k\u0131salabilir.<\/p>\n","protected":false},"excerpt":{"rendered":"<p>\u015eair \u0130brahim Tenekeci\u2019nin deneme yaz\u0131lar\u0131ndan olu\u015fan Yak\u0131n \u015eahitlik Muhit Kitap\u2019ta okuyucuyu selaml\u0131yor.Sade bir anlat\u0131m\u0131n derinlikle bulu\u015ftu\u011fu Yak\u0131n \u015eahitlik, ya\u015fam\u0131n ola\u011fan h\u0131z\u0131nda \u2018k\u00fc\u00e7\u00fck bir ayr\u0131nt\u0131\u2019 olarak kar\u015f\u0131m\u0131za<span class=\"excerpt-hellip\"> [\u2026]<\/span><\/p>\n","protected":false},"featured_media":0,"template":"","meta":{"_monsterinsights_skip_tracking":false,"_monsterinsights_sitenote_active":false,"_monsterinsights_sitenote_note":"","_monsterinsights_sitenote_category":0},"product_brand":[],"product_cat":[12777,12291],"product_tag":[],"class_list":{"0":"post-736099","1":"product","2":"type-product","3":"status-publish","5":"product_cat-deneme","6":"product_cat-edebiyat","7":"pa_cilt-ciltsiz","8":"pa_tur-kitap","9":"pa_yayinevi-muhit-kitap","10":"pa_yazar-ibrahim-tenekeci","12":"first","13":"instock","14":"sale","15":"shipping-taxable","16":"purchasable","17":"product-type-simple"},"_links":{"self":[{"href":"https:\/\/roveyayinevi.com.tr\/index.php\/wp-json\/wp\/v2\/product\/736099","targetHints":{"allow":["GET"]}}],"collection":[{"href":"https:\/\/roveyayinevi.com.tr\/index.php\/wp-json\/wp\/v2\/product"}],"about":[{"href":"https:\/\/roveyayinevi.com.tr\/index.php\/wp-json\/wp\/v2\/types\/product"}],"wp:attachment":[{"href":"https:\/\/roveyayinevi.com.tr\/index.php\/wp-json\/wp\/v2\/media?parent=736099"}],"wp:term":[{"taxonomy":"product_brand","embeddable":true,"href":"https:\/\/roveyayinevi.com.tr\/index.php\/wp-json\/wp\/v2\/product_brand?post=736099"},{"taxonomy":"product_cat","embeddable":true,"href":"https:\/\/roveyayinevi.com.tr\/index.php\/wp-json\/wp\/v2\/product_cat?post=736099"},{"taxonomy":"product_tag","embeddable":true,"href":"https:\/\/roveyayinevi.com.tr\/index.php\/wp-json\/wp\/v2\/product_tag?post=736099"}],"curies":[{"name":"wp","href":"https:\/\/api.w.org\/{rel}","templated":true}]}}