{"id":736098,"date":"2025-08-27T23:00:49","date_gmt":"2025-08-27T20:00:49","guid":{"rendered":"https:\/\/roveyayinevi.com.tr\/index.php\/urun\/turkun-mektebi-turku-mektebi\/"},"modified":"2026-04-16T02:44:48","modified_gmt":"2026-04-15T23:44:48","slug":"turkun-mektebi-turku-mektebi","status":"publish","type":"product","link":"https:\/\/roveyayinevi.com.tr\/index.php\/urun\/turkun-mektebi-turku-mektebi\/","title":{"rendered":"T\u00fcrk&#8217;\u00fcn Mektebi T\u00fcrk\u00fc Mektebi"},"content":{"rendered":"<p>T\u00fcrk\u2019\u00fcn Mektebi T\u00fcrk\u00fc MektebiEzgi ve s\u00f6z\u00fcn birlikte hayat verdi\u011fi t\u00fcrk\u00fcler, milletimizin tarih i\u00e7indeki duygular\u0131n\u0131 y\u00fckledi\u011fi bir ar\u015fiv niteli\u011findedir. De\u011fil mi ki m\u00fczik ruhun g\u0131das\u0131d\u0131r, bizi besleyen en \u00f6nemli kaynaklardan biri de t\u00fcrk\u00fclerdir. Bunlar\u0131 dinleyerek, s\u00f6yleyerek \u015fekillenir kimli\u011fimiz. T\u00fcrk\u00fcler millet korosudur; bir \u00fcst dilin, bir mutabakat\u0131n ad\u0131d\u0131r. T\u00fcrk&#8217;\u00fcn mektebi, t\u00fcrk\u00fc mektebidir. \u201cMill\u00ee birli\u011fimiz ba\u011flaman\u0131n telleri aras\u0131ndad\u0131r\u201d diyen Muzaffer Sar\u0131s\u00f6zen, t\u00fcrk\u00fclerin bu y\u00f6n\u00fcne dikkat \u00e7eker.Dil, ortaya \u00e7\u0131k\u0131\u015f\u0131 ve sistemati\u011fi bak\u0131m\u0131ndan nas\u0131l gizemli, metafizik bir \u00f6zellik ta\u015f\u0131rsa, t\u00fcrk\u00fc ile simgele\u015ftirilen m\u00fczi\u011fimiz de t\u0131pk\u0131 \u00f6yledir. Bizleri, bir tespihin ipine dizer gibi T\u00fcrk\u00e7enin etraf\u0131nda toplayan g\u00fc\u00e7, ayn\u0131 zamanda t\u00fcrk\u00fclerin de etraf\u0131nda toplam\u0131\u015ft\u0131r. Biz bu T\u00fcrk\u00e7enin ve bu t\u00fcrk\u00fclerin \u00e7ocuklar\u0131y\u0131z. \u201cBirlikte t\u00fcrk\u00fc s\u00f6yleyebildiklerim benim milliyetimdendir.\u201d diyen Nevzat K\u00f6so\u011flu, t\u00fcrk\u00fclerin millet hayat\u0131ndaki bu \u00f6nemli i\u015flevine i\u015faret etmektedir.T\u00fcrk\u00fcler hakk\u0131nda alan\u0131n uzman\u0131 bilim adamlar\u0131 \u00e7ok de\u011ferli akademik \u00e7al\u0131\u015fmalar yap\u0131yorlar. T\u00fcrk\u00fclere kafa yoran her \u00e7al\u0131\u015fma de\u011ferlidir. Elbette onlar hakk\u0131nda bol dipnotlu, referansl\u0131 akademik \u00e7al\u0131\u015fmalar devam edecek. Etmeli de. Bunlar, daha \u00e7ok \u00fcniversite ve entelekt\u00fcel \u00e7evrelere hitap ediyorlar. Bir de yeni nesillerin ilgisini \u00e7ekecek, onlara t\u00fcrk\u00fclerdeki gizli g\u00fczellikleri g\u00f6sterecek deneme yaz\u0131lar\u0131na ihtiya\u00e7 var.Milletimizin k\u00fclt\u00fcr kodlar\u0131n\u0131 i\u00e7inde bar\u0131nd\u0131ran t\u00fcrk\u00fcler, hem ezgisiyle hem de s\u00f6yledikleriyle bug\u00fcn de g\u00f6n\u00fcllerimizi beslemeye devam ediyorlar. \u0130\u00e7lerinde \u015fa\u015f\u0131rt\u0131c\u0131 g\u00fczellikte \u00f6zg\u00fcn \u015fiir p\u0131r\u0131lt\u0131lar\u0131 bulundu\u011fu gibi, k\u00fclt\u00fcr tarihimizin eski hat\u0131ralar\u0131n\u0131 yans\u0131tanlar\u0131 da bulunmaktad\u0131r.T\u00fcrk\u00fclerin zengin d\u00fcnyas\u0131na ad\u0131m atacak gen\u00e7 \u015fair, yazar ve m\u00fczisyenlerin, onlardan beslenerek yepyeni eserler vermeleri beklenir.Elinizdeki \u00e7al\u0131\u015fma, daha \u00e7ok bu amaca hizmet etmek iddias\u0131ndad\u0131r. Ele ald\u0131\u011f\u0131 konularla ilgili b\u00fct\u00fcn \u00f6rnekleri bir araya getiren bir malzeme y\u0131\u011f\u0131n\u0131 yerine, \u00f6zg\u00fcn \u00f6rnekler etraf\u0131nda yaz\u0131lm\u0131\u015f k\u0131sa denemelerden olu\u015fan bir kitap.<\/p>\n","protected":false},"excerpt":{"rendered":"<p>T\u00fcrk\u2019\u00fcn Mektebi T\u00fcrk\u00fc MektebiEzgi ve s\u00f6z\u00fcn birlikte hayat verdi\u011fi t\u00fcrk\u00fcler, milletimizin tarih i\u00e7indeki duygular\u0131n\u0131 y\u00fckledi\u011fi bir ar\u015fiv niteli\u011findedir. De\u011fil mi ki m\u00fczik ruhun g\u0131das\u0131d\u0131r, bizi besleyen<span class=\"excerpt-hellip\"> [\u2026]<\/span><\/p>\n","protected":false},"featured_media":0,"template":"","meta":{"_monsterinsights_skip_tracking":false,"_monsterinsights_sitenote_active":false,"_monsterinsights_sitenote_note":"","_monsterinsights_sitenote_category":0},"product_brand":[],"product_cat":[12777,12291],"product_tag":[],"class_list":{"0":"post-736098","1":"product","2":"type-product","3":"status-publish","5":"product_cat-deneme","6":"product_cat-edebiyat","7":"pa_cilt-ciltsiz","8":"pa_tur-kitap","9":"pa_yayinevi-muhit-kitap","10":"pa_yazar-cemal-kurnaz","12":"first","13":"instock","14":"sale","15":"shipping-taxable","16":"purchasable","17":"product-type-simple"},"_links":{"self":[{"href":"https:\/\/roveyayinevi.com.tr\/index.php\/wp-json\/wp\/v2\/product\/736098","targetHints":{"allow":["GET"]}}],"collection":[{"href":"https:\/\/roveyayinevi.com.tr\/index.php\/wp-json\/wp\/v2\/product"}],"about":[{"href":"https:\/\/roveyayinevi.com.tr\/index.php\/wp-json\/wp\/v2\/types\/product"}],"wp:attachment":[{"href":"https:\/\/roveyayinevi.com.tr\/index.php\/wp-json\/wp\/v2\/media?parent=736098"}],"wp:term":[{"taxonomy":"product_brand","embeddable":true,"href":"https:\/\/roveyayinevi.com.tr\/index.php\/wp-json\/wp\/v2\/product_brand?post=736098"},{"taxonomy":"product_cat","embeddable":true,"href":"https:\/\/roveyayinevi.com.tr\/index.php\/wp-json\/wp\/v2\/product_cat?post=736098"},{"taxonomy":"product_tag","embeddable":true,"href":"https:\/\/roveyayinevi.com.tr\/index.php\/wp-json\/wp\/v2\/product_tag?post=736098"}],"curies":[{"name":"wp","href":"https:\/\/api.w.org\/{rel}","templated":true}]}}