{"id":736095,"date":"2025-08-27T23:00:45","date_gmt":"2025-08-27T20:00:45","guid":{"rendered":"https:\/\/roveyayinevi.com.tr\/index.php\/urun\/kendilik-cesareti\/"},"modified":"2026-04-16T02:44:47","modified_gmt":"2026-04-15T23:44:47","slug":"kendilik-cesareti","status":"publish","type":"product","link":"https:\/\/roveyayinevi.com.tr\/index.php\/urun\/kendilik-cesareti\/","title":{"rendered":"Kendilik Cesareti"},"content":{"rendered":"<p>Yaz\u0131lar\u0131n\u0131 \u0130tibar, Sabit Fikir ve Muhit gibi dergilerden takip etti\u011fimiz Zeynep Merdan\u2019\u0131n ilk eseri Muhit Kitap\u2019tan \u00e7\u0131kt\u0131. Yazar\u0131n \u201ckendilik cesareti\u201d \u00fczerine devinen i\u00e7 m\u00fclahazalar\u0131n\u0131 ak\u0131c\u0131 bir \u015fekilde sundu\u011fu kitap, okuru da sorular\u0131n\u0131n cevaplar\u0131n\u0131 bulmaya davet ediyor.Kendilik Cesareti; felsefenin ve edebiyat\u0131n kar\u015f\u0131la\u015ft\u0131\u011f\u0131 bir g\u00fczerg\u00e2hta, kendisinin pe\u015fine tak\u0131lanlara kendince bir yol i\u015faret ediyor.<\/p>\n","protected":false},"excerpt":{"rendered":"<p>Yaz\u0131lar\u0131n\u0131 \u0130tibar, Sabit Fikir ve Muhit gibi dergilerden takip etti\u011fimiz Zeynep Merdan\u2019\u0131n ilk eseri Muhit Kitap\u2019tan \u00e7\u0131kt\u0131. Yazar\u0131n \u201ckendilik cesareti\u201d \u00fczerine devinen i\u00e7 m\u00fclahazalar\u0131n\u0131 ak\u0131c\u0131 bir<span class=\"excerpt-hellip\"> [\u2026]<\/span><\/p>\n","protected":false},"featured_media":0,"template":"","meta":{"_monsterinsights_skip_tracking":false,"_monsterinsights_sitenote_active":false,"_monsterinsights_sitenote_note":"","_monsterinsights_sitenote_category":0},"product_brand":[],"product_cat":[12777,12291],"product_tag":[],"class_list":{"0":"post-736095","1":"product","2":"type-product","3":"status-publish","5":"product_cat-deneme","6":"product_cat-edebiyat","7":"pa_cilt-ciltsiz","8":"pa_tur-kitap","9":"pa_yayinevi-muhit-kitap","10":"pa_yazar-zeynep-merdan","12":"first","13":"instock","14":"sale","15":"shipping-taxable","16":"purchasable","17":"product-type-simple"},"_links":{"self":[{"href":"https:\/\/roveyayinevi.com.tr\/index.php\/wp-json\/wp\/v2\/product\/736095","targetHints":{"allow":["GET"]}}],"collection":[{"href":"https:\/\/roveyayinevi.com.tr\/index.php\/wp-json\/wp\/v2\/product"}],"about":[{"href":"https:\/\/roveyayinevi.com.tr\/index.php\/wp-json\/wp\/v2\/types\/product"}],"wp:attachment":[{"href":"https:\/\/roveyayinevi.com.tr\/index.php\/wp-json\/wp\/v2\/media?parent=736095"}],"wp:term":[{"taxonomy":"product_brand","embeddable":true,"href":"https:\/\/roveyayinevi.com.tr\/index.php\/wp-json\/wp\/v2\/product_brand?post=736095"},{"taxonomy":"product_cat","embeddable":true,"href":"https:\/\/roveyayinevi.com.tr\/index.php\/wp-json\/wp\/v2\/product_cat?post=736095"},{"taxonomy":"product_tag","embeddable":true,"href":"https:\/\/roveyayinevi.com.tr\/index.php\/wp-json\/wp\/v2\/product_tag?post=736095"}],"curies":[{"name":"wp","href":"https:\/\/api.w.org\/{rel}","templated":true}]}}