{"id":736078,"date":"2025-08-27T23:00:26","date_gmt":"2025-08-27T20:00:26","guid":{"rendered":"https:\/\/roveyayinevi.com.tr\/index.php\/urun\/sagim-solum-sobe\/"},"modified":"2026-04-16T02:44:47","modified_gmt":"2026-04-15T23:44:47","slug":"sagim-solum-sobe","status":"publish","type":"product","link":"https:\/\/roveyayinevi.com.tr\/index.php\/urun\/sagim-solum-sobe\/","title":{"rendered":"Sa\u011f\u0131m Solum Sobe"},"content":{"rendered":"<p>Sa\u011f-Sol y\u00f6n kavramlar\u0131 soyut kavramlar oldu\u011fu i\u00e7in \u00e7ocuklar\u0131m bu kavramlar\u0131 \u00f6\u011frenmeleri \u00e7ok kolay olmayabilir. \u00c7o\u011funlukla okul \u00f6ncesi d\u00f6nemde (5\/6 ya\u015f) bu kavramlar \u00f6\u011fretilmeye \u00e7al\u0131\u015f\u0131l\u0131r. Ancak \u00e7ocuklar\u0131n k\u0131sa s\u00fcrede bu kavramlar\u0131 \u00f6\u011frenmeleri zordur.Sa\u011f-Sol ayr\u0131m\u0131n\u0131 yapabilmek ; g\u00f6rsel bilgi, haf\u0131za yetene\u011fi, duyusal bilgi ve dil becerisi gibi karma\u015f\u0131k bili\u015fsel s\u00fcre\u00e7lerin birlikteli\u011fi ile kazan\u0131labilir.Yine bu d\u00f6nemde \u00e7ocuklar\u0131m\u0131z\u0131n sesleri ve rakamlar\u0131 \u00f6\u011frenmeye ba\u015flad\u0131klar\u0131 d\u00f6nemdir. Sa\u011f-Sol ayr\u0131m\u0131n\u0131 oturtamayan \u00e7ocuklar\u0131m\u0131zda kimi sesleri ( b-d ) ve rakamlar\u0131 ( 6-9 ) kar\u0131\u015ft\u0131rd\u0131klar\u0131 g\u00f6r\u00fclebilir.\u201c Sa\u011f\u0131m Solum Sobe \u201c kitab\u0131 anaokulu, ilkokul ve \u00f6zel e\u011fitim s\u00fcrecinde olan \u00e7ocuklar\u0131m\u0131z\u0131n bu kavramlar\u0131 i\u00e7selle\u015ftirebilmesi i\u00e7in sistematik \u015fekilde haz\u0131rlanm\u0131\u015ft\u0131r. \u00c7ocuklar\u0131m\u0131z\u0131n bu kavramlar\u0131 zihinlerinde oturtabilmeleri i\u00e7in somutla\u015ft\u0131rmalar\u0131n\u0131 kolayla\u015ft\u0131racak egzersizler i\u00e7ermektedir.\u00d6\u011fretmenlerimiz \u00e7ocuklar\u0131m\u0131za bu kavramlar\u0131 \u00f6\u011fretirken \u201cSa\u011f\u0131m Solum Sobe\u201d kitab\u0131ndan maksimum seviyede yararlanaca\u011f\u0131n\u0131 ve akademik \u00f6\u011frenmelere ciddi katk\u0131 sa\u011flayacak.<\/p>\n","protected":false},"excerpt":{"rendered":"<p>Sa\u011f-Sol y\u00f6n kavramlar\u0131 soyut kavramlar oldu\u011fu i\u00e7in \u00e7ocuklar\u0131m bu kavramlar\u0131 \u00f6\u011frenmeleri \u00e7ok kolay olmayabilir. \u00c7o\u011funlukla okul \u00f6ncesi d\u00f6nemde (5\/6 ya\u015f) bu kavramlar \u00f6\u011fretilmeye \u00e7al\u0131\u015f\u0131l\u0131r. Ancak \u00e7ocuklar\u0131n<span class=\"excerpt-hellip\"> [\u2026]<\/span><\/p>\n","protected":false},"featured_media":0,"template":"","meta":{"_monsterinsights_skip_tracking":false,"_monsterinsights_sitenote_active":false,"_monsterinsights_sitenote_note":"","_monsterinsights_sitenote_category":0},"product_brand":[],"product_cat":[12274,24599],"product_tag":[],"class_list":{"0":"post-736078","1":"product","2":"type-product","3":"status-publish","5":"product_cat-cocuk-ve-genclik-kitaplari","6":"product_cat-zeka-gelisimi","7":"pa_cilt-ciltsiz","8":"pa_tur-kitap","9":"pa_yayinevi-marti-cocuk-yayinlari","10":"pa_yazar-bahar-sarikaya","12":"first","13":"instock","14":"sale","15":"shipping-taxable","16":"purchasable","17":"product-type-simple"},"_links":{"self":[{"href":"https:\/\/roveyayinevi.com.tr\/index.php\/wp-json\/wp\/v2\/product\/736078","targetHints":{"allow":["GET"]}}],"collection":[{"href":"https:\/\/roveyayinevi.com.tr\/index.php\/wp-json\/wp\/v2\/product"}],"about":[{"href":"https:\/\/roveyayinevi.com.tr\/index.php\/wp-json\/wp\/v2\/types\/product"}],"wp:attachment":[{"href":"https:\/\/roveyayinevi.com.tr\/index.php\/wp-json\/wp\/v2\/media?parent=736078"}],"wp:term":[{"taxonomy":"product_brand","embeddable":true,"href":"https:\/\/roveyayinevi.com.tr\/index.php\/wp-json\/wp\/v2\/product_brand?post=736078"},{"taxonomy":"product_cat","embeddable":true,"href":"https:\/\/roveyayinevi.com.tr\/index.php\/wp-json\/wp\/v2\/product_cat?post=736078"},{"taxonomy":"product_tag","embeddable":true,"href":"https:\/\/roveyayinevi.com.tr\/index.php\/wp-json\/wp\/v2\/product_tag?post=736078"}],"curies":[{"name":"wp","href":"https:\/\/api.w.org\/{rel}","templated":true}]}}