{"id":736076,"date":"2025-08-27T23:00:23","date_gmt":"2025-08-27T20:00:23","guid":{"rendered":"https:\/\/roveyayinevi.com.tr\/index.php\/urun\/cocuklar-icin-kodlama-ve-algoritma-aktiviteleri-2\/"},"modified":"2026-04-16T02:44:46","modified_gmt":"2026-04-15T23:44:46","slug":"cocuklar-icin-kodlama-ve-algoritma-aktiviteleri-2","status":"publish","type":"product","link":"https:\/\/roveyayinevi.com.tr\/index.php\/urun\/cocuklar-icin-kodlama-ve-algoritma-aktiviteleri-2\/","title":{"rendered":"\u00c7ocuklar \u0130\u00e7in Kodlama ve Algoritma Aktiviteleri &#8211; 2"},"content":{"rendered":"<p>D\u00fcnyan\u0131n giderek dijitalle\u015fmesi ile birlikte kodlama ve yaz\u0131l\u0131m e\u011fitimleri de \u00f6n plana \u00e7\u0131kt\u0131. \u00dclkemizde kodlama e\u011fitimi art\u0131k okul \u00f6ncesi ya\u015flardan itibaren verilmeye ba\u015fland\u0131.\u00c7ocuklar kodlama e\u011fitimi ile analitik d\u00fc\u015f\u00fcnme becerisi ve kazan\u0131m\u0131n\u0131 sa\u011flar. Ayr\u0131ca olay ve durumlar aras\u0131ndaki ili\u015fki sa\u011flama becerisini geli\u015ftiren \u00e7ocuklar problem \u00e7\u00f6zme yetene\u011fi becerisine katk\u0131 sa\u011flay\u0131p, sistematik d\u00fc\u015f\u00fcnme mant\u0131\u011f\u0131n\u0131 da kavrar.Kodlama ve Algoritma Aktiviteleri kitaplar\u0131, \u00e7ocuklara okul \u00f6ncesi d\u00f6nemde kodlama ve algoritma mant\u0131\u011f\u0131n\u0131n temellerini kavramalar\u0131 amac\u0131yla haz\u0131rlanm\u0131\u015ft\u0131r. Kitapta yer alan etkinlikler ve boyamalar sayesinde \u00e7ocuklar\u0131m\u0131z kodlama ve algoritman\u0131n temel mant\u0131\u011f\u0131n\u0131 \u00f6\u011frenecekler.<\/p>\n","protected":false},"excerpt":{"rendered":"<p>D\u00fcnyan\u0131n giderek dijitalle\u015fmesi ile birlikte kodlama ve yaz\u0131l\u0131m e\u011fitimleri de \u00f6n plana \u00e7\u0131kt\u0131. \u00dclkemizde kodlama e\u011fitimi art\u0131k okul \u00f6ncesi ya\u015flardan itibaren verilmeye ba\u015fland\u0131.\u00c7ocuklar kodlama e\u011fitimi ile<span class=\"excerpt-hellip\"> [\u2026]<\/span><\/p>\n","protected":false},"featured_media":0,"template":"","meta":{"_monsterinsights_skip_tracking":false,"_monsterinsights_sitenote_active":false,"_monsterinsights_sitenote_note":"","_monsterinsights_sitenote_category":0},"product_brand":[],"product_cat":[12274,15842],"product_tag":[],"class_list":{"0":"post-736076","1":"product","2":"type-product","3":"status-publish","5":"product_cat-cocuk-ve-genclik-kitaplari","6":"product_cat-egitici-kitaplar","7":"pa_cilt-ciltsiz","8":"pa_tur-kitap","9":"pa_yayinevi-marti-cocuk-yayinlari","10":"pa_yazar-marti-cocuk-yayinlari-kolektif","12":"first","13":"instock","14":"sale","15":"shipping-taxable","16":"purchasable","17":"product-type-simple"},"_links":{"self":[{"href":"https:\/\/roveyayinevi.com.tr\/index.php\/wp-json\/wp\/v2\/product\/736076","targetHints":{"allow":["GET"]}}],"collection":[{"href":"https:\/\/roveyayinevi.com.tr\/index.php\/wp-json\/wp\/v2\/product"}],"about":[{"href":"https:\/\/roveyayinevi.com.tr\/index.php\/wp-json\/wp\/v2\/types\/product"}],"wp:attachment":[{"href":"https:\/\/roveyayinevi.com.tr\/index.php\/wp-json\/wp\/v2\/media?parent=736076"}],"wp:term":[{"taxonomy":"product_brand","embeddable":true,"href":"https:\/\/roveyayinevi.com.tr\/index.php\/wp-json\/wp\/v2\/product_brand?post=736076"},{"taxonomy":"product_cat","embeddable":true,"href":"https:\/\/roveyayinevi.com.tr\/index.php\/wp-json\/wp\/v2\/product_cat?post=736076"},{"taxonomy":"product_tag","embeddable":true,"href":"https:\/\/roveyayinevi.com.tr\/index.php\/wp-json\/wp\/v2\/product_tag?post=736076"}],"curies":[{"name":"wp","href":"https:\/\/api.w.org\/{rel}","templated":true}]}}