{"id":736073,"date":"2025-08-27T23:00:20","date_gmt":"2025-08-27T20:00:20","guid":{"rendered":"https:\/\/roveyayinevi.com.tr\/index.php\/urun\/afrika-yolunda-filfantastik-maceralar\/"},"modified":"2025-11-21T07:27:00","modified_gmt":"2025-11-21T04:27:00","slug":"afrika-yolunda-filfantastik-maceralar","status":"publish","type":"product","link":"https:\/\/roveyayinevi.com.tr\/index.php\/urun\/afrika-yolunda-filfantastik-maceralar\/","title":{"rendered":"Afrika Yolunda &#8211; Filfantastik Maceralar"},"content":{"rendered":"<p>Kocaman bir kutu, ne kadar heyecan verici!\u00dcstelik kutunun i\u00e7inde konu\u015fan bir oyuncak fil var.Mutluluktan havalara u\u00e7an Anton, yeni arkada\u015f\u0131yla macera dolubir yolculu\u011fa \u00e7\u0131kar: Birlikte Kilimanjaro\u2019nun tepesine t\u0131rman\u0131rlar,aslanlar\u0131 izlemeye giderler ve a\u011fa\u00e7larda dinlenirler.Anton\u2019un annesi odaya girene kadar macera dolu dizgin devam eder:O kocaman kutu asl\u0131nda Anton\u2019a de\u011fil kom\u015fu k\u0131z\u0131 Luise\u2019ye gelmi\u015ftir\u2026<\/p>\n","protected":false},"excerpt":{"rendered":"<p>Kocaman bir kutu, ne kadar heyecan verici!\u00dcstelik kutunun i\u00e7inde konu\u015fan bir oyuncak fil var.Mutluluktan havalara u\u00e7an Anton, yeni arkada\u015f\u0131yla macera dolubir yolculu\u011fa \u00e7\u0131kar: Birlikte Kilimanjaro\u2019nun tepesine<span class=\"excerpt-hellip\"> [\u2026]<\/span><\/p>\n","protected":false},"featured_media":0,"template":"","meta":{"_monsterinsights_skip_tracking":false,"_monsterinsights_sitenote_active":false,"_monsterinsights_sitenote_note":"","_monsterinsights_sitenote_category":0},"product_brand":[],"product_cat":[12275,12274],"product_tag":[],"class_list":{"0":"post-736073","1":"product","2":"type-product","3":"status-publish","5":"product_cat-6-12-yas-kitaplari","6":"product_cat-cocuk-ve-genclik-kitaplari","7":"pa_cilt-ciltsiz","8":"pa_tur-kitap","9":"pa_yayinevi-marti-cocuk-yayinlari","10":"pa_yazar-michael-engler","12":"first","13":"instock","14":"sale","15":"shipping-taxable","16":"purchasable","17":"product-type-simple"},"_links":{"self":[{"href":"https:\/\/roveyayinevi.com.tr\/index.php\/wp-json\/wp\/v2\/product\/736073","targetHints":{"allow":["GET"]}}],"collection":[{"href":"https:\/\/roveyayinevi.com.tr\/index.php\/wp-json\/wp\/v2\/product"}],"about":[{"href":"https:\/\/roveyayinevi.com.tr\/index.php\/wp-json\/wp\/v2\/types\/product"}],"wp:attachment":[{"href":"https:\/\/roveyayinevi.com.tr\/index.php\/wp-json\/wp\/v2\/media?parent=736073"}],"wp:term":[{"taxonomy":"product_brand","embeddable":true,"href":"https:\/\/roveyayinevi.com.tr\/index.php\/wp-json\/wp\/v2\/product_brand?post=736073"},{"taxonomy":"product_cat","embeddable":true,"href":"https:\/\/roveyayinevi.com.tr\/index.php\/wp-json\/wp\/v2\/product_cat?post=736073"},{"taxonomy":"product_tag","embeddable":true,"href":"https:\/\/roveyayinevi.com.tr\/index.php\/wp-json\/wp\/v2\/product_tag?post=736073"}],"curies":[{"name":"wp","href":"https:\/\/api.w.org\/{rel}","templated":true}]}}