{"id":736057,"date":"2025-08-27T23:00:05","date_gmt":"2025-08-27T20:00:05","guid":{"rendered":"https:\/\/roveyayinevi.com.tr\/index.php\/urun\/zit-anlamli-sozcukler-egitici-yapboz\/"},"modified":"2026-04-16T02:44:46","modified_gmt":"2026-04-15T23:44:46","slug":"zit-anlamli-sozcukler-egitici-yapboz","status":"publish","type":"product","link":"https:\/\/roveyayinevi.com.tr\/index.php\/urun\/zit-anlamli-sozcukler-egitici-yapboz\/","title":{"rendered":"Z\u0131t Anlaml\u0131 S\u00f6zc\u00fckler &#8211; E\u011fitici Yapboz"},"content":{"rendered":"<p>Z\u0131t Anlaml\u0131 S\u00f6zc\u00fcklerSiz de\u011ferli anne babalar ve e\u011fitimcilerin, \u00e7ocuk geli\u015fiminde kullanmas\u0131 i\u00e7in haz\u0131rlanm\u0131\u015f \u201cE\u011fitici Yapboz\u201d serisi \u201cZ\u0131t Anlaml\u0131 S\u00f6zc\u00fckler\u201d kutu oyunu 48 par\u00e7adan olu\u015fmaktad\u0131r.\u00c7ocuklar\u0131n el-g\u00f6z koordinasyonu, dikkat geli\u015fimi, dil geli\u015fimi, sosyal duygusal geli\u015fim ve motor geli\u015fimine katk\u0131 sa\u011flar. Nas\u0131l oynan\u0131r:\u201cZ\u0131t Anlaml\u0131 S\u00f6zc\u00fckler\u201d yapboz kutu oyununda bulunan kartlar\u0131 \u00e7ocu\u011funuzun g\u00f6rece\u011fi \u015fekilde \u00f6n\u00fcne diziniz. Kartlarda bulunan resimleri \u00e7ocu\u011funuza y\u00fcksek sesle seslendiriniz. Resmin z\u0131t anlaml\u0131s\u0131 olan kelimeyi \u00e7ocu\u011fa g\u00f6stererek tekrar seslendiriniz. Resim ve z\u0131t anlaml\u0131 kelimelerin tamam\u0131n\u0131 bu \u015fekilde seslendirdikten sonra kartlar\u0131 kar\u0131\u015ft\u0131rarak \u00e7ocu\u011funuzun e\u015fle\u015ftirmesini isteyiniz.\u201cZ\u0131t Anlaml\u0131 S\u00f6zc\u00fckler\u201d kutu oyunu i\u00e7eri\u011fini farkl\u0131 \u00fcretken d\u00fc\u015f\u00fcnme becerileri etkinliklerinde de kullanabilirsiniz.\u0130yi g\u00fcnlerde kullanman\u0131z dile\u011fi ile\u2026<\/p>\n","protected":false},"excerpt":{"rendered":"<p>Z\u0131t Anlaml\u0131 S\u00f6zc\u00fcklerSiz de\u011ferli anne babalar ve e\u011fitimcilerin, \u00e7ocuk geli\u015fiminde kullanmas\u0131 i\u00e7in haz\u0131rlanm\u0131\u015f \u201cE\u011fitici Yapboz\u201d serisi \u201cZ\u0131t Anlaml\u0131 S\u00f6zc\u00fckler\u201d kutu oyunu 48 par\u00e7adan olu\u015fmaktad\u0131r.\u00c7ocuklar\u0131n el-g\u00f6z koordinasyonu,<span class=\"excerpt-hellip\"> [\u2026]<\/span><\/p>\n","protected":false},"featured_media":0,"template":"","meta":{"_monsterinsights_skip_tracking":false,"_monsterinsights_sitenote_active":false,"_monsterinsights_sitenote_note":"","_monsterinsights_sitenote_category":0},"product_brand":[],"product_cat":[12274,90558],"product_tag":[],"class_list":{"0":"post-736057","1":"product","2":"type-product","3":"status-publish","5":"product_cat-cocuk-ve-genclik-kitaplari","6":"product_cat-yapboz-kitaplari","7":"pa_cilt-ciltsiz","8":"pa_tur-oyun","9":"pa_yayinevi-marti-cocuk-yayinlari","10":"pa_yazar-marti-cocuk-yayinlari-kolektif","12":"first","13":"instock","14":"sale","15":"shipping-taxable","16":"purchasable","17":"product-type-simple"},"_links":{"self":[{"href":"https:\/\/roveyayinevi.com.tr\/index.php\/wp-json\/wp\/v2\/product\/736057","targetHints":{"allow":["GET"]}}],"collection":[{"href":"https:\/\/roveyayinevi.com.tr\/index.php\/wp-json\/wp\/v2\/product"}],"about":[{"href":"https:\/\/roveyayinevi.com.tr\/index.php\/wp-json\/wp\/v2\/types\/product"}],"wp:attachment":[{"href":"https:\/\/roveyayinevi.com.tr\/index.php\/wp-json\/wp\/v2\/media?parent=736057"}],"wp:term":[{"taxonomy":"product_brand","embeddable":true,"href":"https:\/\/roveyayinevi.com.tr\/index.php\/wp-json\/wp\/v2\/product_brand?post=736057"},{"taxonomy":"product_cat","embeddable":true,"href":"https:\/\/roveyayinevi.com.tr\/index.php\/wp-json\/wp\/v2\/product_cat?post=736057"},{"taxonomy":"product_tag","embeddable":true,"href":"https:\/\/roveyayinevi.com.tr\/index.php\/wp-json\/wp\/v2\/product_tag?post=736057"}],"curies":[{"name":"wp","href":"https:\/\/api.w.org\/{rel}","templated":true}]}}