{"id":736049,"date":"2025-08-27T22:59:57","date_gmt":"2025-08-27T19:59:57","guid":{"rendered":"https:\/\/roveyayinevi.com.tr\/index.php\/urun\/surdurulebilirlik-ve-yesil-orgut\/"},"modified":"2026-04-16T02:44:45","modified_gmt":"2026-04-15T23:44:45","slug":"surdurulebilirlik-ve-yesil-orgut","status":"publish","type":"product","link":"https:\/\/roveyayinevi.com.tr\/index.php\/urun\/surdurulebilirlik-ve-yesil-orgut\/","title":{"rendered":"S\u00fcrd\u00fcr\u00fclebilirlik ve Ye\u015fil \u00d6rg\u00fct"},"content":{"rendered":"<p>1. B\u00d6L\u00dcM Ye\u015fil \u0130novasyon 2. B\u00d6L\u00dcM Ye\u015fil \u0130nsan Kaynaklar\u0131 Y\u00f6netimi 3. B\u00d6L\u00dcM Ye\u015fil \u0130\u015fg\u00f6ren Davran\u0131\u015f\u0131 4. B\u00d6L\u00dcM Ye\u015fil \u00d6rg\u00fct K\u00fclt\u00fcr\u00fc 5. B\u00d6L\u00dcM Ye\u015fil Y\u00f6netim Ba\u011flam\u0131nda Ye\u015fil Hastane Kavram ve Uygulamalar\u0131 6. B\u00d6L\u00dcM S\u00fcrd\u00fcr\u00fclebilirli\u011fin Karar S\u00fcrecine Entegrasyonu: \u00c7ok Kriterli Karar Analizi 7. B\u00d6L\u00dcM Ye\u015fil Pazarlama Ba\u011flam\u0131nda S\u00fcrd\u00fcr\u00fclebilir Stratejik Marka Y\u00f6netimi 8. B\u00d6L\u00dcM \u00c7evresel Maliyetler ve S\u00fcrd\u00fcr\u00fclebilirlik G\u00f6stergeleri Kapsam\u0131nda Ye\u015fil Muhasebe 9. B\u00d6L\u00dcM S\u00fcrd\u00fcr\u00fclebilirlik A\u00e7\u0131klamalar\u0131n\u0131n Denetim ve G\u00fcvence Hizmetlerine Yans\u0131malar\u0131na \u0130li\u015fkin Kavramsal Bir \u0130nceleme 10. B\u00d6L\u00dcM S\u00fcrd\u00fcr\u00fclebilirlik \u00c7er\u00e7evesinde Ye\u015fil Finans \u00dcr\u00fcnleri <\/p>\n","protected":false},"excerpt":{"rendered":"<p>1. B\u00d6L\u00dcM Ye\u015fil \u0130novasyon 2. B\u00d6L\u00dcM Ye\u015fil \u0130nsan Kaynaklar\u0131 Y\u00f6netimi 3. B\u00d6L\u00dcM Ye\u015fil \u0130\u015fg\u00f6ren Davran\u0131\u015f\u0131 4. B\u00d6L\u00dcM Ye\u015fil \u00d6rg\u00fct K\u00fclt\u00fcr\u00fc 5. B\u00d6L\u00dcM Ye\u015fil Y\u00f6netim Ba\u011flam\u0131nda Ye\u015fil<span class=\"excerpt-hellip\"> [\u2026]<\/span><\/p>\n","protected":false},"featured_media":0,"template":"","meta":{"_monsterinsights_skip_tracking":false,"_monsterinsights_sitenote_active":false,"_monsterinsights_sitenote_note":"","_monsterinsights_sitenote_category":0},"product_brand":[],"product_cat":[74169,88527],"product_tag":[],"class_list":{"0":"post-736049","1":"product","2":"type-product","3":"status-publish","5":"product_cat-cografya","6":"product_cat-dunya-cografyasi","7":"pa_cilt-ciltsiz","8":"pa_tur-kitap","9":"pa_yayinevi-gazi-kitabevi","10":"pa_yazar-tugce-simsek","12":"first","13":"instock","14":"sale","15":"shipping-taxable","16":"purchasable","17":"product-type-simple"},"_links":{"self":[{"href":"https:\/\/roveyayinevi.com.tr\/index.php\/wp-json\/wp\/v2\/product\/736049","targetHints":{"allow":["GET"]}}],"collection":[{"href":"https:\/\/roveyayinevi.com.tr\/index.php\/wp-json\/wp\/v2\/product"}],"about":[{"href":"https:\/\/roveyayinevi.com.tr\/index.php\/wp-json\/wp\/v2\/types\/product"}],"wp:attachment":[{"href":"https:\/\/roveyayinevi.com.tr\/index.php\/wp-json\/wp\/v2\/media?parent=736049"}],"wp:term":[{"taxonomy":"product_brand","embeddable":true,"href":"https:\/\/roveyayinevi.com.tr\/index.php\/wp-json\/wp\/v2\/product_brand?post=736049"},{"taxonomy":"product_cat","embeddable":true,"href":"https:\/\/roveyayinevi.com.tr\/index.php\/wp-json\/wp\/v2\/product_cat?post=736049"},{"taxonomy":"product_tag","embeddable":true,"href":"https:\/\/roveyayinevi.com.tr\/index.php\/wp-json\/wp\/v2\/product_tag?post=736049"}],"curies":[{"name":"wp","href":"https:\/\/api.w.org\/{rel}","templated":true}]}}