{"id":736046,"date":"2025-08-27T22:59:55","date_gmt":"2025-08-27T19:59:55","guid":{"rendered":"https:\/\/roveyayinevi.com.tr\/index.php\/urun\/sosyal-politika-acisindan-ozel-istihdam-burolari-meslek-edinilmis-gecici-is-iliskisi\/"},"modified":"2026-04-16T02:44:45","modified_gmt":"2026-04-15T23:44:45","slug":"sosyal-politika-acisindan-ozel-istihdam-burolari-meslek-edinilmis-gecici-is-iliskisi","status":"publish","type":"product","link":"https:\/\/roveyayinevi.com.tr\/index.php\/urun\/sosyal-politika-acisindan-ozel-istihdam-burolari-meslek-edinilmis-gecici-is-iliskisi\/","title":{"rendered":"Sosyal Politika A\u00e7\u0131s\u0131ndan \u00d6zel \u0130stihdam B\u00fcrolar\u0131 &#8211; Meslek Edinilmi\u015f Ge\u00e7ici \u0130\u015f \u0130li\u015fkisi"},"content":{"rendered":"<p>1.      B\u00d6L\u00dcM \u2013 \u00d6ZEL \u0130ST\u0130HDAM B\u00dcROLARI 2.      B\u00d6L\u00dcM \u2013 T\u00dcRK \u0130\u015e HUKUKUNDA GE\u00c7\u0130C\u0130 \u0130\u015e \u0130L\u0130\u015eK\u0130S\u0130N\u0130N GENEL ESASLARI VE MESLEK ED\u0130N\u0130LM\u0130\u015e GE\u00c7\u0130C\u0130 \u0130\u015e \u0130L\u0130\u015eK\u0130S\u0130 3.      B\u00d6L\u00dcM \u2013 MESLEK ED\u0130N\u0130LM\u0130\u015e GE\u00c7\u0130C\u0130 \u0130\u015e \u0130L\u0130\u015eK\u0130S\u0130N\u0130N TARAFLARININ HAK VE Y\u00dcK\u00dcML\u00dcL\u00dcKLER\u0130 \u0130LE SONA ERMES\u0130 4.      B\u00d6L\u00dcM \u2013 SOSYAL POL\u0130T\u0130KA BAKIMINDAN MESLEK ED\u0130N\u0130LM\u0130\u015e GE\u00c7\u0130C\u0130 \u0130\u015e \u0130L\u0130\u015eK\u0130S\u0130 <\/p>\n","protected":false},"excerpt":{"rendered":"<p>1. B\u00d6L\u00dcM \u2013 \u00d6ZEL \u0130ST\u0130HDAM B\u00dcROLARI 2. B\u00d6L\u00dcM \u2013 T\u00dcRK \u0130\u015e HUKUKUNDA GE\u00c7\u0130C\u0130 \u0130\u015e \u0130L\u0130\u015eK\u0130S\u0130N\u0130N GENEL ESASLARI VE MESLEK ED\u0130N\u0130LM\u0130\u015e GE\u00c7\u0130C\u0130 \u0130\u015e \u0130L\u0130\u015eK\u0130S\u0130 3. B\u00d6L\u00dcM \u2013<span class=\"excerpt-hellip\"> [\u2026]<\/span><\/p>\n","protected":false},"featured_media":0,"template":"","meta":{"_monsterinsights_skip_tracking":false,"_monsterinsights_sitenote_active":false,"_monsterinsights_sitenote_note":"","_monsterinsights_sitenote_category":0},"product_brand":[],"product_cat":[15350,17602],"product_tag":[],"class_list":{"0":"post-736046","1":"product","2":"type-product","3":"status-publish","5":"product_cat-hukuk","6":"product_cat-hukuk-uzerine","7":"pa_cilt-ciltsiz","8":"pa_tur-kitap","9":"pa_yayinevi-gazi-kitabevi","10":"pa_yazar-yeliz-polat","12":"first","13":"instock","14":"sale","15":"shipping-taxable","16":"purchasable","17":"product-type-simple"},"_links":{"self":[{"href":"https:\/\/roveyayinevi.com.tr\/index.php\/wp-json\/wp\/v2\/product\/736046","targetHints":{"allow":["GET"]}}],"collection":[{"href":"https:\/\/roveyayinevi.com.tr\/index.php\/wp-json\/wp\/v2\/product"}],"about":[{"href":"https:\/\/roveyayinevi.com.tr\/index.php\/wp-json\/wp\/v2\/types\/product"}],"wp:attachment":[{"href":"https:\/\/roveyayinevi.com.tr\/index.php\/wp-json\/wp\/v2\/media?parent=736046"}],"wp:term":[{"taxonomy":"product_brand","embeddable":true,"href":"https:\/\/roveyayinevi.com.tr\/index.php\/wp-json\/wp\/v2\/product_brand?post=736046"},{"taxonomy":"product_cat","embeddable":true,"href":"https:\/\/roveyayinevi.com.tr\/index.php\/wp-json\/wp\/v2\/product_cat?post=736046"},{"taxonomy":"product_tag","embeddable":true,"href":"https:\/\/roveyayinevi.com.tr\/index.php\/wp-json\/wp\/v2\/product_tag?post=736046"}],"curies":[{"name":"wp","href":"https:\/\/api.w.org\/{rel}","templated":true}]}}