{"id":736043,"date":"2025-08-27T22:59:52","date_gmt":"2025-08-27T19:59:52","guid":{"rendered":"https:\/\/roveyayinevi.com.tr\/index.php\/urun\/muhasebe-alaninda-guncel-yaklasimlar\/"},"modified":"2026-04-16T02:44:44","modified_gmt":"2026-04-15T23:44:44","slug":"muhasebe-alaninda-guncel-yaklasimlar","status":"publish","type":"product","link":"https:\/\/roveyayinevi.com.tr\/index.php\/urun\/muhasebe-alaninda-guncel-yaklasimlar\/","title":{"rendered":"Muhasebe Alan\u0131nda G\u00fcncel Yakla\u015f\u0131mlar"},"content":{"rendered":"<p>1.      B\u00d6L\u00dcM \u2013 COV\u0130D 19 S\u00dcREC\u0130NDE MUHASEBE DERS\u0130 ALAN \u00d6\u011eRENC\u0130LER\u0130N UZAKTAN E\u011e\u0130T\u0130M \u0130LE \u0130LG\u0130L\u0130 F\u0130K\u0130RLER\u0130 2.      B\u00d6L\u00dcM \u2013 KURUMSAL Y\u00d6NET\u0130M UYUM RAPORLAMASINA G\u00dcNCEL B\u0130R BAKI\u015e 3.      B\u00d6L\u00dcM \u2013 F\u0130NANSAL RAPORLAMADA FA\u0130ZS\u0130Z F\u0130NANS S\u0130STEM\u0130 \u0130LE MUHASEBE STANDARTLARININ YER\u0130 VE \u00d6NEM\u0130 4.      B\u00d6L\u00dcM \u2013 S\u00dcRD\u00dcR\u00dcLEB\u0130L\u0130RL\u0130K MUHASEBES\u0130 STANDARTLARI 5.      B\u00d6L\u00dcM \u2013 B\u00dcY\u00dcK VE ORTA BOY \u0130\u015eLETMELERDE ERTELENM\u0130\u015e VERG\u0130N\u0130N MUHASEBELE\u015eT\u0130R\u0130LMES\u0130 VE F\u0130NANSAL TABLOLARDA SUNUMU 6.      B\u00d6L\u00dcM \u2013 BA\u011eIMSIZ DENET\u0130M S\u00dcREC\u0130NDE DENET\u00c7\u0130 BA\u011eIMSIZLI\u011eI: DENET\u0130M F\u0130RMALARI \u015eEFFAFLIK RAPORLARI \u00dcZER\u0130NDEN B\u0130R DE\u011eERLEND\u0130RME 7.      B\u00d6L\u00dcM \u2013 KIRGIZ\u0130STAN\u2019 DA ULUSLARARASI F\u0130NANSAL RAPORLAMA STANDARTLARINA GE\u00c7\u0130\u015e S\u00dcREC\u0130NDE YA\u015eANAN SORUNLAR 8.      B\u00d6L\u00dcM \u2013 KR\u0130PTO PARA VE MUHASEBE UYGULAMALARI 9.      B\u00d6L\u00dcM \u2013 END\u00dcSTR\u0130 4.0\u2019IN MUHASEBE \u00dcZER\u0130NDE ETK\u0130LER\u0130 10.  B\u00d6L\u00dcM \u2013 \u00dcLKEM\u0130ZDEK\u0130 S\u0130GORTA UYGULAMALARI: REAS\u00dcRANS S\u00d6ZLE\u015eMELER\u0130 VE MUHASEBELE\u015eT\u0130R\u0130LMES\u0130 11.  B\u00d6L\u00dcM \u2013 KISITLAR TEOR\u0130S\u0130 KAPSAMINDA S\u00dcRE\u00c7 KATKI MUHASEBES\u0130 VE \u00dcRET\u0130M MAL\u0130YETLER\u0130N\u0130N HESAPLANMASINA Y\u00d6NEL\u0130K B\u0130R UYGULAMA 12.  B\u00d6L\u00dcM \u2013 MUHASEBE ET\u0130\u011e\u0130 B\u00d6L\u00dcM \u2013 YARATICI MUHASEBE<\/p>\n","protected":false},"excerpt":{"rendered":"<p>1. B\u00d6L\u00dcM \u2013 COV\u0130D 19 S\u00dcREC\u0130NDE MUHASEBE DERS\u0130 ALAN \u00d6\u011eRENC\u0130LER\u0130N UZAKTAN E\u011e\u0130T\u0130M \u0130LE \u0130LG\u0130L\u0130 F\u0130K\u0130RLER\u0130 2. B\u00d6L\u00dcM \u2013 KURUMSAL Y\u00d6NET\u0130M UYUM RAPORLAMASINA G\u00dcNCEL B\u0130R BAKI\u015e 3.<span class=\"excerpt-hellip\"> [\u2026]<\/span><\/p>\n","protected":false},"featured_media":0,"template":"","meta":{"_monsterinsights_skip_tracking":false,"_monsterinsights_sitenote_active":false,"_monsterinsights_sitenote_note":"","_monsterinsights_sitenote_category":0},"product_brand":[],"product_cat":[13043,14381],"product_tag":[],"class_list":{"0":"post-736043","1":"product","2":"type-product","3":"status-publish","5":"product_cat-ekonomi","6":"product_cat-isletme-muhasebe-maliye","7":"pa_cilt-ciltsiz","8":"pa_tur-kitap","9":"pa_yayinevi-gazi-kitabevi","10":"pa_yazar-gazi-kitabevi-kolektif","12":"first","13":"instock","14":"sale","15":"shipping-taxable","16":"purchasable","17":"product-type-simple"},"_links":{"self":[{"href":"https:\/\/roveyayinevi.com.tr\/index.php\/wp-json\/wp\/v2\/product\/736043","targetHints":{"allow":["GET"]}}],"collection":[{"href":"https:\/\/roveyayinevi.com.tr\/index.php\/wp-json\/wp\/v2\/product"}],"about":[{"href":"https:\/\/roveyayinevi.com.tr\/index.php\/wp-json\/wp\/v2\/types\/product"}],"wp:attachment":[{"href":"https:\/\/roveyayinevi.com.tr\/index.php\/wp-json\/wp\/v2\/media?parent=736043"}],"wp:term":[{"taxonomy":"product_brand","embeddable":true,"href":"https:\/\/roveyayinevi.com.tr\/index.php\/wp-json\/wp\/v2\/product_brand?post=736043"},{"taxonomy":"product_cat","embeddable":true,"href":"https:\/\/roveyayinevi.com.tr\/index.php\/wp-json\/wp\/v2\/product_cat?post=736043"},{"taxonomy":"product_tag","embeddable":true,"href":"https:\/\/roveyayinevi.com.tr\/index.php\/wp-json\/wp\/v2\/product_tag?post=736043"}],"curies":[{"name":"wp","href":"https:\/\/api.w.org\/{rel}","templated":true}]}}