{"id":736022,"date":"2025-08-27T22:59:25","date_gmt":"2025-08-27T19:59:25","guid":{"rendered":"https:\/\/roveyayinevi.com.tr\/index.php\/urun\/georgiy-jukov\/"},"modified":"2026-04-16T02:44:43","modified_gmt":"2026-04-15T23:44:43","slug":"georgiy-jukov","status":"publish","type":"product","link":"https:\/\/roveyayinevi.com.tr\/index.php\/urun\/georgiy-jukov\/","title":{"rendered":"Georgiy Jukov"},"content":{"rendered":"<p>Tarihin en b\u00fcy\u00fck komutanlar\u0131n\u0131n ya\u015fam \u00f6yk\u00fcleri, muharebe tecr\u00fcbeleri, uygulad\u0131klar\u0131 taktikler ve stratejiler\u2026 D\u00fcnya tarihinin en b\u00fcy\u00fck komutanlar\u0131n\u0131 t\u00fcm y\u00f6nleriyle inceleyen OSPREY B\u00fcy\u00fck Komutanlar Serisi, Georgiy Jukov ile devam ediyor\u2026   Jukov (1896-1974), II. D\u00fcnya Sava\u015f\u0131 d\u00f6neminde K\u0131z\u0131l Ordu i\u00e7erisinde etkin ve dominant bir karakterdi. Stavka\u2019da \u00fcst d\u00fczey Genelkurmay yetkilisi olarak hizmet veren Jukov, bir kritik sahadan\/sekt\u00f6rden di\u011ferine ge\u00e7erek gerekti\u011finde dan\u0131\u015fman, koordinat\u00f6r ve fiili cephe komutan\u0131 olarak aktif g\u00f6revde bulundu. Jukov, K\u0131z\u0131l Ordu\u2019yu, sava\u015f s\u0131ras\u0131nda Alman ordusu kar\u015f\u0131s\u0131nda i\u00e7ine d\u00fc\u015ft\u00fc\u011f\u00fc hayati zafiyetten \u00e7\u0131kararak, 1942-43\u2019te inan\u0131lmaz bir geri d\u00f6n\u00fc\u015fe ve sonunda 1944-45\u2019te zafere g\u00f6t\u00fcrmeden \u00f6nce, 1941 sonbahar\u0131ndaki umutsuz durumu kurtarmada da kritik bir rol oynad\u0131.   Jukov sava\u015f s\u0131ras\u0131nda, \u00e7o\u011funlukla Bat\u0131 hatt\u0131nda Wehrmacht\u2019a kar\u015f\u0131 cephe muharebelerindeki ba\u015far\u0131lar\u0131yla tan\u0131nsa da, sava\u015f\u0131n hemen ba\u015flar\u0131nda 1939\u2019da Uzak Do\u011fu Cephesi\u2019nde Japon ordusuna kar\u015f\u0131 kazand\u0131\u011f\u0131 Halhin G\u00f6l Muharebesi\u2019yle [Mo\u011folistan\u2019\u0131n do\u011fu ucunda] ilk olarak ad\u0131n\u0131 duyurdu. Ancak Jukov\u2019un askeri ve idari y\u00f6ntemleri ac\u0131mas\u0131zd\u0131 ve Sovyet kay\u0131plar\u0131n\u0131n daha da artmas\u0131nda da rol\u00fc vard\u0131. Keza di\u011fer komutanlar ve astlar\u0131na kar\u015f\u0131 sert tutumuyla, sorguya a\u00e7\u0131k bir profil \u00e7izdi. Jukov, \u00c7arl\u0131k d\u00f6neminde I. D\u00fcnya Sava\u015f\u0131\u2019na ve 1917 Devrimi sonras\u0131ndaki Rus \u0130\u00e7 Sava\u015f\u0131\u2019na (1918-1921) da subay olarak i\u015ftirak etmi\u015fti. Mare\u015fal Jukov\u2019un, Sovyetlerin kudretli lideri Josef Stalin\u2019le ili\u015fkileriyse genel anlamda sorunlu bir seyir izledi. Buna ra\u011fmen B\u00fcy\u00fck Sava\u015f\u2019\u0131n hemen arifesinde, 1937\u2019de Stalin\u2019in K\u0131z\u0131l Ordu i\u00e7erisinde giri\u015fti\u011fi ve \u00e7ok say\u0131da b\u00fcy\u00fck komutan\u0131n tutuklan\u0131p tasfiye edildi\u011fi b\u00fcy\u00fck k\u0131y\u0131mdan kurtulabilmeyi ba\u015fard\u0131. Berlin\u2019e ilk giren Sovyet ordular\u0131n\u0131n komutan\u0131 da Jukov\u2019du, 8 May\u0131s 1945\u2019te Berlin\u2019de Almanlar\u0131n teslim olma anla\u015fmas\u0131n\u0131 Sovyetler Birli\u011fi ad\u0131na imzalayan asker de. Ancak bu g\u00f6rkem uzun \u00f6m\u00fcrl\u00fc olmayacakt\u0131.   II. D\u00fcnya Sava\u015f\u0131\u2019n\u0131n en tan\u0131nm\u0131\u015f Sovyet askeri olarak, Jukov\u2019un sava\u015f sonras\u0131 g\u00f6zden d\u00fc\u015fmesi de ayn\u0131 \u00f6l\u00e7\u00fcde s\u00fcratli oldu. Sava\u015f s\u0131ras\u0131nda kazand\u0131\u011f\u0131 pop\u00fclarite nedeniyle Stalin\u2019in h\u0131\u015fm\u0131na u\u011frad\u0131 ve pasif k\u0131ta g\u00f6revine verildi. Stalin\u2019in \u00f6l\u00fcm\u00fcn\u00fcn ard\u0131ndan, k\u0131sa bir d\u00f6nem Kom\u00fcnist Parti Merkez Komitesi \u00dcyeli\u011fi ve Savunma Bakanl\u0131\u011f\u0131 g\u00f6revine atansa da, yeniden g\u00f6zden d\u00fc\u015ft\u00fc ve kendi k\u00f6\u015fesine \u00e7ekilerek an\u0131lar\u0131n\u0131 kaleme ald\u0131. Sovyetler Birli\u011fi\u2019nin \u00e7\u00f6k\u00fc\u015f\u00fcne kadar da itibar\u0131 iade edilmedi.   G\u00fcn\u00fcm\u00fczde Moskova\u2019daki Devlet Tarih M\u00fczesi\u2019nin \u00f6n\u00fcnde, K\u0131z\u0131l Meydan\u2019\u0131n hemen giri\u015finde yer alan Mare\u015fal Jukov heykeli; Sovyetler Birli\u011fi y\u0131k\u0131ld\u0131ktan sonra, 1995\u2019te 9 May\u0131s\u2019taki zaferin y\u0131ld\u00f6n\u00fcm\u00fc kutlamalar\u0131ndan bir g\u00fcn \u00f6nce kaidesine konularak, b\u00fcy\u00fck komutan onurland\u0131r\u0131ld\u0131. Resim, \u00e7izim, foto\u011fraf ve haritalarla zenginle\u015ftirilen elinizdeki Jukov biyografisi, hem II. D\u00fcnya Sava\u015f\u0131\u2019n\u0131n Sovyet perspektifinden bir anlat\u0131s\u0131n\u0131 sunuyor hem de Mare\u015fal\u2019in askeri becerileriyle be\u015fer\u00ee zaaflar\u0131n\u0131 beraberce ortaya koyuyor. T\u00fcrk\u00e7edeki \u00e7ok az say\u0131daki Jukov biyografisinden biri olan bu eser, okuyucuya etkileyici bir komutan ve cephe sava\u015flar\u0131 anlat\u0131s\u0131 vaat ediyor; ayn\u0131 zamanda Alman-Sovyet askeri ihtilaf\u0131n\u0131n da \u00f6zet bir kayd\u0131n\u0131 sunuyor.<\/p>\n","protected":false},"excerpt":{"rendered":"<p>Tarihin en b\u00fcy\u00fck komutanlar\u0131n\u0131n ya\u015fam \u00f6yk\u00fcleri, muharebe tecr\u00fcbeleri, uygulad\u0131klar\u0131 taktikler ve stratejiler\u2026 D\u00fcnya tarihinin en b\u00fcy\u00fck komutanlar\u0131n\u0131 t\u00fcm y\u00f6nleriyle inceleyen OSPREY B\u00fcy\u00fck Komutanlar Serisi, Georgiy Jukov<span class=\"excerpt-hellip\"> [\u2026]<\/span><\/p>\n","protected":false},"featured_media":0,"template":"","meta":{"_monsterinsights_skip_tracking":false,"_monsterinsights_sitenote_active":false,"_monsterinsights_sitenote_note":"","_monsterinsights_sitenote_category":0},"product_brand":[],"product_cat":[12370,12304],"product_tag":[],"class_list":{"0":"post-736022","1":"product","2":"type-product","3":"status-publish","5":"product_cat-arastirma-inceleme","6":"product_cat-tarih","7":"pa_cilt-ciltsiz","8":"pa_tur-kitap","9":"pa_yayinevi-kronik-kitap","10":"pa_yazar-robert-forcyzk","12":"first","13":"instock","14":"sale","15":"shipping-taxable","16":"purchasable","17":"product-type-simple"},"_links":{"self":[{"href":"https:\/\/roveyayinevi.com.tr\/index.php\/wp-json\/wp\/v2\/product\/736022","targetHints":{"allow":["GET"]}}],"collection":[{"href":"https:\/\/roveyayinevi.com.tr\/index.php\/wp-json\/wp\/v2\/product"}],"about":[{"href":"https:\/\/roveyayinevi.com.tr\/index.php\/wp-json\/wp\/v2\/types\/product"}],"wp:attachment":[{"href":"https:\/\/roveyayinevi.com.tr\/index.php\/wp-json\/wp\/v2\/media?parent=736022"}],"wp:term":[{"taxonomy":"product_brand","embeddable":true,"href":"https:\/\/roveyayinevi.com.tr\/index.php\/wp-json\/wp\/v2\/product_brand?post=736022"},{"taxonomy":"product_cat","embeddable":true,"href":"https:\/\/roveyayinevi.com.tr\/index.php\/wp-json\/wp\/v2\/product_cat?post=736022"},{"taxonomy":"product_tag","embeddable":true,"href":"https:\/\/roveyayinevi.com.tr\/index.php\/wp-json\/wp\/v2\/product_tag?post=736022"}],"curies":[{"name":"wp","href":"https:\/\/api.w.org\/{rel}","templated":true}]}}