{"id":736019,"date":"2025-08-27T22:59:23","date_gmt":"2025-08-27T19:59:23","guid":{"rendered":"https:\/\/roveyayinevi.com.tr\/index.php\/urun\/asi-biontech-asisina-giden-yol-ve-gelecegin-tibbi\/"},"modified":"2026-04-16T02:44:43","modified_gmt":"2026-04-15T23:44:43","slug":"asi-biontech-asisina-giden-yol-ve-gelecegin-tibbi","status":"publish","type":"product","link":"https:\/\/roveyayinevi.com.tr\/index.php\/urun\/asi-biontech-asisina-giden-yol-ve-gelecegin-tibbi\/","title":{"rendered":"A\u015f\u0131 &#8211; Biontech A\u015f\u0131s\u0131na Giden Yol ve Gelece\u011fin T\u0131bb\u0131"},"content":{"rendered":"<p>\u201cBu hastal\u0131\u011f\u0131 -keza kanser ve di\u011fer pek \u00e7ok hastal\u0131\u011f\u0131 da- yenmek i\u00e7in yeni bir bilimsel y\u00f6ntem kullanma aray\u0131\u015flar\u0131n\u0131n hik\u00e2yesi onlar\u0131 \u00e7a\u011f\u0131m\u0131z\u0131n kahraman\u0131 yapmaya yetecekti.\u201d\u2014Bloomberg \u201c\u00d6zlem T\u00fcreci ve U\u011fur \u015eahin, Marie ve Pierre Curie\u2019nin radyoaktiviteyi ke\u015ffetmesinden bu yana h\u0131zla bilimin en \u00fcnl\u00fc evlili\u011fi h\u00e2line geliyor.\u201d\u2014The Times So\u011fuk bir aral\u0131k sabah\u0131, \u0130ngiltere\u2019deki Coventry \u00dcniversite Hastanesi\u2019nde, doksan ya\u015f\u0131ndaki Maggie Keenan ti\u015f\u00f6rt\u00fcn\u00fcn kolunu s\u0131y\u0131rd\u0131 ve bir hem\u015fire sol koluna \u015f\u0131r\u0131nga yaparken bak\u0131\u015flar\u0131n\u0131 ka\u00e7\u0131rd\u0131. Maggie, bir d\u00fczine televizyon \u0131\u015f\u0131\u011f\u0131n\u0131n par\u0131lt\u0131s\u0131 alt\u0131nda, \u015fimdiden be\u015f milyon ki\u015finin hayat\u0131na m\u00e2l olmu\u015f bir vir\u00fcse kar\u015f\u0131, onay alm\u0131\u015f a\u015f\u0131y\u0131 olan d\u00fcnyadaki ilk hastayd\u0131. Ocak 2020\u2019nin ortalar\u0131nda U\u011fur \u015eahin, e\u015fi ve onlarca y\u0131ll\u0131k ara\u015ft\u0131rma orta\u011f\u0131 \u00d6zlem T\u00fcreci\u2019ye bir salg\u0131n\u0131n kap\u0131da oldu\u011funu s\u00f6ylerken hen\u00fcz yaln\u0131zca birka\u00e7 koronavir\u00fcs vakas\u0131 vard\u0131. Otuz y\u0131ld\u0131r inatla s\u00fcrd\u00fcrd\u00fckleri kanser, HIV ve t\u00fcberk\u00fcloz gibi bir\u00e7ok hastal\u0131\u011fa kar\u015f\u0131 devrim yaratacak mRNA tabanl\u0131 tedaviler geli\u015ftirme azimleri, yak\u0131nda Covid-19 olarak bilinecek bu vir\u00fcse kar\u015f\u0131 geli\u015ftirilecek a\u015f\u0131ya altyap\u0131 olu\u015fturacak ve insan v\u00fccudu, kendi eczanesi h\u00e2line getirilecekti! \u015eimdi, bilim direniyordu. \u0130lk ba\u015fta bilim camias\u0131nda yayg\u0131n bir \u015f\u00fcphecilikle kar\u015f\u0131 kar\u015f\u0131ya kald\u0131lar; ancak salg\u0131n patlak verdi\u011finde BioNTech, olas\u0131 t\u00fcm senaryolara haz\u0131rd\u0131. \u00b7         Sayg\u0131n ila\u00e7 \u015firketlerini iddial\u0131 projelerini desteklemeye nas\u0131l ikna ettiler? \u00b7         Trump y\u00f6netimi ve Avrupa Birli\u011fi\u2019nden gelen siyasi m\u00fcdahaleleri nas\u0131l y\u00f6nettiler? \u00b7         D\u00fcnyan\u0131n her k\u00f6\u015fesine rekor s\u00fcrede iki milyardan fazla doz a\u015f\u0131y\u0131 sa\u011flamay\u0131 nas\u0131l ba\u015fard\u0131lar? \u00b7         mRNA teknolojisinin Covid-19\u2019u alt edi\u015fi, yak\u0131n gelecekte kanser tedavisinde olas\u0131 bir ba\u015far\u0131n\u0131n habercisi olabilir mi? A\u015eI; Financial Times\u2019\u0131n Frankfurt muhabiri Joe Miller\u2019\u0131n, \u015eahin ve T\u00fcreci\u2019nin katk\u0131lar\u0131n\u0131n yan\u0131 s\u0131ra elliden fazla bilim insan\u0131, politikac\u0131, halk sa\u011fl\u0131\u011f\u0131 yetkilisi ve BioNTech personeli ile yapt\u0131\u011f\u0131 r\u00f6portajlardan olu\u015fuyor ve \u00e7a\u011f\u0131m\u0131z\u0131n en \u00f6nemli at\u0131l\u0131m\u0131n\u0131n arkas\u0131ndaki bilimsel, ekonomik ve ki\u015fisel ge\u00e7mi\u015fi a\u00e7\u0131kl\u0131yor. \u0130ki s\u0131rad\u0131\u015f\u0131 ki\u015finin etkileyici hik\u00e2yesi\u2026 \u015e\u00fcphesiz bu, tarihin ilk tasla\u011f\u0131&#8230; <\/p>\n","protected":false},"excerpt":{"rendered":"<p>\u201cBu hastal\u0131\u011f\u0131 -keza kanser ve di\u011fer pek \u00e7ok hastal\u0131\u011f\u0131 da- yenmek i\u00e7in yeni bir bilimsel y\u00f6ntem kullanma aray\u0131\u015flar\u0131n\u0131n hik\u00e2yesi onlar\u0131 \u00e7a\u011f\u0131m\u0131z\u0131n kahraman\u0131 yapmaya yetecekti.\u201d\u2014Bloomberg \u201c\u00d6zlem T\u00fcreci<span class=\"excerpt-hellip\"> [\u2026]<\/span><\/p>\n","protected":false},"featured_media":0,"template":"","meta":{"_monsterinsights_skip_tracking":false,"_monsterinsights_sitenote_active":false,"_monsterinsights_sitenote_note":"","_monsterinsights_sitenote_category":0},"product_brand":[],"product_cat":[13043,17647],"product_tag":[],"class_list":{"0":"post-736019","1":"product","2":"type-product","3":"status-publish","5":"product_cat-ekonomi","6":"product_cat-is-dunyasi","7":"pa_cilt-ciltsiz","8":"pa_tur-kitap","9":"pa_yayinevi-kronik-kitap","10":"pa_yazar-joe-miller","12":"first","13":"instock","14":"sale","15":"shipping-taxable","16":"purchasable","17":"product-type-simple"},"_links":{"self":[{"href":"https:\/\/roveyayinevi.com.tr\/index.php\/wp-json\/wp\/v2\/product\/736019","targetHints":{"allow":["GET"]}}],"collection":[{"href":"https:\/\/roveyayinevi.com.tr\/index.php\/wp-json\/wp\/v2\/product"}],"about":[{"href":"https:\/\/roveyayinevi.com.tr\/index.php\/wp-json\/wp\/v2\/types\/product"}],"wp:attachment":[{"href":"https:\/\/roveyayinevi.com.tr\/index.php\/wp-json\/wp\/v2\/media?parent=736019"}],"wp:term":[{"taxonomy":"product_brand","embeddable":true,"href":"https:\/\/roveyayinevi.com.tr\/index.php\/wp-json\/wp\/v2\/product_brand?post=736019"},{"taxonomy":"product_cat","embeddable":true,"href":"https:\/\/roveyayinevi.com.tr\/index.php\/wp-json\/wp\/v2\/product_cat?post=736019"},{"taxonomy":"product_tag","embeddable":true,"href":"https:\/\/roveyayinevi.com.tr\/index.php\/wp-json\/wp\/v2\/product_tag?post=736019"}],"curies":[{"name":"wp","href":"https:\/\/api.w.org\/{rel}","templated":true}]}}