{"id":736013,"date":"2025-08-27T22:59:17","date_gmt":"2025-08-27T19:59:17","guid":{"rendered":"https:\/\/roveyayinevi.com.tr\/index.php\/urun\/maymun-pencesi-ve-diger-oykuler\/"},"modified":"2026-04-16T02:44:43","modified_gmt":"2026-04-15T23:44:43","slug":"maymun-pencesi-ve-diger-oykuler","status":"publish","type":"product","link":"https:\/\/roveyayinevi.com.tr\/index.php\/urun\/maymun-pencesi-ve-diger-oykuler\/","title":{"rendered":"Maymun Pen\u00e7esi ve Di\u011fer \u00d6yk\u00fcler"},"content":{"rendered":"<p>\u201c\u2018Maymun Pen\u00e7esi\u2019, g\u00fcc\u00fcn\u00fc yas tutan bir ailenin kederinden alan y\u00fcrek par\u00e7alay\u0131c\u0131 bir hik\u00e2ye anlat\u0131r ve en sevdi\u011fim korku \u00f6yk\u00fclerinden biridir.\u201d \u2013Nathan Ballingrud   \u201cMaymun Pen\u00e7esi\u201d \u00f6yk\u00fcs\u00fcyle Stephen King ve Ray Bradbury gibi usta yazarlar\u0131, The XFiles, The Twilight Zone, Buffy the Vampire Slayer gibi pop\u00fcler k\u00fclt\u00fcr eserlerini etkileyen Jacobs, korku edebiyat\u0131n\u0131n mihenk ta\u015flar\u0131ndan biri. Maymun Pen\u00e7esi ve Di\u011fer \u00d6yk\u00fcler ise korkunun psikolojik taraf\u0131na e\u011filmesiyle dikkat \u00e7eken yazar\u0131n, deh\u015feti do\u011frudan g\u00f6stermekten ziyade \u00fcrk\u00fcn\u00e7l\u00fck ve \u00fcrperti odakl\u0131 \u00fcslubunu yans\u0131tt\u0131\u011f\u0131 \u00f6yk\u00fclerden olu\u015fan bir derleme.   Bu kitapta, dilekleri korkun\u00e7 bir \u015fekilde yerine getiren b\u00fcy\u00fcl\u00fc bir maymun pen\u00e7esini, karde\u015flere musallat olan bir hayaleti, kimsenin kalmaya cesaret edemedi\u011fi bir evde ge\u00e7irilen bir geceyi, \u00e7al\u0131nt\u0131 bir elmas\u0131n sebep oldu\u011fu korkun\u00e7 \u00f6l\u00fcmleri, hortlaklara inan\u0131p inanmamak aras\u0131nda gidip gelenlerin ba\u015flar\u0131na gelen tekinsiz olaylar\u0131, deh\u015fet verici bir s\u0131rr\u0131n sakland\u0131\u011f\u0131 bir kuyuyu anlatan, ak\u0131l ile bat\u0131l aras\u0131nda gezinen \u00f6yk\u00fcler bulacaks\u0131n\u0131z.   Ne diledi\u011fine dikkat et! <\/p>\n","protected":false},"excerpt":{"rendered":"<p>\u201c\u2018Maymun Pen\u00e7esi\u2019, g\u00fcc\u00fcn\u00fc yas tutan bir ailenin kederinden alan y\u00fcrek par\u00e7alay\u0131c\u0131 bir hik\u00e2ye anlat\u0131r ve en sevdi\u011fim korku \u00f6yk\u00fclerinden biridir.\u201d \u2013Nathan Ballingrud \u201cMaymun Pen\u00e7esi\u201d \u00f6yk\u00fcs\u00fcyle Stephen<span class=\"excerpt-hellip\"> [\u2026]<\/span><\/p>\n","protected":false},"featured_media":0,"template":"","meta":{"_monsterinsights_skip_tracking":false,"_monsterinsights_sitenote_active":false,"_monsterinsights_sitenote_note":"","_monsterinsights_sitenote_category":0},"product_brand":[],"product_cat":[12291,17033],"product_tag":[],"class_list":{"0":"post-736013","1":"product","2":"type-product","3":"status-publish","5":"product_cat-edebiyat","6":"product_cat-korku-gerilim","7":"pa_cilt-ciltsiz","8":"pa_tur-kitap","9":"pa_yayinevi-ithaki-yayinlari","10":"pa_yazar-w-w-jacobs","12":"first","13":"instock","14":"sale","15":"shipping-taxable","16":"purchasable","17":"product-type-simple"},"_links":{"self":[{"href":"https:\/\/roveyayinevi.com.tr\/index.php\/wp-json\/wp\/v2\/product\/736013","targetHints":{"allow":["GET"]}}],"collection":[{"href":"https:\/\/roveyayinevi.com.tr\/index.php\/wp-json\/wp\/v2\/product"}],"about":[{"href":"https:\/\/roveyayinevi.com.tr\/index.php\/wp-json\/wp\/v2\/types\/product"}],"wp:attachment":[{"href":"https:\/\/roveyayinevi.com.tr\/index.php\/wp-json\/wp\/v2\/media?parent=736013"}],"wp:term":[{"taxonomy":"product_brand","embeddable":true,"href":"https:\/\/roveyayinevi.com.tr\/index.php\/wp-json\/wp\/v2\/product_brand?post=736013"},{"taxonomy":"product_cat","embeddable":true,"href":"https:\/\/roveyayinevi.com.tr\/index.php\/wp-json\/wp\/v2\/product_cat?post=736013"},{"taxonomy":"product_tag","embeddable":true,"href":"https:\/\/roveyayinevi.com.tr\/index.php\/wp-json\/wp\/v2\/product_tag?post=736013"}],"curies":[{"name":"wp","href":"https:\/\/api.w.org\/{rel}","templated":true}]}}