{"id":736011,"date":"2025-08-27T22:59:14","date_gmt":"2025-08-27T19:59:14","guid":{"rendered":"https:\/\/roveyayinevi.com.tr\/index.php\/urun\/gor-bagir\/"},"modified":"2026-04-16T02:44:43","modified_gmt":"2026-04-15T23:44:43","slug":"gor-bagir","status":"publish","type":"product","link":"https:\/\/roveyayinevi.com.tr\/index.php\/urun\/gor-bagir\/","title":{"rendered":"G\u00f6r Ba\u011f\u0131r"},"content":{"rendered":"<p>Devam edemeyenler, a\u015fk\u0131 bedel \u00f6demek sayanlar, basama\u011fa damlayan kanlar, \u00f6l\u00fc bal\u0131k gibi bakanlar, iyiler, k\u00f6t\u00fc ve \u00e7irkinler, ni\u015fan alanlar, hep bir a\u011f\u0131zdan hayk\u0131ranlar, Medusa ba\u015flar\u0131 ve a\u00e7 kalan \u0130salar.   Fuat Sevimay, yeni \u00f6yk\u00fc kitab\u0131 G\u00f6r Ba\u011f\u0131r ile tamir edilmeyi bekleyen bir makinenin par\u00e7alar\u0131n\u0131 g\u00f6steriyor bize. Aram\u0131zdakileri de\u011fil, do\u011frudan bizi, hem de laf\u0131 e\u011fip b\u00fckmeden anlatmay\u0131 ye\u011fliyor. Bir duygu ortakl\u0131\u011f\u0131 kuruyor yabanc\u0131 sayd\u0131klar\u0131m\u0131zla aram\u0131zda.   \u201cNe\u015feli g\u00fcnlerdik her \u015feye ra\u011fmen. Millet Corona\u2019dan tak\u0131r tak\u0131r k\u0131r\u0131l\u0131yor, d\u00fckk\u00e2nlar, i\u015f yerleri hepten kapal\u0131, turuncu kafa Amerikan yav\u015fa\u011f\u0131 her g\u00fcn bir laf yumurtluyor ama olsun. Biz dalgam\u0131zda d\u00fcmenimizdeyiz. Tipi kay\u0131klar mahallede Allah\u2019\u0131n g\u00fcn\u00fc bang\u0131r bang\u0131r ba\u011f\u0131r\u0131yor. D\u00f6viz alm\u0131\u015f ba\u015f\u0131n\u0131 gidiyor, cep delik cepken delik, i\u015fsiziz ve yar\u0131n\u0131m\u0131z belirsiz ama olsun. \u0130nceden inceye muhabbetimize bak\u0131yoruz. Bizim mahalleden sahile indi\u011fimiz k\u00f6\u015fede FEB Bankas\u0131 var ya hani, tabelas\u0131 yanarken b\u00fct\u00fcn gece \u0131\u015f\u0131k \u0131\u015f\u0131k ve hani ben g\u00fczeller g\u00fczeli Emel\u2019e s\u0131r\u0131ls\u0131klam \u00e2\u015f\u0131k.\u201d <\/p>\n","protected":false},"excerpt":{"rendered":"<p>Devam edemeyenler, a\u015fk\u0131 bedel \u00f6demek sayanlar, basama\u011fa damlayan kanlar, \u00f6l\u00fc bal\u0131k gibi bakanlar, iyiler, k\u00f6t\u00fc ve \u00e7irkinler, ni\u015fan alanlar, hep bir a\u011f\u0131zdan hayk\u0131ranlar, Medusa ba\u015flar\u0131 ve<span class=\"excerpt-hellip\"> [\u2026]<\/span><\/p>\n","protected":false},"featured_media":0,"template":"","meta":{"_monsterinsights_skip_tracking":false,"_monsterinsights_sitenote_active":false,"_monsterinsights_sitenote_note":"","_monsterinsights_sitenote_category":0},"product_brand":[],"product_cat":[12291,12711],"product_tag":[],"class_list":{"0":"post-736011","1":"product","2":"type-product","3":"status-publish","5":"product_cat-edebiyat","6":"product_cat-roman-oyku","7":"pa_cilt-ciltsiz","8":"pa_tur-kitap","9":"pa_yayinevi-ithaki-yayinlari","10":"pa_yazar-fuat-sevimay","12":"first","13":"instock","14":"sale","15":"shipping-taxable","16":"purchasable","17":"product-type-simple"},"_links":{"self":[{"href":"https:\/\/roveyayinevi.com.tr\/index.php\/wp-json\/wp\/v2\/product\/736011","targetHints":{"allow":["GET"]}}],"collection":[{"href":"https:\/\/roveyayinevi.com.tr\/index.php\/wp-json\/wp\/v2\/product"}],"about":[{"href":"https:\/\/roveyayinevi.com.tr\/index.php\/wp-json\/wp\/v2\/types\/product"}],"wp:attachment":[{"href":"https:\/\/roveyayinevi.com.tr\/index.php\/wp-json\/wp\/v2\/media?parent=736011"}],"wp:term":[{"taxonomy":"product_brand","embeddable":true,"href":"https:\/\/roveyayinevi.com.tr\/index.php\/wp-json\/wp\/v2\/product_brand?post=736011"},{"taxonomy":"product_cat","embeddable":true,"href":"https:\/\/roveyayinevi.com.tr\/index.php\/wp-json\/wp\/v2\/product_cat?post=736011"},{"taxonomy":"product_tag","embeddable":true,"href":"https:\/\/roveyayinevi.com.tr\/index.php\/wp-json\/wp\/v2\/product_tag?post=736011"}],"curies":[{"name":"wp","href":"https:\/\/api.w.org\/{rel}","templated":true}]}}