{"id":736003,"date":"2025-08-27T22:59:06","date_gmt":"2025-08-27T19:59:06","guid":{"rendered":"https:\/\/roveyayinevi.com.tr\/index.php\/urun\/yirminci-asir-filozoflari\/"},"modified":"2026-04-16T02:44:43","modified_gmt":"2026-04-15T23:44:43","slug":"yirminci-asir-filozoflari","status":"publish","type":"product","link":"https:\/\/roveyayinevi.com.tr\/index.php\/urun\/yirminci-asir-filozoflari\/","title":{"rendered":"Yirminci As\u0131r Filozoflar\u0131"},"content":{"rendered":"<p>Modern Bat\u0131 d\u00fc\u015f\u00fcncesinin kendi d\u00f6nemindeki fikri tart\u0131\u015fmalar\u0131n\u0131 tarihsel perspektifi i\u00e7inde, kendi entelekt\u00fcel y\u00f6nelimleri ve \u00e7at\u0131\u015fmalar\u0131n\u0131 da yans\u0131tacak \u015fekilde yorumlayarak aktaran Hilmi Ziya \u00dclken, 20. y\u00fczy\u0131l\u0131n \u00f6nemli filozoflar\u0131 ve d\u00fc\u015f\u00fcnceleri \u00fczerinden idealizm ile realizm aras\u0131nda ya\u015fand\u0131\u011f\u0131n\u0131 d\u00fc\u015f\u00fcnd\u00fc\u011f\u00fc bunal\u0131m\u0131 t\u00fcm y\u00f6nleriyle ele al\u0131yor. Bir yandan ba\u015f d\u00f6nd\u00fcr\u00fcc\u00fc bilimsel geli\u015fmeler ve onlar\u0131n felsefedeki izd\u00fc\u015f\u00fcmlerini, mesela Viyana \u00c7evresi\u2019nin merkezde oldu\u011fu, Schlick, Carnap, gene Einstein, Mach ya da G\u00f6del vd. \u00fczerinden y\u00fcr\u00fcyen tart\u0131\u015fmalar\u0131 yans\u0131t\u0131rken, di\u011fer yandan bir ara yak\u0131n ilgi duydu\u011funu belirtti\u011fi fenomenolojinin ve sezgicili\u011fin \u00f6nemli isimlerinin, yani Husserl, Heidegger, Bergson vd.; ve gene Scheler, Russell, Whitehead, Cassirer, Simmel\u2019in etraf\u0131nda odaklanan tart\u0131\u015fmalar\u0131 ve d\u00fc\u015f\u00fcnceleri, g\u00fcncel bilgiye eri\u015fimin bug\u00fcne g\u00f6re olduk\u00e7a k\u0131s\u0131tl\u0131 oldu\u011fu o d\u00f6nemde, b\u00fcy\u00fck bir yetkinlikle ortaya koyuyor. \u201cYirminci As\u0131r Filozoflar\u0131, bug\u00fcnk\u00fc felsefe ak\u0131mlar\u0131n\u0131 m\u00fcmk\u00fcn oldu\u011fu kadar do\u011frudan filozoflar\u0131n a\u011fz\u0131ndan izaha \u00e7al\u0131\u015fan bir kitapt\u0131r. Bu ak\u0131mlar hakk\u0131nda ayr\u0131 ayr\u0131 veya umumi bir tenkide girmezden \u00f6nce onlar\u0131n tan\u0131nm\u0131\u015f olmalar\u0131 l\u00e2z\u0131m geldi\u011fi d\u00fc\u015f\u00fcncesiyle, bilhassa felsefe sistemlerinin anlat\u0131lmas\u0131nda objektif kalmaya gayret ettim. B\u00f6yle olmakla beraber bu kitap, \u00e2deta m\u00fcellifin fikr\u00ee hayat\u0131n\u0131n bir tarih\u00e7esi oldu\u011fu i\u00e7in, orada s\u0131ras\u0131yla meyledilen ve tesiri alt\u0131nda kal\u0131nan ak\u0131mlar g\u00f6r\u00fclecektir.\u201d <\/p>\n","protected":false},"excerpt":{"rendered":"<p>Modern Bat\u0131 d\u00fc\u015f\u00fcncesinin kendi d\u00f6nemindeki fikri tart\u0131\u015fmalar\u0131n\u0131 tarihsel perspektifi i\u00e7inde, kendi entelekt\u00fcel y\u00f6nelimleri ve \u00e7at\u0131\u015fmalar\u0131n\u0131 da yans\u0131tacak \u015fekilde yorumlayarak aktaran Hilmi Ziya \u00dclken, 20. y\u00fczy\u0131l\u0131n \u00f6nemli<span class=\"excerpt-hellip\"> [\u2026]<\/span><\/p>\n","protected":false},"featured_media":0,"template":"","meta":{"_monsterinsights_skip_tracking":false,"_monsterinsights_sitenote_active":false,"_monsterinsights_sitenote_note":"","_monsterinsights_sitenote_category":0},"product_brand":[],"product_cat":[12388,26788],"product_tag":[],"class_list":{"0":"post-736003","1":"product","2":"type-product","3":"status-publish","5":"product_cat-felsefe","6":"product_cat-filozoflar","7":"pa_cilt-ciltsiz","8":"pa_tur-kitap","9":"pa_yayinevi-dogu-bati-yayinlari","10":"pa_yazar-hilmi-ziya-ulken","12":"first","13":"instock","14":"sale","15":"shipping-taxable","16":"purchasable","17":"product-type-simple"},"_links":{"self":[{"href":"https:\/\/roveyayinevi.com.tr\/index.php\/wp-json\/wp\/v2\/product\/736003","targetHints":{"allow":["GET"]}}],"collection":[{"href":"https:\/\/roveyayinevi.com.tr\/index.php\/wp-json\/wp\/v2\/product"}],"about":[{"href":"https:\/\/roveyayinevi.com.tr\/index.php\/wp-json\/wp\/v2\/types\/product"}],"wp:attachment":[{"href":"https:\/\/roveyayinevi.com.tr\/index.php\/wp-json\/wp\/v2\/media?parent=736003"}],"wp:term":[{"taxonomy":"product_brand","embeddable":true,"href":"https:\/\/roveyayinevi.com.tr\/index.php\/wp-json\/wp\/v2\/product_brand?post=736003"},{"taxonomy":"product_cat","embeddable":true,"href":"https:\/\/roveyayinevi.com.tr\/index.php\/wp-json\/wp\/v2\/product_cat?post=736003"},{"taxonomy":"product_tag","embeddable":true,"href":"https:\/\/roveyayinevi.com.tr\/index.php\/wp-json\/wp\/v2\/product_tag?post=736003"}],"curies":[{"name":"wp","href":"https:\/\/api.w.org\/{rel}","templated":true}]}}