{"id":735997,"date":"2025-08-27T22:59:00","date_gmt":"2025-08-27T19:59:00","guid":{"rendered":"https:\/\/roveyayinevi.com.tr\/index.php\/urun\/yan-kapidan-girenler\/"},"modified":"2026-03-12T02:54:45","modified_gmt":"2026-03-11T23:54:45","slug":"yan-kapidan-girenler","status":"publish","type":"product","link":"https:\/\/roveyayinevi.com.tr\/index.php\/urun\/yan-kapidan-girenler\/","title":{"rendered":"Yan Kap\u0131dan Girenler"},"content":{"rendered":"<p>Sanat tarih\u00e7isi ve akademisyen Elif Dastarl\u0131\u2019n\u0131n yazd\u0131\u011f\u0131 Yan Kap\u0131dan Girenler: Modern T\u00fcrk Resminin Analizi, T\u00fcrkiye\u2019nin modernle\u015fme s\u00fcrecini sanat yoluyla izliyor ve \u201cModern T\u00fcrk sanat\u0131 nedir?\u201d sorusunu cevaplamaya \u00e7al\u0131\u015f\u0131yor. Evdeki ve sokaktaki hayat\u0131n, kad\u0131n\u0131n ya\u015fam\u0131n\u0131n ve \u00f6zg\u00fcrl\u00fc\u011f\u00fcn\u00fcn, sanat\u00e7\u0131n\u0131n bir kimlik olarak ispat\u0131n\u0131n, sanayinin geli\u015fiminin, mimarinin hatta sporun modernle\u015fme s\u00fcrecinde katetti\u011fi yolu T\u00fcrk resim sanat\u0131n\u0131n penceresinden sosyolojik bir perspektifle ele al\u0131yor. Modernle\u015fmenin Bat\u0131l\u0131la\u015fma ile \u00f6zde\u015f tutulmas\u0131na dair bak\u0131\u015f\u0131n eksik-fazla y\u00f6nlerine de\u011finerek, resim sanat\u0131 \u00fczerinden kapsaml\u0131 bir okuma yap\u0131yor.   Yan Kap\u0131dan Girenler: Modern T\u00fcrk Resminin Analizi, do\u011fru y\u00f6ntemle do\u011fru bilgiyi vermeye ve disiplinin elverdi\u011fi \u00f6l\u00e7\u00fcde mesafeyi koruyarak eseri yorumlamaya \u00e7al\u0131\u015f\u0131rken, hem akademik alana ba\u011fl\u0131 kal\u0131yor hem de herkesin T\u00fcrk sanat\u0131 tarihinin belirli bir d\u00f6nemini rahatl\u0131kla okuyabilmesini ama\u00e7l\u0131yor. Rafaello\u2019yu, Monet\u2019yi, van Gogh\u2019u tan\u0131rken Halil Pa\u015fa\u2019y\u0131, M\u00fcfide Kadri\u2019yi, Ali Avni \u00c7elebi\u2019yi tan\u0131maman\u0131n art\u0131k T\u00fcrkiye\u2019deki okuryazar herkesin a\u015fmas\u0131 gereken bir sorun oldu\u011funu iddia ediyor. <\/p>\n","protected":false},"excerpt":{"rendered":"<p>Sanat tarih\u00e7isi ve akademisyen Elif Dastarl\u0131\u2019n\u0131n yazd\u0131\u011f\u0131 Yan Kap\u0131dan Girenler: Modern T\u00fcrk Resminin Analizi, T\u00fcrkiye\u2019nin modernle\u015fme s\u00fcrecini sanat yoluyla izliyor ve \u201cModern T\u00fcrk sanat\u0131 nedir?\u201d sorusunu<span class=\"excerpt-hellip\"> [\u2026]<\/span><\/p>\n","protected":false},"featured_media":0,"template":"","meta":{"_monsterinsights_skip_tracking":false,"_monsterinsights_sitenote_active":false,"_monsterinsights_sitenote_note":"","_monsterinsights_sitenote_category":0},"product_brand":[],"product_cat":[12408,14197],"product_tag":[],"class_list":{"0":"post-735997","1":"product","2":"type-product","3":"status-publish","5":"product_cat-sanat","6":"product_cat-sanat-tarihi","7":"pa_cilt-ciltsiz","8":"pa_tur-kitap","9":"pa_yayinevi-hayalperest-yayinlari","10":"pa_yazar-elif-dastarli","12":"first","13":"instock","14":"sale","15":"shipping-taxable","16":"purchasable","17":"product-type-simple"},"_links":{"self":[{"href":"https:\/\/roveyayinevi.com.tr\/index.php\/wp-json\/wp\/v2\/product\/735997","targetHints":{"allow":["GET"]}}],"collection":[{"href":"https:\/\/roveyayinevi.com.tr\/index.php\/wp-json\/wp\/v2\/product"}],"about":[{"href":"https:\/\/roveyayinevi.com.tr\/index.php\/wp-json\/wp\/v2\/types\/product"}],"wp:attachment":[{"href":"https:\/\/roveyayinevi.com.tr\/index.php\/wp-json\/wp\/v2\/media?parent=735997"}],"wp:term":[{"taxonomy":"product_brand","embeddable":true,"href":"https:\/\/roveyayinevi.com.tr\/index.php\/wp-json\/wp\/v2\/product_brand?post=735997"},{"taxonomy":"product_cat","embeddable":true,"href":"https:\/\/roveyayinevi.com.tr\/index.php\/wp-json\/wp\/v2\/product_cat?post=735997"},{"taxonomy":"product_tag","embeddable":true,"href":"https:\/\/roveyayinevi.com.tr\/index.php\/wp-json\/wp\/v2\/product_tag?post=735997"}],"curies":[{"name":"wp","href":"https:\/\/api.w.org\/{rel}","templated":true}]}}