{"id":735985,"date":"2025-08-27T22:58:46","date_gmt":"2025-08-27T19:58:46","guid":{"rendered":"https:\/\/roveyayinevi.com.tr\/index.php\/urun\/kayip-3\/"},"modified":"2026-04-16T02:44:42","modified_gmt":"2026-04-15T23:44:42","slug":"kayip-3","status":"publish","type":"product","link":"https:\/\/roveyayinevi.com.tr\/index.php\/urun\/kayip-3\/","title":{"rendered":"Kay\u0131p"},"content":{"rendered":"<p>Kay\u0131p (Amerika) roman\u0131n\u0131n bu bas\u0131m\u0131 Cem Yay\u0131nevi&#8217;nde \u015fimdiye kadar \u00e7\u0131kan bas\u0131mlardan farkl\u0131 bir \u00f6zellik ta\u015f\u0131yor. Daha \u00f6nceki \u00e7evirilerde Kay\u0131p (Amerika)n\u0131n, Kafka&#8217;n\u0131n yak\u0131n dostu Max Brod taraf\u0131ndan bask\u0131ya haz\u0131rlanm\u0131\u015f metni temel al\u0131nm\u0131\u015fken, bu kez Kafka yap\u0131tlar\u0131n\u0131n &#8220;Edisyon Kritik&#8221; dizisinde J. Schillemeit&#8217;in bask\u0131ya haz\u0131rlad\u0131\u011f\u0131 metin temel al\u0131narak \u00e7evrilmi\u015ftir. <\/p>\n","protected":false},"excerpt":{"rendered":"<p>Kay\u0131p (Amerika) roman\u0131n\u0131n bu bas\u0131m\u0131 Cem Yay\u0131nevi&#8217;nde \u015fimdiye kadar \u00e7\u0131kan bas\u0131mlardan farkl\u0131 bir \u00f6zellik ta\u015f\u0131yor. Daha \u00f6nceki \u00e7evirilerde Kay\u0131p (Amerika)n\u0131n, Kafka&#8217;n\u0131n yak\u0131n dostu Max Brod taraf\u0131ndan<span class=\"excerpt-hellip\"> [\u2026]<\/span><\/p>\n","protected":false},"featured_media":0,"template":"","meta":{"_monsterinsights_skip_tracking":false,"_monsterinsights_sitenote_active":false,"_monsterinsights_sitenote_note":"","_monsterinsights_sitenote_category":0},"product_brand":[],"product_cat":[12291,12711],"product_tag":[],"class_list":{"0":"post-735985","1":"product","2":"type-product","3":"status-publish","5":"product_cat-edebiyat","6":"product_cat-roman-oyku","7":"pa_cilt-ciltsiz","8":"pa_tur-kitap","9":"pa_yayinevi-cem-yayinevi","10":"pa_yazar-franz-kafka","12":"first","13":"instock","14":"sale","15":"shipping-taxable","16":"purchasable","17":"product-type-simple"},"_links":{"self":[{"href":"https:\/\/roveyayinevi.com.tr\/index.php\/wp-json\/wp\/v2\/product\/735985","targetHints":{"allow":["GET"]}}],"collection":[{"href":"https:\/\/roveyayinevi.com.tr\/index.php\/wp-json\/wp\/v2\/product"}],"about":[{"href":"https:\/\/roveyayinevi.com.tr\/index.php\/wp-json\/wp\/v2\/types\/product"}],"wp:attachment":[{"href":"https:\/\/roveyayinevi.com.tr\/index.php\/wp-json\/wp\/v2\/media?parent=735985"}],"wp:term":[{"taxonomy":"product_brand","embeddable":true,"href":"https:\/\/roveyayinevi.com.tr\/index.php\/wp-json\/wp\/v2\/product_brand?post=735985"},{"taxonomy":"product_cat","embeddable":true,"href":"https:\/\/roveyayinevi.com.tr\/index.php\/wp-json\/wp\/v2\/product_cat?post=735985"},{"taxonomy":"product_tag","embeddable":true,"href":"https:\/\/roveyayinevi.com.tr\/index.php\/wp-json\/wp\/v2\/product_tag?post=735985"}],"curies":[{"name":"wp","href":"https:\/\/api.w.org\/{rel}","templated":true}]}}