{"id":735980,"date":"2025-08-27T22:58:41","date_gmt":"2025-08-27T19:58:41","guid":{"rendered":"https:\/\/roveyayinevi.com.tr\/index.php\/urun\/buhara-hanligi-doneminden-cumhuriyete-turkiye-ozbekistan-iliskileri-ve-osman-kocaoglu\/"},"modified":"2026-04-16T02:44:42","modified_gmt":"2026-04-15T23:44:42","slug":"buhara-hanligi-doneminden-cumhuriyete-turkiye-ozbekistan-iliskileri-ve-osman-kocaoglu","status":"publish","type":"product","link":"https:\/\/roveyayinevi.com.tr\/index.php\/urun\/buhara-hanligi-doneminden-cumhuriyete-turkiye-ozbekistan-iliskileri-ve-osman-kocaoglu\/","title":{"rendered":"Buhara Hanl\u0131\u011f\u0131 D\u00f6neminden Cumhuriyete &#8211; T\u00fcrkiye \u00d6zbekistan \u0130li\u015fkileri ve Osman Kocao\u011flu"},"content":{"rendered":"<p>Buhara (\u00d6zbekistan) ve T\u00fcrkiye&#8230; \u0130ki uzak diyar g\u00f6r\u00fcnse de, aralar\u0131nda engin denizler ve y\u00fcce da\u011flar olsa da bir kan bir cand\u0131r. Ayn\u0131 kalbin iki bedende at\u0131\u015f\u0131d\u0131r, ayn\u0131 ruhun iki bedende duru\u015fudur. Tarih bunu bize g\u00f6stermi\u015ftir. Buhara \u2013 T\u00fcrkiye T\u00fcrkl\u00fc\u011f\u00fc ili\u015fkilerinin ilk belgeleri \u015fimdilik Fatih Sultan Mehmed D\u00f6nemi\u2019ne (1451-1581) kadar gitmektedir. Ancak \u00e7al\u0131\u015fman\u0131n daha sonraki bask\u0131lar\u0131nda konunun daha da gerilere gidece\u011fi umudunday\u0131z. Fatih\u2019ten bu yana hi\u00e7 kesintiye u\u011framadan devam etti\u011fi ortadad\u0131r. I. D\u00fcnya Sava\u015f\u0131 sonras\u0131nda Osmanl\u0131 Devleti tarih sahnesinden \u00e7ekilirken Anadolu\u2019da T\u00fcrk Milleti d\u00f6rt bir taraf\u0131ndan emperyalist devletler taraf\u0131ndan i\u015fgale u\u011fram\u0131\u015f idi. T\u00fcrkiye T\u00fcrkl\u00fc\u011f\u00fc d\u00fcnyan\u0131n en g\u00fc\u00e7l\u00fc devletlerine kar\u015f\u0131 Milli bir m\u00fccadeleye girmek zorunda kalm\u0131\u015ft\u0131. Tam da bu s\u0131rada Buhara halk\u0131 ve onlar\u0131n de\u011ferli Cumhurba\u015fkan\u0131 Osman Hoca karde\u015flerinin yard\u0131m\u0131na yeti\u015fmi\u015f, ellerinde avu\u00e7lar\u0131ndaki b\u00fct\u00fcn varl\u0131klar\u0131n\u0131 Mustafa Kemal Pa\u015fa liderli\u011findeki karde\u015flerine g\u00f6ndermi\u015flerdir. Milli M\u00fccadele\u2019de bu yard\u0131mlar\u0131n \u00e7ok \u00f6nemli bir yeri vard\u0131r. <\/p>\n","protected":false},"excerpt":{"rendered":"<p>Buhara (\u00d6zbekistan) ve T\u00fcrkiye&#8230; \u0130ki uzak diyar g\u00f6r\u00fcnse de, aralar\u0131nda engin denizler ve y\u00fcce da\u011flar olsa da bir kan bir cand\u0131r. Ayn\u0131 kalbin iki bedende at\u0131\u015f\u0131d\u0131r,<span class=\"excerpt-hellip\"> [\u2026]<\/span><\/p>\n","protected":false},"featured_media":0,"template":"","meta":{"_monsterinsights_skip_tracking":false,"_monsterinsights_sitenote_active":false,"_monsterinsights_sitenote_note":"","_monsterinsights_sitenote_category":0},"product_brand":[],"product_cat":[12370,12304],"product_tag":[],"class_list":{"0":"post-735980","1":"product","2":"type-product","3":"status-publish","5":"product_cat-arastirma-inceleme","6":"product_cat-tarih","7":"pa_cilt-ciltsiz","8":"pa_tur-kitap","9":"pa_yayinevi-altinordu-yayinlari","10":"pa_yazar-said-abdulaziz-yusupov-osman-kubilay-gul","12":"first","13":"instock","14":"sale","15":"shipping-taxable","16":"purchasable","17":"product-type-simple"},"_links":{"self":[{"href":"https:\/\/roveyayinevi.com.tr\/index.php\/wp-json\/wp\/v2\/product\/735980","targetHints":{"allow":["GET"]}}],"collection":[{"href":"https:\/\/roveyayinevi.com.tr\/index.php\/wp-json\/wp\/v2\/product"}],"about":[{"href":"https:\/\/roveyayinevi.com.tr\/index.php\/wp-json\/wp\/v2\/types\/product"}],"wp:attachment":[{"href":"https:\/\/roveyayinevi.com.tr\/index.php\/wp-json\/wp\/v2\/media?parent=735980"}],"wp:term":[{"taxonomy":"product_brand","embeddable":true,"href":"https:\/\/roveyayinevi.com.tr\/index.php\/wp-json\/wp\/v2\/product_brand?post=735980"},{"taxonomy":"product_cat","embeddable":true,"href":"https:\/\/roveyayinevi.com.tr\/index.php\/wp-json\/wp\/v2\/product_cat?post=735980"},{"taxonomy":"product_tag","embeddable":true,"href":"https:\/\/roveyayinevi.com.tr\/index.php\/wp-json\/wp\/v2\/product_tag?post=735980"}],"curies":[{"name":"wp","href":"https:\/\/api.w.org\/{rel}","templated":true}]}}