{"id":735971,"date":"2025-08-27T22:58:32","date_gmt":"2025-08-27T19:58:32","guid":{"rendered":"https:\/\/roveyayinevi.com.tr\/index.php\/urun\/george-orwell\/"},"modified":"2026-04-16T02:44:41","modified_gmt":"2026-04-15T23:44:41","slug":"george-orwell","status":"publish","type":"product","link":"https:\/\/roveyayinevi.com.tr\/index.php\/urun\/george-orwell\/","title":{"rendered":"George Orwell"},"content":{"rendered":"<p>&#8220;Pe\u015findeki \u015feytanlar,\u00c7ekti\u011fi \u0131zd\u0131rap,Hepsini alt etme sava\u015f\u0131 ve d\u00fc\u015f\u00fcnceleri h\u00e2l\u00e2 bizimle.&#8221;Bu roman, ger\u00e7ek ad\u0131 Eric Arthur Blair olan George Orwell\u2019in ya\u015fam\u0131ndaki ger\u00e7ek olaylara dayan\u0131r.Hayvan \u00c7iftli\u011fi ile edebiyat d\u00fcnyas\u0131nda b\u00fcy\u00fck yank\u0131 uyand\u0131ran Orwell\u2019in k\u00f6t\u00fcye giden sa\u011fl\u0131\u011f\u0131, ikili ili\u015fkilerindeki \u00e7alkant\u0131lar ve \u00e7ocu\u011funu yeti\u015ftirme s\u00fcrecindeki sorumluluklara ra\u011fmen 1984\u2019\u00fc tamamlamak u\u011fruna ge\u00e7irdi\u011fi dramatik g\u00fcnler\u2026Benzersiz ve \u00fcrk\u00fct\u00fcc\u00fc distopyalar\u0131n yarat\u0131c\u0131s\u0131 George Orwell\u2019in son y\u0131llar\u0131, Norman Bissell\u2019\u0131n muzip kalemiyle d\u00f6nemin entelekt\u00fcel d\u00fcnyas\u0131na ve politik meselelerine de dokunmay\u0131 ihmal etmiyor.<\/p>\n","protected":false},"excerpt":{"rendered":"<p>&#8220;Pe\u015findeki \u015feytanlar,\u00c7ekti\u011fi \u0131zd\u0131rap,Hepsini alt etme sava\u015f\u0131 ve d\u00fc\u015f\u00fcnceleri h\u00e2l\u00e2 bizimle.&#8221;Bu roman, ger\u00e7ek ad\u0131 Eric Arthur Blair olan George Orwell\u2019in ya\u015fam\u0131ndaki ger\u00e7ek olaylara dayan\u0131r.Hayvan \u00c7iftli\u011fi ile edebiyat<span class=\"excerpt-hellip\"> [\u2026]<\/span><\/p>\n","protected":false},"featured_media":0,"template":"","meta":{"_monsterinsights_skip_tracking":false,"_monsterinsights_sitenote_active":false,"_monsterinsights_sitenote_note":"","_monsterinsights_sitenote_category":0},"product_brand":[],"product_cat":[12291,12711],"product_tag":[],"class_list":{"0":"post-735971","1":"product","2":"type-product","3":"status-publish","5":"product_cat-edebiyat","6":"product_cat-roman-oyku","7":"pa_cilt-ciltsiz","8":"pa_tur-kitap","9":"pa_yayinevi-yeni-insan-yayinlari","10":"pa_yazar-norman-bissell","12":"first","13":"instock","14":"sale","15":"shipping-taxable","16":"purchasable","17":"product-type-simple"},"_links":{"self":[{"href":"https:\/\/roveyayinevi.com.tr\/index.php\/wp-json\/wp\/v2\/product\/735971","targetHints":{"allow":["GET"]}}],"collection":[{"href":"https:\/\/roveyayinevi.com.tr\/index.php\/wp-json\/wp\/v2\/product"}],"about":[{"href":"https:\/\/roveyayinevi.com.tr\/index.php\/wp-json\/wp\/v2\/types\/product"}],"wp:attachment":[{"href":"https:\/\/roveyayinevi.com.tr\/index.php\/wp-json\/wp\/v2\/media?parent=735971"}],"wp:term":[{"taxonomy":"product_brand","embeddable":true,"href":"https:\/\/roveyayinevi.com.tr\/index.php\/wp-json\/wp\/v2\/product_brand?post=735971"},{"taxonomy":"product_cat","embeddable":true,"href":"https:\/\/roveyayinevi.com.tr\/index.php\/wp-json\/wp\/v2\/product_cat?post=735971"},{"taxonomy":"product_tag","embeddable":true,"href":"https:\/\/roveyayinevi.com.tr\/index.php\/wp-json\/wp\/v2\/product_tag?post=735971"}],"curies":[{"name":"wp","href":"https:\/\/api.w.org\/{rel}","templated":true}]}}