{"id":735970,"date":"2025-08-27T22:58:30","date_gmt":"2025-08-27T19:58:30","guid":{"rendered":"https:\/\/roveyayinevi.com.tr\/index.php\/urun\/iklim-krizinin-abcsi\/"},"modified":"2026-04-16T02:44:41","modified_gmt":"2026-04-15T23:44:41","slug":"iklim-krizinin-abcsi","status":"publish","type":"product","link":"https:\/\/roveyayinevi.com.tr\/index.php\/urun\/iklim-krizinin-abcsi\/","title":{"rendered":"\u0130klim Krizinin ABC\u2019si"},"content":{"rendered":"<p>\u201c\u0130klim Krizinin ABC\u2019si\u201d yeti\u015fkinler i\u00e7in yaz\u0131ld\u0131 ama okumay\u0131 bilen \u00e7ocuklar da bu kitapta \u00e7ok \u015fey bulacaklard\u0131r.Bize kal\u0131rsa, insanl\u0131\u011f\u0131n \u00f6n\u00fcndeki en b\u00fcy\u00fck mesele iklim krizidir. Bu kriz gelecekte de\u011fil \u015fimdi ger\u00e7ekle\u015fen bir y\u0131k\u0131md\u0131r. Engellemek elbette m\u00fcmk\u00fcn. Ancak ba\u015farmak i\u00e7in hemen harekete ge\u00e7mek gerekiyor.E\u011fer iklim uzman\u0131 de\u011filseniz, bu \u00e7izgi roman size iklim ve iklim de\u011fi\u015fikli\u011fi hakk\u0131nda bilmeniz gereken t\u00fcm detaylar\u0131 \u00e7izgilerle ve \u00f6zet h\u00e2linde veriyor. Daha \u00f6nemlisi ise \u201cNe yapmal\u0131?\u201d sorusuna se\u00e7enekler sunuyor.Kitab\u0131n sonu bir tavsiye ve bir koca bo\u015f sayfayla bitiyor. Bitirince l\u00fctfen okumas\u0131 i\u00e7in kitab\u0131 ba\u015fkas\u0131na hediye edin tavsiyesi ve iklim de\u011fi\u015fikli\u011fini \u00f6nlemek i\u00e7in siz neler yapars\u0131n\u0131z diye yazman\u0131z i\u00e7in bir koca bo\u015f sayfa.B\u00fcy\u00fckler i\u00e7in \u00e7izgi roman olunca haliyle bol bol espri ve ince ince ele\u015ftiri de var. Al\u0131nmaca dar\u0131lmaca yok ama\u2026&#8221;\u0130nsanl\u0131\u011f\u0131n, yerk\u00fcrenin do\u011fal kaynaklar\u0131n\u0131 Sanayi Devrimi\u2019nden bu yana hoyrat\u00e7a, sorumsuz ve s\u00fcrd\u00fcr\u00fclemez bir \u015fekilde kullanmas\u0131 k\u00fcresel \u0131s\u0131nma ve iklim de\u011fi\u015fikli\u011fine yol a\u00e7t\u0131. Yaratt\u0131\u011f\u0131 ekonomik y\u0131k\u0131m ve g\u00fcvenlik sorunu nedeniyle iklim de\u011fi\u015fikli\u011fi acil \u00e7\u00f6z\u00fcm bekleyen sorunlar aras\u0131nda uluslararas\u0131 g\u00fcndemin \u00fcst s\u0131ralar\u0131na yerle\u015fti. Son zamanlarda d\u00fcnya genelinde meydana gelen kas\u0131rgalar, a\u015f\u0131r\u0131 ya\u011f\u0131\u015flar, seller, orman yang\u0131nlar\u0131, kurakl\u0131k, tatl\u0131 su k\u0131tl\u0131\u011f\u0131 ve g\u0131da yetersizli\u011fi kar\u015f\u0131 kar\u015f\u0131ya bulundu\u011fumuz tehlikeyi a\u00e7\u0131k\u00e7a g\u00f6steriyor. \u0130klim de\u011fi\u015fikli\u011fi s\u0131n\u0131r, \u00fclke, b\u00f6lge, k\u0131ta tan\u0131m\u0131yor. Zengin, fakir, geli\u015fmi\u015f, geli\u015fmekte olan ayr\u0131m\u0131 yapm\u0131yor, olumsuz sonu\u00e7lar\u0131ndan herkes nasibini al\u0131yor. Bu nedenle T\u00fcrkiye bu global soruna duyars\u0131z kalmamal\u0131, ortak m\u00fccadelenin i\u00e7inde yer almal\u0131, ayr\u0131ca ekonomisini ve alt yap\u0131s\u0131n\u0131 iklim kaynakl\u0131 tehlikelere dayan\u0131kl\u0131 h\u00e2le getirmeli. Bu kitab\u0131n iklim de\u011fi\u015fikli\u011finin olu\u015fturdu\u011fu tehdide ili\u015fkin bilincin geli\u015ftirilmesi a\u00e7\u0131s\u0131ndan \u00f6\u011fretici ve ayd\u0131nlat\u0131c\u0131 oldu\u011funu d\u00fc\u015f\u00fcn\u00fcyorum.&#8221; &#8211; Mithat Rende, Emekli B\u00fcy\u00fckel\u00e7i&#8221;\u0130nsan t\u00fcr\u00fc  Afrika\u2019dan d\u00fcnyan\u0131n d\u00f6rt bir taraf\u0131na \u201ckurtulu\u015f\u201d i\u00e7in ka\u00e7t\u0131. Yerle\u015fti. \u00c7o\u011fald\u0131. \u015eimdi de baz\u0131lar\u0131 d\u00fcnya biterse diye uzaya ka\u00e7maya haz\u0131rlan\u0131yor. (Batan gemiyi ilk terk eden fareler gibi&#8230;) Ama birka\u00e7 gereksiz derecede zengin insan d\u0131\u015f\u0131nda biz buraday\u0131z. Buras\u0131 insan t\u00fcr\u00fcn\u00fcn ana evi. T\u00fcr Afrika\u2019dan d\u00fcnyaya da\u011f\u0131l\u0131rken neden ka\u00e7m\u0131\u015ft\u0131? Tam bilinmiyor. Ama bu sefer ba\u015f\u0131m\u0131za gelmekte olan felaketin nedenini biliyoruz: 10 bin y\u0131ll\u0131k iklim d\u00f6ng\u00fcs\u00fcn\u00fcn bozulmas\u0131. Bu bozulman\u0131n \u00f6nce bilmeden sonra da bile isteye sorumlusu bize, s\u00f6z\u00fcm ona daha iyi bir hayat sunan \u00fcreticiler, \u015firketler, devletler. Kendi kendimize neden oldu\u011fumuz bu b\u00fcy\u00fck do\u011fal felaketin b\u00fcy\u00fckl\u00fc\u011f\u00fcn\u00fc ve durdurma yollar\u0131n\u0131 en ba\u015fta \u00e7ocuklar ve gen\u00e7ler, herkesin kavramas\u0131 laz\u0131m. Elinizdeki kitap bunun i\u00e7in harika bir kaynak. L\u00fctfen okuyun. Okutun. Payla\u015f\u0131n.&#8221; &#8211; Serdar Erener, \u0130leti\u015fimci<\/p>\n","protected":false},"excerpt":{"rendered":"<p>\u201c\u0130klim Krizinin ABC\u2019si\u201d yeti\u015fkinler i\u00e7in yaz\u0131ld\u0131 ama okumay\u0131 bilen \u00e7ocuklar da bu kitapta \u00e7ok \u015fey bulacaklard\u0131r.Bize kal\u0131rsa, insanl\u0131\u011f\u0131n \u00f6n\u00fcndeki en b\u00fcy\u00fck mesele iklim krizidir. Bu kriz<span class=\"excerpt-hellip\"> [\u2026]<\/span><\/p>\n","protected":false},"featured_media":0,"template":"","meta":{"_monsterinsights_skip_tracking":false,"_monsterinsights_sitenote_active":false,"_monsterinsights_sitenote_note":"","_monsterinsights_sitenote_category":0},"product_brand":[],"product_cat":[12416,12291],"product_tag":[],"class_list":{"0":"post-735970","1":"product","2":"type-product","3":"status-publish","5":"product_cat-cizgi-roman","6":"product_cat-edebiyat","7":"pa_cilt-ciltsiz","8":"pa_tur-kitap","9":"pa_yayinevi-yeni-insan-yayinlari","10":"pa_yazar-yoram-bauman","12":"first","13":"instock","14":"sale","15":"shipping-taxable","16":"purchasable","17":"product-type-simple"},"_links":{"self":[{"href":"https:\/\/roveyayinevi.com.tr\/index.php\/wp-json\/wp\/v2\/product\/735970","targetHints":{"allow":["GET"]}}],"collection":[{"href":"https:\/\/roveyayinevi.com.tr\/index.php\/wp-json\/wp\/v2\/product"}],"about":[{"href":"https:\/\/roveyayinevi.com.tr\/index.php\/wp-json\/wp\/v2\/types\/product"}],"wp:attachment":[{"href":"https:\/\/roveyayinevi.com.tr\/index.php\/wp-json\/wp\/v2\/media?parent=735970"}],"wp:term":[{"taxonomy":"product_brand","embeddable":true,"href":"https:\/\/roveyayinevi.com.tr\/index.php\/wp-json\/wp\/v2\/product_brand?post=735970"},{"taxonomy":"product_cat","embeddable":true,"href":"https:\/\/roveyayinevi.com.tr\/index.php\/wp-json\/wp\/v2\/product_cat?post=735970"},{"taxonomy":"product_tag","embeddable":true,"href":"https:\/\/roveyayinevi.com.tr\/index.php\/wp-json\/wp\/v2\/product_tag?post=735970"}],"curies":[{"name":"wp","href":"https:\/\/api.w.org\/{rel}","templated":true}]}}