{"id":735966,"date":"2025-08-27T22:58:27","date_gmt":"2025-08-27T19:58:27","guid":{"rendered":"https:\/\/roveyayinevi.com.tr\/index.php\/urun\/kayip-yuzlesme\/"},"modified":"2026-04-16T02:44:41","modified_gmt":"2026-04-15T23:44:41","slug":"kayip-yuzlesme","status":"publish","type":"product","link":"https:\/\/roveyayinevi.com.tr\/index.php\/urun\/kayip-yuzlesme\/","title":{"rendered":"Kay\u0131p Y\u00fczle\u015fme"},"content":{"rendered":"<p>Elinizdeki kitap, 20. y\u00fczy\u0131l d\u00fc\u015f\u00fcncesinin iki b\u00fcy\u00fck ismi Levinas ve Lacan\u2019a, \u00f6teki, iyi, arzu ve y\u00fcceltim ba\u015fl\u0131klar\u0131 \u00fczerinden kar\u015f\u0131la\u015ft\u0131rmal\u0131 bir okuma sunmaktad\u0131r. Bu, hem psikanaliz ile eti\u011fin, trajedi ile metafizi\u011fin bir araya geldi\u011fi bir yeniden d\u00fc\u015f\u00fcnme olana\u011f\u0131 hem de Hegel, Freud, Heidegger, Derrida ve Ir\u0131garay\u2019\u0131 birlikte okuma imk\u00e2n\u0131 sunan bir kar\u015f\u0131la\u015fmad\u0131r.   \u0130nsan arzusu ile \u00f6tekilik aras\u0131nda nas\u0131l bir ili\u015fki vard\u0131r? \u0130nsan deneyimi ba\u011flam\u0131nda k\u00f6kensel olan\u0131n kayb\u0131 ne anlama gelmektedir? Ki\u015fisel tarihimizin sorumlulu\u011funu almak i\u00e7in hangi ba\u015flang\u0131\u00e7 ko\u015fullar\u0131n\u0131 kabul etmemiz gerekir? Bu ba\u015flang\u0131\u00e7 ko\u015fullar\u0131 trajik midir, yoksa geri al\u0131namaz bir belirlenimin sonucu mudur? \u0130nsan olman\u0131n anlam\u0131 ve s\u0131n\u0131r\u0131 nerede ba\u015flar, nerede biter?     Felsefenin hep yeni ba\u015ftan ba\u015flamay\u0131 gerektirdi\u011fi yerde, Levinas ve Lacan\u2019\u0131 hi\u00e7 yap\u0131lmad\u0131\u011f\u0131 \u015fekilde bir araya getirme \u00e7abas\u0131, hem yak\u0131n ge\u00e7mi\u015fin hem de \u015fimdinin yak\u0131c\u0131 problemlerini bir kez daha d\u00fc\u015f\u00fcnmek ad\u0131na okura \u00f6nemli olanaklar sunmaktad\u0131r. <\/p>\n","protected":false},"excerpt":{"rendered":"<p>Elinizdeki kitap, 20. y\u00fczy\u0131l d\u00fc\u015f\u00fcncesinin iki b\u00fcy\u00fck ismi Levinas ve Lacan\u2019a, \u00f6teki, iyi, arzu ve y\u00fcceltim ba\u015fl\u0131klar\u0131 \u00fczerinden kar\u015f\u0131la\u015ft\u0131rmal\u0131 bir okuma sunmaktad\u0131r. Bu, hem psikanaliz ile<span class=\"excerpt-hellip\"> [\u2026]<\/span><\/p>\n","protected":false},"featured_media":0,"template":"","meta":{"_monsterinsights_skip_tracking":false,"_monsterinsights_sitenote_active":false,"_monsterinsights_sitenote_note":"","_monsterinsights_sitenote_category":0},"product_brand":[],"product_cat":[16038,12388],"product_tag":[],"class_list":{"0":"post-735966","1":"product","2":"type-product","3":"status-publish","5":"product_cat-arastirma-inceleme-referans-felsefe","6":"product_cat-felsefe","7":"pa_cilt-ciltsiz","8":"pa_tur-kitap","9":"pa_yayinevi-fol-kitap","10":"pa_yazar-sarah-harasym","12":"first","13":"instock","14":"sale","15":"shipping-taxable","16":"purchasable","17":"product-type-simple"},"_links":{"self":[{"href":"https:\/\/roveyayinevi.com.tr\/index.php\/wp-json\/wp\/v2\/product\/735966","targetHints":{"allow":["GET"]}}],"collection":[{"href":"https:\/\/roveyayinevi.com.tr\/index.php\/wp-json\/wp\/v2\/product"}],"about":[{"href":"https:\/\/roveyayinevi.com.tr\/index.php\/wp-json\/wp\/v2\/types\/product"}],"wp:attachment":[{"href":"https:\/\/roveyayinevi.com.tr\/index.php\/wp-json\/wp\/v2\/media?parent=735966"}],"wp:term":[{"taxonomy":"product_brand","embeddable":true,"href":"https:\/\/roveyayinevi.com.tr\/index.php\/wp-json\/wp\/v2\/product_brand?post=735966"},{"taxonomy":"product_cat","embeddable":true,"href":"https:\/\/roveyayinevi.com.tr\/index.php\/wp-json\/wp\/v2\/product_cat?post=735966"},{"taxonomy":"product_tag","embeddable":true,"href":"https:\/\/roveyayinevi.com.tr\/index.php\/wp-json\/wp\/v2\/product_tag?post=735966"}],"curies":[{"name":"wp","href":"https:\/\/api.w.org\/{rel}","templated":true}]}}