{"id":735956,"date":"2025-08-27T22:58:15","date_gmt":"2025-08-27T19:58:15","guid":{"rendered":"https:\/\/roveyayinevi.com.tr\/index.php\/urun\/kucuk-kati-2\/"},"modified":"2026-04-16T02:44:41","modified_gmt":"2026-04-15T23:44:41","slug":"kucuk-kati-2","status":"publish","type":"product","link":"https:\/\/roveyayinevi.com.tr\/index.php\/urun\/kucuk-kati-2\/","title":{"rendered":"K\u00fc\u00e7\u00fck Kati -2"},"content":{"rendered":"<p>Kati, do\u011fdu\u011funda bana vermediler, elime alamad\u0131m, koklayamad\u0131m, ba\u011fr\u0131ma basamad\u0131m. Hi\u00e7 de\u011filse \u015fimdi bana bu f\u0131rsat\u0131 ver Tanr\u0131m diye dua ediyordu.   Hi\u00e7bir \u015fey konu\u015fulmuyordu, sessizlik ve sadece g\u00f6z ya\u015flar\u0131n\u0131n d\u00fc\u015ft\u00fc\u011f\u00fc yerlerin \u00e7\u0131kard\u0131\u011f\u0131 o sade, \u0131l\u0131k, sevgi dolu, \u00f6zlemle yo\u011frulmu\u015f hasretin sesi vard\u0131.   Anne ve o\u011ful sarma\u015f dola\u015f olmu\u015flar, ikisi de kaderine a\u011fl\u0131yorlar, kaybettikleri y\u0131llar\u0131 nas\u0131l a\u015facaklar\u0131n\u0131 ak\u0131llar\u0131na getiriyorlar, birbirlerine sar\u0131ld\u0131k\u00e7a \u00f6pt\u00fck\u00e7e yanaklar\u0131ndan ge\u00e7mi\u015fin eksiklerini gideriyor gibiydiler.   \u0130kisi birden kimsenin y\u00fczlerine bakmadan, bakamadan koridordan sessizce ayr\u0131l\u0131p gidiyorlard\u0131. Anne o\u011ful sar\u0131lm\u0131\u015flar, birbirlerine destek olarak kaybolan y\u0131llar\u0131n ac\u0131s\u0131n\u0131 \u00e7\u0131karmaya gidiyorlard\u0131, g\u00f6zlerinde umut vard\u0131, ya\u015fam vard\u0131 on dokuz seneden sonra bir araya gelen anne ve o\u011flu mutlulu\u011fun tad\u0131n\u0131 ilk kez bu kadar saf oldu\u011funu anl\u0131yorlard\u0131. \u0130kisinin de dillerinde iki kelime vard\u0131; Annem benim&#8230; O\u011flum benim&#8230;<\/p>\n","protected":false},"excerpt":{"rendered":"<p>Kati, do\u011fdu\u011funda bana vermediler, elime alamad\u0131m, koklayamad\u0131m, ba\u011fr\u0131ma basamad\u0131m. Hi\u00e7 de\u011filse \u015fimdi bana bu f\u0131rsat\u0131 ver Tanr\u0131m diye dua ediyordu. Hi\u00e7bir \u015fey konu\u015fulmuyordu, sessizlik ve sadece<span class=\"excerpt-hellip\"> [\u2026]<\/span><\/p>\n","protected":false},"featured_media":0,"template":"","meta":{"_monsterinsights_skip_tracking":false,"_monsterinsights_sitenote_active":false,"_monsterinsights_sitenote_note":"","_monsterinsights_sitenote_category":0},"product_brand":[],"product_cat":[12291,12711],"product_tag":[],"class_list":{"0":"post-735956","1":"product","2":"type-product","3":"status-publish","5":"product_cat-edebiyat","6":"product_cat-roman-oyku","7":"pa_cilt-ciltsiz","8":"pa_tur-kitap","9":"pa_yayinevi-elpis-yayinlari","10":"pa_yazar-osman-akdere","12":"first","13":"instock","14":"sale","15":"shipping-taxable","16":"purchasable","17":"product-type-simple"},"_links":{"self":[{"href":"https:\/\/roveyayinevi.com.tr\/index.php\/wp-json\/wp\/v2\/product\/735956","targetHints":{"allow":["GET"]}}],"collection":[{"href":"https:\/\/roveyayinevi.com.tr\/index.php\/wp-json\/wp\/v2\/product"}],"about":[{"href":"https:\/\/roveyayinevi.com.tr\/index.php\/wp-json\/wp\/v2\/types\/product"}],"wp:attachment":[{"href":"https:\/\/roveyayinevi.com.tr\/index.php\/wp-json\/wp\/v2\/media?parent=735956"}],"wp:term":[{"taxonomy":"product_brand","embeddable":true,"href":"https:\/\/roveyayinevi.com.tr\/index.php\/wp-json\/wp\/v2\/product_brand?post=735956"},{"taxonomy":"product_cat","embeddable":true,"href":"https:\/\/roveyayinevi.com.tr\/index.php\/wp-json\/wp\/v2\/product_cat?post=735956"},{"taxonomy":"product_tag","embeddable":true,"href":"https:\/\/roveyayinevi.com.tr\/index.php\/wp-json\/wp\/v2\/product_tag?post=735956"}],"curies":[{"name":"wp","href":"https:\/\/api.w.org\/{rel}","templated":true}]}}