{"id":735951,"date":"2025-08-27T22:58:10","date_gmt":"2025-08-27T19:58:10","guid":{"rendered":"https:\/\/roveyayinevi.com.tr\/index.php\/urun\/spor-sosyolojisi\/"},"modified":"2026-04-16T02:44:40","modified_gmt":"2026-04-15T23:44:40","slug":"spor-sosyolojisi","status":"publish","type":"product","link":"https:\/\/roveyayinevi.com.tr\/index.php\/urun\/spor-sosyolojisi\/","title":{"rendered":"Spor Sosyolojisi"},"content":{"rendered":"<p>1.      I. B\u00d6L\u00dcM Spor Sosyolojisinde Temel Kavramlar 1.1.   Spor Sosyolojisi \u2018Sosyoloji ve Sporun Birlikteli\u011fi\u2019 1.2.   Sosyoloji Teorileri ve Spor 2.      II. B\u00d6L\u00dcM Spor Sosyolojisinde Temel Konular 2.1.   Sosyalle\u015fme ve Spor 2.2.   E\u011fitim ve Spor 2.3.   Spor Ahlak\u0131 2.4.   Taraftarl\u0131\u011f\u0131n Sosyolojisi 2.5.   Sporda \u015eiddet ve Sald\u0131rganl\u0131k 2.6.   Toplumsal Tabakala\u015fma ve Spor 2.7.   Sporda Etnisite ve Irk\u00e7\u0131l\u0131k 2.8.   Toplumsal Cinsiyet ve Spor 2.9.   T\u00fcrkiye\u2019de Toplumsal Cinsiyet ve Spor 2.10.                   K\u00fcreselle\u015fme ve Spor 2.11.                   G\u00fcn\u00fcm\u00fcz Spor Ekonomisinde De\u011fi\u015fim ve D\u00f6n\u00fc\u015f\u00fcm 2.12.                   Medya ve Spor 2.13.                   Spor Politikas\u0131 2.14.                   Uluslararas\u0131 \u0130li\u015fkiler ve Spor 2.15.                   Fizyolojik A\u00e7\u0131dan Sosyoloji, Sa\u011fl\u0131k ve Fiziksel Aktivite Etkile\u015fimine Genel Bir Bak\u0131\u015f 2.16.                   \u00c7ocuk ve Spor 2.17.                   Ya\u015fl\u0131l\u0131k ve Spor 2.18.                   Engelliler ve Spor 2.19.                   Spor, Dezavantajl\u0131 Gruplar ve Rehabilitasyon 2.20.                   Sosyal Geli\u015fme ve Spor 2.21.                   E- Spor <\/p>\n","protected":false},"excerpt":{"rendered":"<p>1. I. B\u00d6L\u00dcM Spor Sosyolojisinde Temel Kavramlar 1.1. Spor Sosyolojisi \u2018Sosyoloji ve Sporun Birlikteli\u011fi\u2019 1.2. Sosyoloji Teorileri ve Spor 2. II. B\u00d6L\u00dcM Spor Sosyolojisinde Temel Konular<span class=\"excerpt-hellip\"> [\u2026]<\/span><\/p>\n","protected":false},"featured_media":0,"template":"","meta":{"_monsterinsights_skip_tracking":false,"_monsterinsights_sitenote_active":false,"_monsterinsights_sitenote_note":"","_monsterinsights_sitenote_category":0},"product_brand":[],"product_cat":[15563,15564],"product_tag":[],"class_list":{"0":"post-735951","1":"product","2":"type-product","3":"status-publish","5":"product_cat-hobi","6":"product_cat-spor","7":"pa_cilt-ciltsiz","8":"pa_tur-kitap","9":"pa_yayinevi-gazi-kitabevi","10":"pa_yazar-ayhan-dever-hasan-sozen","12":"first","13":"instock","14":"sale","15":"shipping-taxable","16":"purchasable","17":"product-type-simple"},"_links":{"self":[{"href":"https:\/\/roveyayinevi.com.tr\/index.php\/wp-json\/wp\/v2\/product\/735951","targetHints":{"allow":["GET"]}}],"collection":[{"href":"https:\/\/roveyayinevi.com.tr\/index.php\/wp-json\/wp\/v2\/product"}],"about":[{"href":"https:\/\/roveyayinevi.com.tr\/index.php\/wp-json\/wp\/v2\/types\/product"}],"wp:attachment":[{"href":"https:\/\/roveyayinevi.com.tr\/index.php\/wp-json\/wp\/v2\/media?parent=735951"}],"wp:term":[{"taxonomy":"product_brand","embeddable":true,"href":"https:\/\/roveyayinevi.com.tr\/index.php\/wp-json\/wp\/v2\/product_brand?post=735951"},{"taxonomy":"product_cat","embeddable":true,"href":"https:\/\/roveyayinevi.com.tr\/index.php\/wp-json\/wp\/v2\/product_cat?post=735951"},{"taxonomy":"product_tag","embeddable":true,"href":"https:\/\/roveyayinevi.com.tr\/index.php\/wp-json\/wp\/v2\/product_tag?post=735951"}],"curies":[{"name":"wp","href":"https:\/\/api.w.org\/{rel}","templated":true}]}}