{"id":735947,"date":"2025-08-27T22:58:06","date_gmt":"2025-08-27T19:58:06","guid":{"rendered":"https:\/\/roveyayinevi.com.tr\/index.php\/urun\/her-yasta-dolu-dolu-yasa-ciltli\/"},"modified":"2026-04-08T02:53:38","modified_gmt":"2026-04-07T23:53:38","slug":"her-yasta-dolu-dolu-yasa-ciltli","status":"publish","type":"product","link":"https:\/\/roveyayinevi.com.tr\/index.php\/urun\/her-yasta-dolu-dolu-yasa-ciltli\/","title":{"rendered":"Her Ya\u015fta Dolu Dolu Ya\u015fa (Ciltli)"},"content":{"rendered":"<p>Uzun ve sa\u011fl\u0131kl\u0131 ya\u015fam\u0131n s\u0131rlar\u0131 neler? Ya\u015flanmaya ne kadar haz\u0131r\u0131z? Ba\u015far\u0131l\u0131 ya\u015flanmak i\u00e7in neler yapabiliriz? Uzman isimlerin \u00f6nerileriyle ya\u015flanmaya bak\u0131\u015f a\u00e7\u0131n\u0131z\u0131 de\u011fi\u015ftirecek bir kitap\u2026\u2026Sanat\u0131n \u0131\u015f\u0131\u011f\u0131 alt\u0131nda y\u00fcr\u00fcyenler i\u00e7in as\u0131l olan\u0131n ya\u015fad\u0131\u011f\u0131m\u0131z y\u0131ldan do\u011fdu\u011fumuz y\u0131l\u0131 \u00e7\u0131kard\u0131\u011f\u0131m\u0131zda ula\u015ft\u0131\u011f\u0131m\u0131z matematiksel sonu\u00e7 de\u011fil, hayat\u0131n her an\u0131nda terk etmedi\u011fimiz hayallerimiz oldu\u011fu ger\u00e7e\u011fini g\u00f6zler \u00f6n\u00fcne sermektedir.SUNAY AKIN, \u015eair, Yazar, M\u00fczeciHemen herkes ya\u015f\u0131 ilerledik\u00e7e huzurlu bir yuva, paray\u0131 dert etmeden ihtiya\u00e7lar\u0131n\u0131 kar\u015f\u0131layaca\u011f\u0131, d\u00fcnyan\u0131n farkl\u0131 yerlerine seyahat edebilece\u011fi bir hayat arzular. Bunun i\u00e7in iyi planlanm\u0131\u015f bir finansal haz\u0131rl\u0131k gerekir. Ak\u0131ll\u0131 yat\u0131r\u0131mlar, geliri ne d\u00fczeyde olursa olsun tasarruf etmek finansal haz\u0131rl\u0131\u011f\u0131n \u00f6n ko\u015fullar\u0131\u2026PROF. DR. EMRE ALK\u0130N, Akademisyen, Ekonomist &amp; YazarYa\u015flanmak ki\u015fisel bir deneyimdir. Her birey i\u00e7in s\u00fcre\u00e7 farkl\u0131 ilerler. Belki ilerleyen zaman\u0131n getirdi\u011fi y\u00fckler nedeniyle s\u0131k\u0131nt\u0131l\u0131 zamanlar ge\u00e7irmekten ka\u00e7\u0131nmak zor ama imk\u00e2ns\u0131z de\u011fil. B\u00fct\u00fcn mesele ki\u015finin ya\u015f almaya olumlu bir \u015fekilde bakmay\u0131 ba\u015farmas\u0131ndan ge\u00e7iyor. Siz de bu yola \u00e7\u0131kabilirsiniz.BEYHAN BUDAK, Klinik PsikologZamana meydan okumak, her daim gen\u00e7 ve sa\u011fl\u0131kl\u0131 olmak isteyenlere sesleniyorum: Ya\u015flanmak ve ya\u015f almak aras\u0131nda fark\u0131 unutmay\u0131n! Kendini daima gen\u00e7 hisseden ve sadece yeni ya\u015f\u0131na girenlerdenseniz size iyi bir haberim var. \u00d6nemli olan ruhumuzu ve ya\u015fama sevincimizi canl\u0131 tutmak ve iyiye odaklanmak. \u00c7\u00fcnk\u00fc aktif ya\u015faman\u0131n ya\u015f\u0131 yok!..D\u0130LARA KO\u00c7AK, Beslenme Uzman\u0131, Aktivist<\/p>\n","protected":false},"excerpt":{"rendered":"<p>Uzun ve sa\u011fl\u0131kl\u0131 ya\u015fam\u0131n s\u0131rlar\u0131 neler? Ya\u015flanmaya ne kadar haz\u0131r\u0131z? Ba\u015far\u0131l\u0131 ya\u015flanmak i\u00e7in neler yapabiliriz? Uzman isimlerin \u00f6nerileriyle ya\u015flanmaya bak\u0131\u015f a\u00e7\u0131n\u0131z\u0131 de\u011fi\u015ftirecek bir kitap\u2026\u2026Sanat\u0131n \u0131\u015f\u0131\u011f\u0131 alt\u0131nda<span class=\"excerpt-hellip\"> [\u2026]<\/span><\/p>\n","protected":false},"featured_media":0,"template":"","meta":{"_monsterinsights_skip_tracking":false,"_monsterinsights_sitenote_active":false,"_monsterinsights_sitenote_note":"","_monsterinsights_sitenote_category":0},"product_brand":[],"product_cat":[12364,12376],"product_tag":[],"class_list":{"0":"post-735947","1":"product","2":"type-product","3":"status-publish","5":"product_cat-genel-konular","6":"product_cat-kisisel-gelisim","7":"pa_cilt-ciltli","8":"pa_tur-kitap","9":"pa_yayinevi-kirmizi-kedi-yayinevi","10":"pa_yazar-kirmizi-kedi-yayinevi-kolektif","12":"first","13":"instock","14":"sale","15":"shipping-taxable","16":"purchasable","17":"product-type-simple"},"_links":{"self":[{"href":"https:\/\/roveyayinevi.com.tr\/index.php\/wp-json\/wp\/v2\/product\/735947","targetHints":{"allow":["GET"]}}],"collection":[{"href":"https:\/\/roveyayinevi.com.tr\/index.php\/wp-json\/wp\/v2\/product"}],"about":[{"href":"https:\/\/roveyayinevi.com.tr\/index.php\/wp-json\/wp\/v2\/types\/product"}],"wp:attachment":[{"href":"https:\/\/roveyayinevi.com.tr\/index.php\/wp-json\/wp\/v2\/media?parent=735947"}],"wp:term":[{"taxonomy":"product_brand","embeddable":true,"href":"https:\/\/roveyayinevi.com.tr\/index.php\/wp-json\/wp\/v2\/product_brand?post=735947"},{"taxonomy":"product_cat","embeddable":true,"href":"https:\/\/roveyayinevi.com.tr\/index.php\/wp-json\/wp\/v2\/product_cat?post=735947"},{"taxonomy":"product_tag","embeddable":true,"href":"https:\/\/roveyayinevi.com.tr\/index.php\/wp-json\/wp\/v2\/product_tag?post=735947"}],"curies":[{"name":"wp","href":"https:\/\/api.w.org\/{rel}","templated":true}]}}