{"id":735944,"date":"2025-08-27T22:58:02","date_gmt":"2025-08-27T19:58:02","guid":{"rendered":"https:\/\/roveyayinevi.com.tr\/index.php\/urun\/dort-kanatli-melek-is-basinda\/"},"modified":"2026-04-16T02:44:40","modified_gmt":"2026-04-15T23:44:40","slug":"dort-kanatli-melek-is-basinda","status":"publish","type":"product","link":"https:\/\/roveyayinevi.com.tr\/index.php\/urun\/dort-kanatli-melek-is-basinda\/","title":{"rendered":"D\u00f6rt Kanatl\u0131 Melek \u0130\u015f Ba\u015f\u0131nda"},"content":{"rendered":"<p>Mardusacikalibu adl\u0131 acayip gezegende ya\u015fayan varl\u0131klar\u0131n en temel \u00f6zelli\u011fi \u015fakac\u0131 olmalar\u0131d\u0131r. Bu benzersiz gezegenden gelen D\u00f6rt Kanatl\u0131 Melek&#8217;in de en temel ki\u015filik \u00f6zelli\u011fi \u015faka yapmay\u0131 seven bir varl\u0131k olmas\u0131d\u0131r. Asl\u0131nda D\u00f6rt Kanatl\u0131 Melek, d\u00fcnyam\u0131zda ya\u015fad\u0131\u011f\u0131 maceralar\u0131n gizli kalmas\u0131n\u0131 istiyordu. Bu kitapta anlatt\u0131\u011f\u0131m ser\u00fcvenlerin okur \u00f6n\u00fcne \u00e7\u0131kmas\u0131na olumlu yakla\u015fm\u0131yordu.      Yalvard\u0131m yakard\u0131m, allem ettim kallem ettim. Zor da olsa D\u00f6rt Kanatl\u0131 Melek&#8217;i ikna ettim. Kitab\u0131n yay\u0131mlanmas\u0131n\u0131 nihayet kabul etti. Bundan sonraki i\u015f size d\u00fc\u015f\u00fcyor de\u011ferli \u00e7ocuklar! Kitab\u0131 dikkatle okuyacaks\u0131n\u0131z. Sevdi\u011finiz \u00f6yk\u00fcleri anne-baban\u0131zla payla\u015facaks\u0131n\u0131z. Arkada\u015flar\u0131n\u0131za D\u00f6rt Kanatl\u0131 Melek&#8217;i anlatacaks\u0131n\u0131z. Onu tan\u0131tmak ve sevdirmek i\u00e7in gayret g\u00f6stereceksiniz. Bu iyili\u011finiz i\u00e7in daha \u015fimdiden hepinize ayr\u0131 ayr\u0131 te\u015fekk\u00fcr ederim. Fakat \u015fahsen tan\u0131mad\u0131\u011f\u0131n\u0131z ki\u015filere de bu kitaptan bahsetmeyin l\u00fctfen. Tehlikeye kar\u015f\u0131 sizi a\u00e7\u0131k y\u00fcreklilikle uyaray\u0131m. Takdir edersiniz ki hi\u00e7birimiz Mardusacikalibu ajanlar\u0131na yanl\u0131\u015fl\u0131kla bilgi s\u0131zd\u0131rmak istemeyiz. <\/p>\n","protected":false},"excerpt":{"rendered":"<p>Mardusacikalibu adl\u0131 acayip gezegende ya\u015fayan varl\u0131klar\u0131n en temel \u00f6zelli\u011fi \u015fakac\u0131 olmalar\u0131d\u0131r. Bu benzersiz gezegenden gelen D\u00f6rt Kanatl\u0131 Melek&#8217;in de en temel ki\u015filik \u00f6zelli\u011fi \u015faka yapmay\u0131 seven<span class=\"excerpt-hellip\"> [\u2026]<\/span><\/p>\n","protected":false},"featured_media":0,"template":"","meta":{"_monsterinsights_skip_tracking":false,"_monsterinsights_sitenote_active":false,"_monsterinsights_sitenote_note":"","_monsterinsights_sitenote_category":0},"product_brand":[],"product_cat":[12275,12274],"product_tag":[],"class_list":{"0":"post-735944","1":"product","2":"type-product","3":"status-publish","5":"product_cat-6-12-yas-kitaplari","6":"product_cat-cocuk-ve-genclik-kitaplari","7":"pa_cilt-ciltsiz","8":"pa_tur-kitap","9":"pa_yayinevi-servet-yayinevi","10":"pa_yazar-polat-onat","12":"first","13":"instock","14":"sale","15":"shipping-taxable","16":"purchasable","17":"product-type-simple"},"_links":{"self":[{"href":"https:\/\/roveyayinevi.com.tr\/index.php\/wp-json\/wp\/v2\/product\/735944","targetHints":{"allow":["GET"]}}],"collection":[{"href":"https:\/\/roveyayinevi.com.tr\/index.php\/wp-json\/wp\/v2\/product"}],"about":[{"href":"https:\/\/roveyayinevi.com.tr\/index.php\/wp-json\/wp\/v2\/types\/product"}],"wp:attachment":[{"href":"https:\/\/roveyayinevi.com.tr\/index.php\/wp-json\/wp\/v2\/media?parent=735944"}],"wp:term":[{"taxonomy":"product_brand","embeddable":true,"href":"https:\/\/roveyayinevi.com.tr\/index.php\/wp-json\/wp\/v2\/product_brand?post=735944"},{"taxonomy":"product_cat","embeddable":true,"href":"https:\/\/roveyayinevi.com.tr\/index.php\/wp-json\/wp\/v2\/product_cat?post=735944"},{"taxonomy":"product_tag","embeddable":true,"href":"https:\/\/roveyayinevi.com.tr\/index.php\/wp-json\/wp\/v2\/product_tag?post=735944"}],"curies":[{"name":"wp","href":"https:\/\/api.w.org\/{rel}","templated":true}]}}