{"id":735940,"date":"2025-08-27T22:57:56","date_gmt":"2025-08-27T19:57:56","guid":{"rendered":"https:\/\/roveyayinevi.com.tr\/index.php\/urun\/mutluluk-3\/"},"modified":"2026-04-16T02:44:40","modified_gmt":"2026-04-15T23:44:40","slug":"mutluluk-3","status":"publish","type":"product","link":"https:\/\/roveyayinevi.com.tr\/index.php\/urun\/mutluluk-3\/","title":{"rendered":"Mutluluk"},"content":{"rendered":"<p>Olgunluk D\u00f6neminden Se\u00e7me D\u00fczyaz\u0131lar   Hermann Hesse\u2019nin olgunluk d\u00f6neminden, 1944-1956 y\u0131llar\u0131na ait, en g\u00fczel d\u00fczyaz\u0131lar\u0131n\u0131 i\u00e7eren bu se\u00e7me belirli bir tema ekseninde kaleme al\u0131nm\u0131\u015f \u00f6yk\u00fc, d\u00fc\u015f\u00fcnce, an\u0131, g\u00fcnl\u00fck t\u00fcr\u00fcnde \u00e7e\u015fitli yaz\u0131lardan olu\u015fuyor.   Dengeli, titiz, yal\u0131n bir \u00fcslubu g\u00f6zeten bu d\u00fczyaz\u0131lar\u0131nda Hesse, okul y\u0131llar\u0131na yapt\u0131\u011f\u0131 zihinsel yolculuklar arac\u0131l\u0131\u011f\u0131yla ilkgen\u00e7lik d\u00f6nemine dair insan portrelerinden, uluslararas\u0131 \u00fcne kavu\u015fmu\u015f bir yazar olarak okurlar\u0131yla ili\u015fkilerine, toplumsall\u0131\u011fa ve birey olmaya, totalitarizme, do\u011faya ve a\u011fa\u00e7lara, \u00e7ocuk varolu\u015funa, \u00f6l\u00fcme, Tao\u2019ya, insanlar\u0131n d\u00fcnyas\u0131nda var olmay\u0131 se\u00e7en bir k\u00fc\u00e7\u00fckkargan\u0131n ya\u015fam\u0131na dek geni\u015fleyen, zihin a\u00e7\u0131c\u0131 felsefi bak\u0131\u015f\u0131yla ger\u00e7eklik-bellek-hakikat aray\u0131\u015f\u0131 ba\u011f\u0131n\u0131 \u00f6rmeye g\u00f6n\u00fcll\u00fc ince bir duyarl\u0131k sergiliyor.   MUTLULUK: Hesse\u2019nin olgunluk \u00e7a\u011f\u0131ndan bug\u00fcne seslenen s\u0131rad\u0131\u015f\u0131 bir retrospektif.   \u201cMutlulu\u011fu deneyimlemek i\u00e7in \u00f6ncelikle zamandan, b\u00f6ylelikle hem korkudan hem de umuttan ba\u011f\u0131ms\u0131zl\u0131k gerekir.\u201d   Bu \u00fcslupta Beethoven\u2019\u0131n son kuartetlerinin durulu\u011fu var. -Siegfried Melchinger   Ne zarafet ve ne bilgelik, ne \u00e7ok insanca duygu! -Hermann Kesten   Mutluluk deyince bug\u00fcn d\u00fcped\u00fcz nesnel bir \u015fey anl\u0131yorum ben, yani b\u00fct\u00fcnl\u00fc\u011f\u00fcn kendisini, zamans\u0131z bir varolu\u015fu, d\u00fcnyan\u0131n sonsuz m\u00fczi\u011fini ve ba\u015fkalar\u0131n\u0131n tahminen g\u00f6kk\u00fcrelerinin uyumu ya da Tanr\u0131\u2019n\u0131n g\u00fcl\u00fcmsemesi diye adland\u0131rm\u0131\u015f oldu\u011fu \u015feyi anl\u0131yorum. -Hermann Hesse <\/p>\n","protected":false},"excerpt":{"rendered":"<p>Olgunluk D\u00f6neminden Se\u00e7me D\u00fczyaz\u0131lar Hermann Hesse\u2019nin olgunluk d\u00f6neminden, 1944-1956 y\u0131llar\u0131na ait, en g\u00fczel d\u00fczyaz\u0131lar\u0131n\u0131 i\u00e7eren bu se\u00e7me belirli bir tema ekseninde kaleme al\u0131nm\u0131\u015f \u00f6yk\u00fc, d\u00fc\u015f\u00fcnce, an\u0131,<span class=\"excerpt-hellip\"> [\u2026]<\/span><\/p>\n","protected":false},"featured_media":0,"template":"","meta":{"_monsterinsights_skip_tracking":false,"_monsterinsights_sitenote_active":false,"_monsterinsights_sitenote_note":"","_monsterinsights_sitenote_category":0},"product_brand":[],"product_cat":[12291,12711],"product_tag":[],"class_list":{"0":"post-735940","1":"product","2":"type-product","3":"status-publish","5":"product_cat-edebiyat","6":"product_cat-roman-oyku","7":"pa_cilt-ciltsiz","8":"pa_tur-kitap","9":"pa_yayinevi-yapi-kredi-yayinlari","10":"pa_yazar-hermann-hesse","12":"first","13":"instock","14":"sale","15":"shipping-taxable","16":"purchasable","17":"product-type-simple"},"_links":{"self":[{"href":"https:\/\/roveyayinevi.com.tr\/index.php\/wp-json\/wp\/v2\/product\/735940","targetHints":{"allow":["GET"]}}],"collection":[{"href":"https:\/\/roveyayinevi.com.tr\/index.php\/wp-json\/wp\/v2\/product"}],"about":[{"href":"https:\/\/roveyayinevi.com.tr\/index.php\/wp-json\/wp\/v2\/types\/product"}],"wp:attachment":[{"href":"https:\/\/roveyayinevi.com.tr\/index.php\/wp-json\/wp\/v2\/media?parent=735940"}],"wp:term":[{"taxonomy":"product_brand","embeddable":true,"href":"https:\/\/roveyayinevi.com.tr\/index.php\/wp-json\/wp\/v2\/product_brand?post=735940"},{"taxonomy":"product_cat","embeddable":true,"href":"https:\/\/roveyayinevi.com.tr\/index.php\/wp-json\/wp\/v2\/product_cat?post=735940"},{"taxonomy":"product_tag","embeddable":true,"href":"https:\/\/roveyayinevi.com.tr\/index.php\/wp-json\/wp\/v2\/product_tag?post=735940"}],"curies":[{"name":"wp","href":"https:\/\/api.w.org\/{rel}","templated":true}]}}