{"id":735938,"date":"2025-08-27T22:57:54","date_gmt":"2025-08-27T19:57:54","guid":{"rendered":"https:\/\/roveyayinevi.com.tr\/index.php\/urun\/sahte-sultan\/"},"modified":"2026-04-16T02:44:40","modified_gmt":"2026-04-15T23:44:40","slug":"sahte-sultan","status":"publish","type":"product","link":"https:\/\/roveyayinevi.com.tr\/index.php\/urun\/sahte-sultan\/","title":{"rendered":"Sahte Sultan"},"content":{"rendered":"<p>\u2018D\u00fcnya y\u0131k\u0131lacak olsa bile adalet yerini bulmal\u0131d\u0131r\u2019On dokuzuncu y\u00fczy\u0131lda padi\u015fah\u0131n davetiyle \u0130stanbul\u2019a gelmi\u015f bir \u0130talyan ressam\u0131n, kay\u0131p oldu\u011fu d\u00fc\u015f\u00fcn\u00fclen gizemli tablosu, \u015fans eseri bulunduktan seksen y\u0131l sonra sergilenmek \u00fczere Londra\u2019ya g\u00f6nderilir. Ancak Londra\u2019da b\u00fcy\u00fck skandala yol a\u00e7an bir geli\u015fme ya\u015fan\u0131r. Bu olay\u0131n arkas\u0131ndaki karanl\u0131k a\u011f\u0131n ucu en y\u00fcksek yerlere kadar uzanmaktad\u0131rAvukatl\u0131\u011fa ba\u015flaman\u0131n e\u015fi\u011findeki Murat, Avukat R\u00fcya, Savc\u0131 Koray ve Komiser Tar\u0131k, farkl\u0131 y\u00f6nlerden ba\u015flad\u0131klar\u0131 ve sonra g\u00fc\u00e7 birli\u011fi i\u00e7inde s\u00fcrd\u00fcrd\u00fckleri ara\u015ft\u0131rmalar\u0131 sonunda ger\u00e7e\u011fe ula\u015facaklar m\u0131? Birbiriyle i\u00e7 i\u00e7e bir\u00e7ok karma\u015f\u0131k ili\u015fkinin her an\u0131n\u0131 ku\u015fatt\u0131\u011f\u0131 olaylar zincirinin d\u00fc\u011f\u00fcm\u00fc \u00e7\u00f6z\u00fclebilecek mi? Heyecan, gerilim ve s\u00fcrprizlerle dolu bir polisiye&#8230; Sahte Sultan, Mahfi E\u011filmez\u2019in polisiye t\u00fcr\u00fcnde ikinci roman\u0131. Hititlerle ilgili \u00e7ok ilgi \u00e7eken iki belgesel tarihi \u00f6yk\u00fc kitab\u0131ndan (Anitta\u2019n\u0131n Laneti, Hattu\u015fa\u2019dan Ka\u00e7\u0131\u015f) sonra polisiye t\u00fcr\u00fcndeki ilk roman\u0131 olan Inferis de \u00e7ok satanlar listesinde haftalarca \u00fcst s\u0131ralarda yer alm\u0131\u015ft\u0131.<\/p>\n","protected":false},"excerpt":{"rendered":"<p>\u2018D\u00fcnya y\u0131k\u0131lacak olsa bile adalet yerini bulmal\u0131d\u0131r\u2019On dokuzuncu y\u00fczy\u0131lda padi\u015fah\u0131n davetiyle \u0130stanbul\u2019a gelmi\u015f bir \u0130talyan ressam\u0131n, kay\u0131p oldu\u011fu d\u00fc\u015f\u00fcn\u00fclen gizemli tablosu, \u015fans eseri bulunduktan seksen y\u0131l<span class=\"excerpt-hellip\"> [\u2026]<\/span><\/p>\n","protected":false},"featured_media":0,"template":"","meta":{"_monsterinsights_skip_tracking":false,"_monsterinsights_sitenote_active":false,"_monsterinsights_sitenote_note":"","_monsterinsights_sitenote_category":0},"product_brand":[],"product_cat":[12291,12745],"product_tag":[],"class_list":{"0":"post-735938","1":"product","2":"type-product","3":"status-publish","5":"product_cat-edebiyat","6":"product_cat-tarihi-roman","7":"pa_cilt-ciltsiz","8":"pa_tur-kitap","9":"pa_yayinevi-remzi-kitabevi","10":"pa_yazar-mahfi-egilmez","12":"first","13":"instock","14":"sale","15":"shipping-taxable","16":"purchasable","17":"product-type-simple"},"_links":{"self":[{"href":"https:\/\/roveyayinevi.com.tr\/index.php\/wp-json\/wp\/v2\/product\/735938","targetHints":{"allow":["GET"]}}],"collection":[{"href":"https:\/\/roveyayinevi.com.tr\/index.php\/wp-json\/wp\/v2\/product"}],"about":[{"href":"https:\/\/roveyayinevi.com.tr\/index.php\/wp-json\/wp\/v2\/types\/product"}],"wp:attachment":[{"href":"https:\/\/roveyayinevi.com.tr\/index.php\/wp-json\/wp\/v2\/media?parent=735938"}],"wp:term":[{"taxonomy":"product_brand","embeddable":true,"href":"https:\/\/roveyayinevi.com.tr\/index.php\/wp-json\/wp\/v2\/product_brand?post=735938"},{"taxonomy":"product_cat","embeddable":true,"href":"https:\/\/roveyayinevi.com.tr\/index.php\/wp-json\/wp\/v2\/product_cat?post=735938"},{"taxonomy":"product_tag","embeddable":true,"href":"https:\/\/roveyayinevi.com.tr\/index.php\/wp-json\/wp\/v2\/product_tag?post=735938"}],"curies":[{"name":"wp","href":"https:\/\/api.w.org\/{rel}","templated":true}]}}