{"id":735920,"date":"2025-08-27T22:57:35","date_gmt":"2025-08-27T19:57:35","guid":{"rendered":"https:\/\/roveyayinevi.com.tr\/index.php\/urun\/ormanin-bittigi-yer\/"},"modified":"2026-04-16T02:44:39","modified_gmt":"2026-04-15T23:44:39","slug":"ormanin-bittigi-yer","status":"publish","type":"product","link":"https:\/\/roveyayinevi.com.tr\/index.php\/urun\/ormanin-bittigi-yer\/","title":{"rendered":"Orman\u0131n Bitti\u011fi Yer"},"content":{"rendered":"<p>On iki ya\u015f\u0131ndaki Kestrel; tehlikeli canavarlarla dolu, u\u00e7suz bucaks\u0131z bir ormanda ya\u015f\u0131yordu. Ormandaki en tehlikeli yarat\u0131klarsa, k\u00f6ydeki insanlar\u0131 do\u011fduklar\u0131 andan itibaren takip eden ve yakalay\u0131p yemek i\u00e7in en uygun an\u0131 bekleyen \u201cya\u011fmac\u0131lar\u201dd\u0131. Ya\u011fmac\u0131s\u0131n\u0131 \u015fimdiye dek kimse durduramam\u0131\u015ft\u0131 ve ya\u011fmac\u0131s\u0131na yakalanmadan \u00f6nce kazayla \u00f6lenler veya di\u011fer yarat\u0131klar taraf\u0131ndan \u00f6ld\u00fcr\u00fclenler \u201c\u015fansl\u0131\u201d kabul ediliyordu. Kestrel, yapt\u0131\u011f\u0131 b\u00fcy\u00fclerle herkesi kontrol alt\u0131na alan annesi taraf\u0131ndan, ormandaki k\u00f6yl\u00fcleri korumak amac\u0131yla ya\u011fmac\u0131lar\u0131 avlamakla g\u00f6revlendirildi. \u00c7\u0131t\u0131r kemikleri yemeye bay\u0131lan ve bir gelincik olan en yak\u0131n arkada\u015f\u0131 Pippit\u2019le birlikte, ormandan ve onu k\u00fc\u00e7\u00fcmseyen k\u00f6yl\u00fclerden uzakla\u015fman\u0131n bir yolunu bulmay\u0131 her \u015feyden \u00e7ok istiyordu. Fakat kendi ya\u011fmac\u0131s\u0131 ona g\u00fcnden g\u00fcne yakla\u015f\u0131rken, gen\u00e7 avc\u0131 ormandaki hi\u00e7bir \u015feyin g\u00f6r\u00fcnd\u00fc\u011f\u00fc gibi olmad\u0131\u011f\u0131n\u0131 ke\u015ffetmek \u00fczereydi.   Charlotte Salter, t\u00fcyler \u00fcrpertici detaylarla \u00f6r\u00fclm\u00fc\u015f bu eserinde, okuru karanl\u0131k ve fantastik bir d\u00fcnyan\u0131n tam kalbine g\u00f6t\u00fcr\u00fcyor. <\/p>\n","protected":false},"excerpt":{"rendered":"<p>On iki ya\u015f\u0131ndaki Kestrel; tehlikeli canavarlarla dolu, u\u00e7suz bucaks\u0131z bir ormanda ya\u015f\u0131yordu. Ormandaki en tehlikeli yarat\u0131klarsa, k\u00f6ydeki insanlar\u0131 do\u011fduklar\u0131 andan itibaren takip eden ve yakalay\u0131p yemek<span class=\"excerpt-hellip\"> [\u2026]<\/span><\/p>\n","protected":false},"featured_media":0,"template":"","meta":{"_monsterinsights_skip_tracking":false,"_monsterinsights_sitenote_active":false,"_monsterinsights_sitenote_note":"","_monsterinsights_sitenote_category":0},"product_brand":[],"product_cat":[12275,12274],"product_tag":[],"class_list":{"0":"post-735920","1":"product","2":"type-product","3":"status-publish","5":"product_cat-6-12-yas-kitaplari","6":"product_cat-cocuk-ve-genclik-kitaplari","7":"pa_cilt-ciltsiz","8":"pa_tur-kitap","9":"pa_yayinevi-ithaki-yayinlari","10":"pa_yazar-charlotte-salter","12":"first","13":"instock","14":"sale","15":"shipping-taxable","16":"purchasable","17":"product-type-simple"},"_links":{"self":[{"href":"https:\/\/roveyayinevi.com.tr\/index.php\/wp-json\/wp\/v2\/product\/735920","targetHints":{"allow":["GET"]}}],"collection":[{"href":"https:\/\/roveyayinevi.com.tr\/index.php\/wp-json\/wp\/v2\/product"}],"about":[{"href":"https:\/\/roveyayinevi.com.tr\/index.php\/wp-json\/wp\/v2\/types\/product"}],"wp:attachment":[{"href":"https:\/\/roveyayinevi.com.tr\/index.php\/wp-json\/wp\/v2\/media?parent=735920"}],"wp:term":[{"taxonomy":"product_brand","embeddable":true,"href":"https:\/\/roveyayinevi.com.tr\/index.php\/wp-json\/wp\/v2\/product_brand?post=735920"},{"taxonomy":"product_cat","embeddable":true,"href":"https:\/\/roveyayinevi.com.tr\/index.php\/wp-json\/wp\/v2\/product_cat?post=735920"},{"taxonomy":"product_tag","embeddable":true,"href":"https:\/\/roveyayinevi.com.tr\/index.php\/wp-json\/wp\/v2\/product_tag?post=735920"}],"curies":[{"name":"wp","href":"https:\/\/api.w.org\/{rel}","templated":true}]}}