{"id":735916,"date":"2025-08-27T22:57:30","date_gmt":"2025-08-27T19:57:30","guid":{"rendered":"https:\/\/roveyayinevi.com.tr\/index.php\/urun\/ari-nehrinin-agzinda\/"},"modified":"2026-04-16T02:44:39","modified_gmt":"2026-04-15T23:44:39","slug":"ari-nehrinin-agzinda","status":"publish","type":"product","link":"https:\/\/roveyayinevi.com.tr\/index.php\/urun\/ari-nehrinin-agzinda\/","title":{"rendered":"Ar\u0131 Nehrinin A\u011fz\u0131nda"},"content":{"rendered":"<p>\u201cHerkes er ya da ge\u00e7 evine d\u00f6nmek ister.\u201dBir k\u00fcvete girip ortadan kaybolan maymunlar, insanlara \u00e2\u015f\u0131k olan tilkiler, konu\u015fma yetisi kazanan k\u00f6pekler, yolculu\u011fa \u00e7\u0131kan bir kedi, i\u00e7inde devasa canavarlar\u0131n ya\u015fad\u0131\u011f\u0131, sisten olu\u015fan bir nehre k\u00f6pr\u00fc \u00e7ekmekle g\u00f6revlendirilen bir mimar\u2026   Kij Johnson\u2019\u0131n bir\u00e7ok \u00f6d\u00fcle lay\u0131k g\u00f6r\u00fclen bilimkurgu ve fantazi \u00f6yk\u00fclerinde, insanlar\u0131n hem ba\u015fka insanlarla hem de hayvanlarla tuhaf ve al\u0131\u015f\u0131lmad\u0131k bi\u00e7imde kurduklar\u0131 ili\u015fkiler irdeleniyor. Ger\u00e7ekli\u011fe fantastik bir dokunu\u015fla temas eden bu \u00f6yk\u00fclerde g\u00f6rd\u00fc\u011f\u00fcm\u00fcz gibi, asl\u0131nda b\u00fcy\u00fcl\u00fc d\u00fcnyalar sadece bir ad\u0131m uza\u011f\u0131m\u0131zda\u2026\u201cBu derlemenin \u00e7e\u015fitlili\u011fi muazzam ve heyecan verici. Her \u00f6yk\u00fc ayr\u0131 ayr\u0131 muhte\u015fem.\u201d \u2013Ursula K. Le Guin   \u201cBu kitap bir d\u00f6n\u00fcm noktas\u0131. Buradaki \u00f6yk\u00fcler \u00f6yle ak\u0131l dolu, insani ve tuhaf bir \u015fekilde kusursuz ki kendimi alam\u0131yorum.\u201d \u2013Lev Grossman   \u201cKij Johnson bizi ge\u00e7mi\u015fe, gelece\u011fe, hayali ve egzotik d\u00fcnyalara g\u00f6t\u00fcr\u00fcyor\u2026 Her \u00f6yk\u00fcde daha \u00f6nce asla d\u00fc\u015flemedi\u011fimiz ama art\u0131k hi\u00e7 unutmayaca\u011f\u0131m\u0131z \u015feylerle kar\u015f\u0131la\u015f\u0131yoruz.\u201d \u2013Karen Joy Fowler <\/p>\n","protected":false},"excerpt":{"rendered":"<p>\u201cHerkes er ya da ge\u00e7 evine d\u00f6nmek ister.\u201dBir k\u00fcvete girip ortadan kaybolan maymunlar, insanlara \u00e2\u015f\u0131k olan tilkiler, konu\u015fma yetisi kazanan k\u00f6pekler, yolculu\u011fa \u00e7\u0131kan bir kedi, i\u00e7inde<span class=\"excerpt-hellip\"> [\u2026]<\/span><\/p>\n","protected":false},"featured_media":0,"template":"","meta":{"_monsterinsights_skip_tracking":false,"_monsterinsights_sitenote_active":false,"_monsterinsights_sitenote_note":"","_monsterinsights_sitenote_category":0},"product_brand":[],"product_cat":[12291,14777],"product_tag":[],"class_list":{"0":"post-735916","1":"product","2":"type-product","3":"status-publish","5":"product_cat-edebiyat","6":"product_cat-fantastik","7":"pa_cilt-ciltsiz","8":"pa_tur-kitap","9":"pa_yayinevi-ithaki-yayinlari","10":"pa_yazar-kij-johnson","12":"first","13":"instock","14":"sale","15":"shipping-taxable","16":"purchasable","17":"product-type-simple"},"_links":{"self":[{"href":"https:\/\/roveyayinevi.com.tr\/index.php\/wp-json\/wp\/v2\/product\/735916","targetHints":{"allow":["GET"]}}],"collection":[{"href":"https:\/\/roveyayinevi.com.tr\/index.php\/wp-json\/wp\/v2\/product"}],"about":[{"href":"https:\/\/roveyayinevi.com.tr\/index.php\/wp-json\/wp\/v2\/types\/product"}],"wp:attachment":[{"href":"https:\/\/roveyayinevi.com.tr\/index.php\/wp-json\/wp\/v2\/media?parent=735916"}],"wp:term":[{"taxonomy":"product_brand","embeddable":true,"href":"https:\/\/roveyayinevi.com.tr\/index.php\/wp-json\/wp\/v2\/product_brand?post=735916"},{"taxonomy":"product_cat","embeddable":true,"href":"https:\/\/roveyayinevi.com.tr\/index.php\/wp-json\/wp\/v2\/product_cat?post=735916"},{"taxonomy":"product_tag","embeddable":true,"href":"https:\/\/roveyayinevi.com.tr\/index.php\/wp-json\/wp\/v2\/product_tag?post=735916"}],"curies":[{"name":"wp","href":"https:\/\/api.w.org\/{rel}","templated":true}]}}