{"id":735915,"date":"2025-08-27T22:57:29","date_gmt":"2025-08-27T19:57:29","guid":{"rendered":"https:\/\/roveyayinevi.com.tr\/index.php\/urun\/cehennem-melekleri\/"},"modified":"2026-04-16T02:44:39","modified_gmt":"2026-04-15T23:44:39","slug":"cehennem-melekleri","status":"publish","type":"product","link":"https:\/\/roveyayinevi.com.tr\/index.php\/urun\/cehennem-melekleri\/","title":{"rendered":"Cehennem Melekleri"},"content":{"rendered":"<p>Yolun Barbar S\u00fcvarileri, Kanunsuz Motorcular\u0131n Kraliyet S\u0131n\u0131f\u0131: Cehennem Melekleri   Gonzo gazetecili\u011finin kurucusu, Las Vegas\u2019ta Korku ve Nefret ile Rom G\u00fcnl\u00fckleri\u2019nin efsanevi yazar\u0131, kar\u015f\u0131 k\u00fclt\u00fcr ikonu Hunter S. Thompson, Cehennem Melekleri\u2019nde, The New York Times Book Review\u2019un tan\u0131mlad\u0131\u011f\u0131 \u015fekilde \u201chi\u00e7birimizin y\u00fczle\u015fmeye cesaret edemeyece\u011fi\u201d bir d\u00fcnyan\u0131n i\u00e7inden izlenimlerini anlat\u0131yor.   Hunter S. Thompson altm\u0131\u015flar\u0131n ortas\u0131nda neredeyse iki y\u0131l boyunca beraber ya\u015fad\u0131\u011f\u0131, birlikte yollara d\u00fc\u015ft\u00fc\u011f\u00fc, tart\u0131\u015fmal\u0131 hayatlar\u0131na \u015fahit oldu\u011fu Meleklerin anar\u015fist ruhunu bizzat, yerinde g\u00f6zlemledi. Amerikan medyas\u0131 ve siyasetine bodoslama giren, geleneksel toplumu \u201ctehdit eden\u201d bu klan\u0131n \u00fcyelerinin ve i\u015fledikleri korkun\u00e7 su\u00e7lar\u0131n y\u00fcceltilmeden, t\u00fcm ger\u00e7ekli\u011fiyle anlat\u0131ld\u0131\u011f\u0131 Cehennem Melekleri bir \u00fclkeyi afallat\u0131p korkutan asi motosiklet \u00e7etesinin ya\u015fam tarz\u0131na dair en cesur kay\u0131tlar\u0131ndan biri.   \u201cDizginsiz \u00fcslubu ve alayc\u0131 mizah\u0131na ra\u011fmen Thompson\u2019\u0131n kitab\u0131 incelikli bir eser.\u201d \u2013The New Yorker <\/p>\n","protected":false},"excerpt":{"rendered":"<p>Yolun Barbar S\u00fcvarileri, Kanunsuz Motorcular\u0131n Kraliyet S\u0131n\u0131f\u0131: Cehennem Melekleri Gonzo gazetecili\u011finin kurucusu, Las Vegas\u2019ta Korku ve Nefret ile Rom G\u00fcnl\u00fckleri\u2019nin efsanevi yazar\u0131, kar\u015f\u0131 k\u00fclt\u00fcr ikonu Hunter<span class=\"excerpt-hellip\"> [\u2026]<\/span><\/p>\n","protected":false},"featured_media":0,"template":"","meta":{"_monsterinsights_skip_tracking":false,"_monsterinsights_sitenote_active":false,"_monsterinsights_sitenote_note":"","_monsterinsights_sitenote_category":0},"product_brand":[],"product_cat":[14009,12291],"product_tag":[],"class_list":{"0":"post-735915","1":"product","2":"type-product","3":"status-publish","5":"product_cat-biyografi-otobiyografi-edebiyat","6":"product_cat-edebiyat","7":"pa_cilt-ciltsiz","8":"pa_tur-kitap","9":"pa_yayinevi-ithaki-yayinlari","10":"pa_yazar-hunter-s-thompson","12":"first","13":"instock","14":"sale","15":"shipping-taxable","16":"purchasable","17":"product-type-simple"},"_links":{"self":[{"href":"https:\/\/roveyayinevi.com.tr\/index.php\/wp-json\/wp\/v2\/product\/735915","targetHints":{"allow":["GET"]}}],"collection":[{"href":"https:\/\/roveyayinevi.com.tr\/index.php\/wp-json\/wp\/v2\/product"}],"about":[{"href":"https:\/\/roveyayinevi.com.tr\/index.php\/wp-json\/wp\/v2\/types\/product"}],"wp:attachment":[{"href":"https:\/\/roveyayinevi.com.tr\/index.php\/wp-json\/wp\/v2\/media?parent=735915"}],"wp:term":[{"taxonomy":"product_brand","embeddable":true,"href":"https:\/\/roveyayinevi.com.tr\/index.php\/wp-json\/wp\/v2\/product_brand?post=735915"},{"taxonomy":"product_cat","embeddable":true,"href":"https:\/\/roveyayinevi.com.tr\/index.php\/wp-json\/wp\/v2\/product_cat?post=735915"},{"taxonomy":"product_tag","embeddable":true,"href":"https:\/\/roveyayinevi.com.tr\/index.php\/wp-json\/wp\/v2\/product_tag?post=735915"}],"curies":[{"name":"wp","href":"https:\/\/api.w.org\/{rel}","templated":true}]}}