{"id":735903,"date":"2025-08-27T22:57:15","date_gmt":"2025-08-27T19:57:15","guid":{"rendered":"https:\/\/roveyayinevi.com.tr\/index.php\/urun\/gezintide-bir-ev\/"},"modified":"2026-04-16T02:44:38","modified_gmt":"2026-04-15T23:44:38","slug":"gezintide-bir-ev","status":"publish","type":"product","link":"https:\/\/roveyayinevi.com.tr\/index.php\/urun\/gezintide-bir-ev\/","title":{"rendered":"Gezintide Bir Ev"},"content":{"rendered":"<p>Diyalog. Monolog. Deneme. Tekrarlamalar. Listeler. B\u00fcy\u00fcler ve kay\u0131plardan sonraki trajik s\u00fcreci \u201cevde bir gezinti\u201d yaparak anlatan, bi\u00e7imsel olarak da s\u0131n\u0131r\u0131n d\u0131\u015f\u0131na ta\u015fan bir lirik novella.<\/p>\n","protected":false},"excerpt":{"rendered":"<p>Diyalog. Monolog. Deneme. Tekrarlamalar. Listeler. B\u00fcy\u00fcler ve kay\u0131plardan sonraki trajik s\u00fcreci \u201cevde bir gezinti\u201d yaparak anlatan, bi\u00e7imsel olarak da s\u0131n\u0131r\u0131n d\u0131\u015f\u0131na ta\u015fan bir lirik novella.<\/p>\n","protected":false},"featured_media":0,"template":"","meta":{"_monsterinsights_skip_tracking":false,"_monsterinsights_sitenote_active":false,"_monsterinsights_sitenote_note":"","_monsterinsights_sitenote_category":0},"product_brand":[],"product_cat":[12291,12509],"product_tag":[],"class_list":{"0":"post-735903","1":"product","2":"type-product","3":"status-publish","5":"product_cat-edebiyat","6":"product_cat-siir","7":"pa_cilt-ciltsiz","8":"pa_tur-kitap","9":"pa_yayinevi-can-yayinlari","10":"pa_yazar-sevinc-calhanoglu","12":"first","13":"instock","14":"sale","15":"shipping-taxable","16":"purchasable","17":"product-type-simple"},"_links":{"self":[{"href":"https:\/\/roveyayinevi.com.tr\/index.php\/wp-json\/wp\/v2\/product\/735903","targetHints":{"allow":["GET"]}}],"collection":[{"href":"https:\/\/roveyayinevi.com.tr\/index.php\/wp-json\/wp\/v2\/product"}],"about":[{"href":"https:\/\/roveyayinevi.com.tr\/index.php\/wp-json\/wp\/v2\/types\/product"}],"wp:attachment":[{"href":"https:\/\/roveyayinevi.com.tr\/index.php\/wp-json\/wp\/v2\/media?parent=735903"}],"wp:term":[{"taxonomy":"product_brand","embeddable":true,"href":"https:\/\/roveyayinevi.com.tr\/index.php\/wp-json\/wp\/v2\/product_brand?post=735903"},{"taxonomy":"product_cat","embeddable":true,"href":"https:\/\/roveyayinevi.com.tr\/index.php\/wp-json\/wp\/v2\/product_cat?post=735903"},{"taxonomy":"product_tag","embeddable":true,"href":"https:\/\/roveyayinevi.com.tr\/index.php\/wp-json\/wp\/v2\/product_tag?post=735903"}],"curies":[{"name":"wp","href":"https:\/\/api.w.org\/{rel}","templated":true}]}}