{"id":735889,"date":"2025-08-27T22:56:58","date_gmt":"2025-08-27T19:56:58","guid":{"rendered":"https:\/\/roveyayinevi.com.tr\/index.php\/urun\/genclerle-bas-basa-sayilari-sevelim-sayalim\/"},"modified":"2026-04-16T02:44:37","modified_gmt":"2026-04-15T23:44:37","slug":"genclerle-bas-basa-sayilari-sevelim-sayalim","status":"publish","type":"product","link":"https:\/\/roveyayinevi.com.tr\/index.php\/urun\/genclerle-bas-basa-sayilari-sevelim-sayalim\/","title":{"rendered":"Gen\u00e7lerle Ba\u015f Ba\u015fa &#8211; Say\u0131lar\u0131 Sevelim, Sayal\u0131m"},"content":{"rendered":"<p>Bu d\u00fcnyada say\u0131lar olmadan ya\u015fayamayaca\u011f\u0131m\u0131z\u0131 hepimiz biliyoruz. Do\u011fum tarihimizden kimlik numaram\u0131za, s\u0131nav notlar\u0131m\u0131zdan maa\u015f\u0131m\u0131za, g\u0131da fiyatlar\u0131ndan se\u00e7im sonu\u00e7lar\u0131na, kredi kart\u0131 borcumuzdan a\u015f\u0131 etkililik oranlar\u0131na, her yandan say\u0131lar\u0131n \u00e7evreledi\u011fi bir ya\u015fam\u0131m\u0131z var. Uzun akademik ya\u015fam\u0131n\u0131 say\u0131lar \u00fczerine kuran, istatistik alan\u0131nda T\u00fcrk\u00e7eye \u00f6nemli eserler kazand\u0131ran \u00dcmit \u015eenesen, bu k\u00fc\u00e7\u00fck kitapta \u00f6\u011frencileriyle s\u00f6yle\u015ferek say\u0131lar\u0131n 5G\u2019sini anlat\u0131yor bize: Say\u0131lar\u0131n Gazab\u0131, Say\u0131lar\u0131n Gizemi, Say\u0131lar\u0131n G\u00fczelli\u011fi, Say\u0131lar\u0131n G\u00fcc\u00fc ve Say\u0131lar\u0131n Gereklili\u011fi.   Bir y\u0131lda neden 12 ay, bir haftada 7 g\u00fcn, bir g\u00fcnde 24 saat, bir saatte 60 dakika var? Gizemli say\u0131 diye bir \u015fey var m\u0131? Alt\u0131n oran nedir? Bula\u015f\u0131c\u0131 hastal\u0131klarda g\u00f6r\u00fclen h\u0131zl\u0131 art\u0131\u015f nas\u0131l oluyor? Say\u0131lar\u0131 yuvarlamak ne demek? Bir ara\u015ft\u0131rman\u0131n verilerine nas\u0131l bakmal\u0131y\u0131z? Say\u0131lar\u0131 konu\u015fturmak m\u00fcmk\u00fcn m\u00fc? Say\u0131lara i\u015fkence yapmak ne demek? \u201cSay\u0131lar rakamlardan olu\u015fur ama onlardan ibaret de\u011fildir; her birinin kendine \u00f6zg\u00fc anlam\u0131 vard\u0131r,\u201d diyen \u00dcmit \u015eenesen\u2019in \u00f6\u011frencileriyle bu renkli, ak\u0131c\u0131 sohbeti, istatistikle ilgilenen \u00fcniversite \u00f6\u011frencileri i\u00e7in \u00e2deta bir el kitab\u0131 olmas\u0131n\u0131n yan\u0131 s\u0131ra, say\u0131lar\u0131n anlam\u0131n\u0131 kavramak isteyen herkesin keyifle okuyaca\u011f\u0131 bir i\u00e7erik sunuyor. <\/p>\n","protected":false},"excerpt":{"rendered":"<p>Bu d\u00fcnyada say\u0131lar olmadan ya\u015fayamayaca\u011f\u0131m\u0131z\u0131 hepimiz biliyoruz. Do\u011fum tarihimizden kimlik numaram\u0131za, s\u0131nav notlar\u0131m\u0131zdan maa\u015f\u0131m\u0131za, g\u0131da fiyatlar\u0131ndan se\u00e7im sonu\u00e7lar\u0131na, kredi kart\u0131 borcumuzdan a\u015f\u0131 etkililik oranlar\u0131na, her yandan<span class=\"excerpt-hellip\"> [\u2026]<\/span><\/p>\n","protected":false},"featured_media":0,"template":"","meta":{"_monsterinsights_skip_tracking":false,"_monsterinsights_sitenote_active":false,"_monsterinsights_sitenote_note":"","_monsterinsights_sitenote_category":0},"product_brand":[],"product_cat":[13005,16724],"product_tag":[],"class_list":{"0":"post-735889","1":"product","2":"type-product","3":"status-publish","5":"product_cat-bilim-muhendislik","6":"product_cat-matematik","7":"pa_cilt-ciltsiz","8":"pa_tur-kitap","9":"pa_yayinevi-yordam-kitap","10":"pa_yazar-umit-senesen","12":"first","13":"instock","14":"sale","15":"shipping-taxable","16":"purchasable","17":"product-type-simple"},"_links":{"self":[{"href":"https:\/\/roveyayinevi.com.tr\/index.php\/wp-json\/wp\/v2\/product\/735889","targetHints":{"allow":["GET"]}}],"collection":[{"href":"https:\/\/roveyayinevi.com.tr\/index.php\/wp-json\/wp\/v2\/product"}],"about":[{"href":"https:\/\/roveyayinevi.com.tr\/index.php\/wp-json\/wp\/v2\/types\/product"}],"wp:attachment":[{"href":"https:\/\/roveyayinevi.com.tr\/index.php\/wp-json\/wp\/v2\/media?parent=735889"}],"wp:term":[{"taxonomy":"product_brand","embeddable":true,"href":"https:\/\/roveyayinevi.com.tr\/index.php\/wp-json\/wp\/v2\/product_brand?post=735889"},{"taxonomy":"product_cat","embeddable":true,"href":"https:\/\/roveyayinevi.com.tr\/index.php\/wp-json\/wp\/v2\/product_cat?post=735889"},{"taxonomy":"product_tag","embeddable":true,"href":"https:\/\/roveyayinevi.com.tr\/index.php\/wp-json\/wp\/v2\/product_tag?post=735889"}],"curies":[{"name":"wp","href":"https:\/\/api.w.org\/{rel}","templated":true}]}}