{"id":735879,"date":"2025-08-27T22:56:46","date_gmt":"2025-08-27T19:56:46","guid":{"rendered":"https:\/\/roveyayinevi.com.tr\/index.php\/urun\/karanliktaki-kesif\/"},"modified":"2026-04-16T02:44:37","modified_gmt":"2026-04-15T23:44:37","slug":"karanliktaki-kesif","status":"publish","type":"product","link":"https:\/\/roveyayinevi.com.tr\/index.php\/urun\/karanliktaki-kesif\/","title":{"rendered":"Karanl\u0131ktaki Ke\u015fif"},"content":{"rendered":"<p>Bilim cesaret ister, dostluk ise emek&#8230;Do\u011fa, F\u0131rat ve Buse, Sri Lanka\u2019da dil kursu i\u00e7in yola \u00e7\u0131kt\u0131klar\u0131nda kendilerini B\u0130YOTEKNOLOJ\u0130 \u00e7al\u0131\u015fmalar\u0131n\u0131n tam ortas\u0131nda bulacaklar\u0131ndan habersizlerdir. Fil yetimhanesindeki sosyal sorumluluk projesinde yer al\u0131rken, bilimin esrarengiz ser\u00fcvenlerine kap\u0131l\u0131rlar. T\u00fcrkiye\u2019den kilometrelerce uzakta ba\u015flayan seyahatleri, Bey\u015fehir\u2019e kadar uzan\u0131r. Giyilebilir teknoloji, yeni gezegen PHG66, zaman ve mek\u00e2ndan ba\u011f\u0131ms\u0131z internet, gen\u00e7leri daha \u00f6nce hayalini bile kurmad\u0131klar\u0131 bamba\u015fka bir d\u00fcnyan\u0131n i\u00e7ine \u00e7eker.Bilimin cesaret isteyen y\u00f6n\u00fcn\u00fc ke\u015ffederken, gen\u00e7lerle birlikte farkl\u0131l\u0131klar\u0131n zenginli\u011fiyle harmanlanm\u0131\u015f bir dostluk hik\u00e2yesine e\u015flik edeceksiniz. \u00c7\u00fcnk\u00fc dostluklar y\u0131llarla de\u011fil ayn\u0131 heyecanla y\u00fcr\u00fcd\u00fc\u011f\u00fcm\u00fcz yollarla peki\u015fir.<\/p>\n","protected":false},"excerpt":{"rendered":"<p>Bilim cesaret ister, dostluk ise emek&#8230;Do\u011fa, F\u0131rat ve Buse, Sri Lanka\u2019da dil kursu i\u00e7in yola \u00e7\u0131kt\u0131klar\u0131nda kendilerini B\u0130YOTEKNOLOJ\u0130 \u00e7al\u0131\u015fmalar\u0131n\u0131n tam ortas\u0131nda bulacaklar\u0131ndan habersizlerdir. Fil yetimhanesindeki sosyal<span class=\"excerpt-hellip\"> [\u2026]<\/span><\/p>\n","protected":false},"featured_media":0,"template":"","meta":{"_monsterinsights_skip_tracking":false,"_monsterinsights_sitenote_active":false,"_monsterinsights_sitenote_note":"","_monsterinsights_sitenote_category":0},"product_brand":[],"product_cat":[12275,12274],"product_tag":[],"class_list":{"0":"post-735879","1":"product","2":"type-product","3":"status-publish","5":"product_cat-6-12-yas-kitaplari","6":"product_cat-cocuk-ve-genclik-kitaplari","7":"pa_cilt-ciltsiz","8":"pa_tur-kitap","9":"pa_yayinevi-altin-kitaplar-ozel-urun","10":"pa_yazar-elcin-kuzucu","12":"first","13":"instock","14":"sale","15":"shipping-taxable","16":"purchasable","17":"product-type-simple"},"_links":{"self":[{"href":"https:\/\/roveyayinevi.com.tr\/index.php\/wp-json\/wp\/v2\/product\/735879","targetHints":{"allow":["GET"]}}],"collection":[{"href":"https:\/\/roveyayinevi.com.tr\/index.php\/wp-json\/wp\/v2\/product"}],"about":[{"href":"https:\/\/roveyayinevi.com.tr\/index.php\/wp-json\/wp\/v2\/types\/product"}],"wp:attachment":[{"href":"https:\/\/roveyayinevi.com.tr\/index.php\/wp-json\/wp\/v2\/media?parent=735879"}],"wp:term":[{"taxonomy":"product_brand","embeddable":true,"href":"https:\/\/roveyayinevi.com.tr\/index.php\/wp-json\/wp\/v2\/product_brand?post=735879"},{"taxonomy":"product_cat","embeddable":true,"href":"https:\/\/roveyayinevi.com.tr\/index.php\/wp-json\/wp\/v2\/product_cat?post=735879"},{"taxonomy":"product_tag","embeddable":true,"href":"https:\/\/roveyayinevi.com.tr\/index.php\/wp-json\/wp\/v2\/product_tag?post=735879"}],"curies":[{"name":"wp","href":"https:\/\/api.w.org\/{rel}","templated":true}]}}