{"id":735873,"date":"2025-08-27T22:56:38","date_gmt":"2025-08-27T19:56:38","guid":{"rendered":"https:\/\/roveyayinevi.com.tr\/index.php\/urun\/bak-bul-sobe-gezgin-ayicik\/"},"modified":"2026-04-16T02:44:37","modified_gmt":"2026-04-15T23:44:37","slug":"bak-bul-sobe-gezgin-ayicik","status":"publish","type":"product","link":"https:\/\/roveyayinevi.com.tr\/index.php\/urun\/bak-bul-sobe-gezgin-ayicik\/","title":{"rendered":"Bak Bul Sobe Gezgin Ay\u0131c\u0131k"},"content":{"rendered":"<p>Gezgin ay\u0131c\u0131k merak ediyor&#8230; Acaba rengarenk sayfalar\u0131n arkas\u0131nda kimler saklan\u0131yor?  Bir \u00e7in\u00e7illa ya da bir alpaka; ipu\u00e7lar\u0131n\u0131 takip edersen bulacaks\u0131n kolayca!  Gezgin Ay\u0131c\u0131k ile saklamba\u00e7 oyunu ba\u015fl\u0131yor,sevdi\u011fin hayvanlar bu kitab\u0131n i\u00e7inde saklan\u0131yor.<\/p>\n","protected":false},"excerpt":{"rendered":"<p>Gezgin ay\u0131c\u0131k merak ediyor&#8230; Acaba rengarenk sayfalar\u0131n arkas\u0131nda kimler saklan\u0131yor? Bir \u00e7in\u00e7illa ya da bir alpaka; ipu\u00e7lar\u0131n\u0131 takip edersen bulacaks\u0131n kolayca! Gezgin Ay\u0131c\u0131k ile saklamba\u00e7 oyunu<span class=\"excerpt-hellip\"> [\u2026]<\/span><\/p>\n","protected":false},"featured_media":0,"template":"","meta":{"_monsterinsights_skip_tracking":false,"_monsterinsights_sitenote_active":false,"_monsterinsights_sitenote_note":"","_monsterinsights_sitenote_category":0},"product_brand":[],"product_cat":[12274,12284],"product_tag":[],"class_list":{"0":"post-735873","1":"product","2":"type-product","3":"status-publish","5":"product_cat-cocuk-ve-genclik-kitaplari","6":"product_cat-hikayeler","7":"pa_cilt-ciltsiz","8":"pa_tur-kitap","9":"pa_yayinevi-sincap-kitap","10":"pa_yazar-sincap-kitap-kolektif","12":"first","13":"instock","14":"sale","15":"shipping-taxable","16":"purchasable","17":"product-type-simple"},"_links":{"self":[{"href":"https:\/\/roveyayinevi.com.tr\/index.php\/wp-json\/wp\/v2\/product\/735873","targetHints":{"allow":["GET"]}}],"collection":[{"href":"https:\/\/roveyayinevi.com.tr\/index.php\/wp-json\/wp\/v2\/product"}],"about":[{"href":"https:\/\/roveyayinevi.com.tr\/index.php\/wp-json\/wp\/v2\/types\/product"}],"wp:attachment":[{"href":"https:\/\/roveyayinevi.com.tr\/index.php\/wp-json\/wp\/v2\/media?parent=735873"}],"wp:term":[{"taxonomy":"product_brand","embeddable":true,"href":"https:\/\/roveyayinevi.com.tr\/index.php\/wp-json\/wp\/v2\/product_brand?post=735873"},{"taxonomy":"product_cat","embeddable":true,"href":"https:\/\/roveyayinevi.com.tr\/index.php\/wp-json\/wp\/v2\/product_cat?post=735873"},{"taxonomy":"product_tag","embeddable":true,"href":"https:\/\/roveyayinevi.com.tr\/index.php\/wp-json\/wp\/v2\/product_tag?post=735873"}],"curies":[{"name":"wp","href":"https:\/\/api.w.org\/{rel}","templated":true}]}}