{"id":735872,"date":"2025-08-27T22:56:37","date_gmt":"2025-08-27T19:56:37","guid":{"rendered":"https:\/\/roveyayinevi.com.tr\/index.php\/urun\/zindandan-kacis-efsane-savasci\/"},"modified":"2026-04-16T02:44:37","modified_gmt":"2026-04-15T23:44:37","slug":"zindandan-kacis-efsane-savasci","status":"publish","type":"product","link":"https:\/\/roveyayinevi.com.tr\/index.php\/urun\/zindandan-kacis-efsane-savasci\/","title":{"rendered":"Zindandan Ka\u00e7\u0131\u015f &#8211; Efsane Sava\u015f\u00e7\u0131"},"content":{"rendered":"<p>Dani\u015fmend Gazi\u2019nin arkada\u015f\u0131 Artuk\u00ee, ka\u00e7\u0131r\u0131lan e\u015fi Efromiya Banu\u2019yu kurtarmak i\u00e7in yan\u0131na Kara Tekin\u2019i de alarak \u00c7ank\u0131r\u0131 zindanlar\u0131na do\u011fru zorlu bir yolculu\u011fa \u00e7\u0131kar. Kaledeki muhaf\u0131zlar\u0131 atlat\u0131p yeralt\u0131ndaki zindana ula\u015ft\u0131klar\u0131nda hi\u00e7 hesapta olmayan bir \u015feyle kar\u015f\u0131la\u015f\u0131rlar. \u015eimdi onlar\u0131 \u00e7etin bir vazife daha beklemektedir. Di\u011fer tarafta ise Dani\u015fmend Gazi\u2019nin az\u0131l\u0131 d\u00fc\u015fmanlar\u0131 Nestor ve \u015eaddat, hain bir plan \u00e7evirmek \u00fczere harekete ge\u00e7erler. Acaba efsane sava\u015f\u00e7\u0131, cesareti ve zek\u00e2s\u0131yla yine d\u00fc\u015fmanlar\u0131n\u0131n \u00fcstesinden gelebilecek mi? Peki, korkusuzca cenk meydanlar\u0131na at\u0131ld\u0131\u011f\u0131 halde G\u00fclnu\u015f Banu ile aralar\u0131nda filizlenen duygulara gem vurabilecek mi? K\u0131l\u0131\u00e7 ve nal sesleri birbirine kar\u0131\u015f\u0131yor. Macera h\u0131z kesmeden devam ediyor&#8230;<\/p>\n","protected":false},"excerpt":{"rendered":"<p>Dani\u015fmend Gazi\u2019nin arkada\u015f\u0131 Artuk\u00ee, ka\u00e7\u0131r\u0131lan e\u015fi Efromiya Banu\u2019yu kurtarmak i\u00e7in yan\u0131na Kara Tekin\u2019i de alarak \u00c7ank\u0131r\u0131 zindanlar\u0131na do\u011fru zorlu bir yolculu\u011fa \u00e7\u0131kar. Kaledeki muhaf\u0131zlar\u0131 atlat\u0131p yeralt\u0131ndaki<span class=\"excerpt-hellip\"> [\u2026]<\/span><\/p>\n","protected":false},"featured_media":0,"template":"","meta":{"_monsterinsights_skip_tracking":false,"_monsterinsights_sitenote_active":false,"_monsterinsights_sitenote_note":"","_monsterinsights_sitenote_category":0},"product_brand":[],"product_cat":[12275,12274],"product_tag":[],"class_list":{"0":"post-735872","1":"product","2":"type-product","3":"status-publish","5":"product_cat-6-12-yas-kitaplari","6":"product_cat-cocuk-ve-genclik-kitaplari","7":"pa_cilt-ciltsiz","8":"pa_tur-kitap","9":"pa_yayinevi-carpe-diem-kitaplari","10":"pa_yazar-mehmet-akbulut","12":"first","13":"instock","14":"sale","15":"shipping-taxable","16":"purchasable","17":"product-type-simple"},"_links":{"self":[{"href":"https:\/\/roveyayinevi.com.tr\/index.php\/wp-json\/wp\/v2\/product\/735872","targetHints":{"allow":["GET"]}}],"collection":[{"href":"https:\/\/roveyayinevi.com.tr\/index.php\/wp-json\/wp\/v2\/product"}],"about":[{"href":"https:\/\/roveyayinevi.com.tr\/index.php\/wp-json\/wp\/v2\/types\/product"}],"wp:attachment":[{"href":"https:\/\/roveyayinevi.com.tr\/index.php\/wp-json\/wp\/v2\/media?parent=735872"}],"wp:term":[{"taxonomy":"product_brand","embeddable":true,"href":"https:\/\/roveyayinevi.com.tr\/index.php\/wp-json\/wp\/v2\/product_brand?post=735872"},{"taxonomy":"product_cat","embeddable":true,"href":"https:\/\/roveyayinevi.com.tr\/index.php\/wp-json\/wp\/v2\/product_cat?post=735872"},{"taxonomy":"product_tag","embeddable":true,"href":"https:\/\/roveyayinevi.com.tr\/index.php\/wp-json\/wp\/v2\/product_tag?post=735872"}],"curies":[{"name":"wp","href":"https:\/\/api.w.org\/{rel}","templated":true}]}}